{"id":2823,"date":"2021-06-21T13:39:06","date_gmt":"2021-06-21T11:39:06","guid":{"rendered":"http:\/\/serveiseducatius.xtec.cat\/selva1\/?page_id=2823"},"modified":"2025-09-25T17:49:49","modified_gmt":"2025-09-25T15:49:49","slug":"apadrinem-escultures","status":"publish","type":"page","link":"https:\/\/serveiseducatius.xtec.cat\/selva1\/apadrinem-escultures\/","title":{"rendered":"APADRINEM PATRIMONI NATURAL"},"content":{"rendered":"<div><\/div>\n<div>\n<table style=\"border-collapse: collapse; width: 96.4072%; height: 889px;\">\n<thead>\n<tr style=\"height: 279px;\">\n<td style=\"width: 97.6476%; height: 279px;\" colspan=\"2\"><a href=\"https:\/\/serveiseducatius.xtec.cat\/selva1\/wp-content\/uploads\/usu773\/2023\/11\/logo-apadrinem.png\"><img loading=\"lazy\" decoding=\"async\" class=\"wp-image-8002 alignleft\" src=\"https:\/\/serveiseducatius.xtec.cat\/selva1\/wp-content\/uploads\/usu773\/2023\/11\/logo-apadrinem.png\" alt=\"\" width=\"155\" height=\"155\" srcset=\"https:\/\/serveiseducatius.xtec.cat\/selva1\/wp-content\/uploads\/usu773\/2023\/11\/logo-apadrinem.png 500w, https:\/\/serveiseducatius.xtec.cat\/selva1\/wp-content\/uploads\/usu773\/2023\/11\/logo-apadrinem-300x300.png 300w, https:\/\/serveiseducatius.xtec.cat\/selva1\/wp-content\/uploads\/usu773\/2023\/11\/logo-apadrinem-150x150.png 150w\" sizes=\"auto, (max-width: 155px) 100vw, 155px\" \/><\/a><\/p>\n<h1 style=\"text-align: center;\" data-wp-editing=\"1\"><a href=\"https:\/\/sites.google.com\/view\/apadrinem-patrimoni-natural-se\/\" target=\"_blank\" rel=\"noopener\">XIX Edici\u00f3 del projecte<\/a><\/h1>\n<h1 style=\"text-align: center;\" data-wp-editing=\"1\"><a href=\"https:\/\/sites.google.com\/view\/apadrinem-patrimoni-natural-se\/p%C3%A0gina-principal\" target=\"_blank\" rel=\"noopener\">Apadrinem Patrimoni Natural a Santa Coloma<\/a><\/h1>\n<h5 style=\"text-align: center;\">Proposta did\u00e0ctica a l&#8217;aula i al poble, dins el Projecte Apadrinem Escultures d&#8217;Amics de la Unesco a Girona<\/h5>\n<h5 style=\"text-align: center;\">Lloc: Sala de formaci\u00f3 dels serveis educatius<\/h5>\n<h5 style=\"text-align: center;\">Adre\u00e7at: centres de Santa Coloma de Farners<\/h5>\n<\/td>\n<\/tr>\n<tr style=\"height: 144px;\">\n<td style=\"height: 144px; width: 97.6476%;\" colspan=\"2\">\n<h2 style=\"text-align: center;\"><a href=\"https:\/\/sites.google.com\/view\/apadrinem-patrimoni-natural-se\/\" target=\"_blank\" rel=\"noopener\"><span style=\"color: #ff9900;\"><strong>Apadrinem patrimoni natural 2025-26. XIX Edici\u00f3<\/strong><\/span><\/a><\/h2>\n<p><a href=\"http:\/\/meet.google.com\/zwp-zdie-omm\" target=\"_blank\" rel=\"noopener\"><img loading=\"lazy\" decoding=\"async\" class=\"wp-image-3420 alignleft\" src=\"https:\/\/serveiseducatius.xtec.cat\/selva1\/wp-content\/uploads\/usu773\/2021\/09\/aula-virtual-300x246.png\" alt=\"\" width=\"89\" height=\"74\" srcset=\"https:\/\/serveiseducatius.xtec.cat\/selva1\/wp-content\/uploads\/usu773\/2021\/09\/aula-virtual-300x250.png 300w, https:\/\/serveiseducatius.xtec.cat\/selva1\/wp-content\/uploads\/usu773\/2021\/09\/aula-virtual-1024x838.png 1024w, https:\/\/serveiseducatius.xtec.cat\/selva1\/wp-content\/uploads\/usu773\/2021\/09\/aula-virtual-768x629.png 768w, https:\/\/serveiseducatius.xtec.cat\/selva1\/wp-content\/uploads\/usu773\/2021\/09\/aula-virtual.png 1245w\" sizes=\"auto, (max-width: 89px) 100vw, 89px\" \/><\/a><\/p>\n<h2 style=\"text-align: center;\"><span style=\"color: #ff9900;\"><strong>\u00a0 \u00a0 \u00a0 \u00a0 \u00a0 CALENDARI COORDINACIONS\u00a0 \u00a0<a href=\"https:\/\/docs.google.com\/document\/d\/1U74er4Zhs61tGRSBi5UHdL-Kvz6UszsERYQcDbkIet4\/edit?usp=sharing\" target=\"_blank\" rel=\"noopener\"><img loading=\"lazy\" decoding=\"async\" class=\"alignnone size-full wp-image-3323\" src=\"https:\/\/serveiseducatius.xtec.cat\/selva1\/wp-content\/uploads\/usu773\/2021\/09\/ACTES-TARONJA-3.png\" alt=\"\" width=\"153\" height=\"64\" srcset=\"https:\/\/serveiseducatius.xtec.cat\/selva1\/wp-content\/uploads\/usu773\/2021\/09\/ACTES-TARONJA-3.png 153w, https:\/\/serveiseducatius.xtec.cat\/selva1\/wp-content\/uploads\/usu773\/2021\/09\/ACTES-TARONJA-3-150x64.png 150w\" sizes=\"auto, (max-width: 153px) 100vw, 153px\" \/> <\/a><\/strong><\/span><\/h2>\n<\/td>\n<\/tr>\n<\/thead>\n<tbody>\n<tr style=\"height: 57px;\">\n<td style=\"width: 63.0264%; height: 57px;\">\n<h4 style=\"text-align: center;\">1\u00aa coordinaci\u00f3:<\/h4>\n<\/td>\n<td style=\"width: 34.6212%; height: 57px; text-align: center;\">\n<h4>25\/09\/25 (presencial)<\/h4>\n<\/td>\n<\/tr>\n<tr style=\"height: 57px;\">\n<td style=\"width: 63.0264%; height: 57px;\">\n<h4 style=\"text-align: center;\">Acte Final:<\/h4>\n<\/td>\n<td style=\"width: 34.6212%; height: 57px; text-align: center;\">\n<h4>14\/11\/25 (<em>Pla B 28\/11\/25<\/em>)<\/h4>\n<\/td>\n<\/tr>\n<tr style=\"height: 57px;\">\n<td style=\"width: 63.0264%; height: 57px;\">\n<h4 style=\"text-align: center;\">2\u00aa coordinaci\u00f3:<\/h4>\n<\/td>\n<td style=\"width: 34.6212%; height: 57px; text-align: center;\">\n<h4>27\/11\/25<\/h4>\n<\/td>\n<\/tr>\n<tr style=\"height: 57px;\">\n<td style=\"width: 63.0264%; height: 57px;\">\n<h4 style=\"text-align: center;\">3\u00aa coordinaci\u00f3:<\/h4>\n<\/td>\n<td style=\"width: 34.6212%; height: 57px; text-align: center;\">\n<h4>15\/01\/26<\/h4>\n<\/td>\n<\/tr>\n<tr style=\"height: 57px;\">\n<td style=\"width: 63.0264%; height: 57px;\">\n<h4 style=\"text-align: center;\">4\u00ba coordinaci\u00f3:<\/h4>\n<\/td>\n<td style=\"width: 34.6212%; height: 57px; text-align: center;\">\n<h4>30\/04\/26<\/h4>\n<\/td>\n<\/tr>\n<tr style=\"height: 57px;\">\n<td style=\"width: 63.0264%; height: 57px;\">\n<h4 style=\"text-align: center;\">5\u00aa coordinaci\u00f3:<\/h4>\n<\/td>\n<td style=\"width: 34.6212%; height: 57px; text-align: center;\">\n<h4>28\/05\/26<\/h4>\n<\/td>\n<\/tr>\n<tr style=\"height: 57px;\">\n<td style=\"width: 63.0264%; height: 57px;\">\n<h4 style=\"text-align: center;\">6\u00aa coordinaci\u00f3:<\/h4>\n<\/td>\n<td style=\"width: 34.6212%; height: 57px; text-align: center;\">\n<h4>04\/06\/26<\/h4>\n<\/td>\n<\/tr>\n<tr style=\"height: 57px;\">\n<td style=\"width: 97.6476%; height: 57px;\" colspan=\"2\">\n<h4 style=\"text-align: center;\"><em>Aquest projecte forma part del PFZ Selva I 2025-26<\/em><\/h4>\n<\/td>\n<\/tr>\n<tr style=\"height: 245px;\">\n<td style=\"width: 97.6476%; height: 10px;\" colspan=\"2\"><a href=\"http:\/\/www.scf.cat\/\" target=\"_blank\" rel=\"noopener\"><img loading=\"lazy\" decoding=\"async\" class=\"alignnone wp-image-3797\" src=\"https:\/\/serveiseducatius.xtec.cat\/selva1\/wp-content\/uploads\/usu773\/2021\/10\/Ajuntament.png\" alt=\"\" width=\"144\" height=\"69\" \/><\/a> <a href=\"http:\/\/www.scf.cat\/ca\/equipaments\/escola-dadults-municipal\" target=\"_blank\" rel=\"noopener\"><img loading=\"lazy\" decoding=\"async\" class=\"alignnone wp-image-3835\" src=\"https:\/\/serveiseducatius.xtec.cat\/selva1\/wp-content\/uploads\/usu773\/2021\/10\/Captura-12.png\" alt=\"\" width=\"140\" height=\"53\" \/><\/a><a href=\"http:\/\/www.unescogi.org\/\" target=\"_blank\" rel=\"noopener\"><img loading=\"lazy\" decoding=\"async\" class=\"alignnone wp-image-3803\" src=\"https:\/\/serveiseducatius.xtec.cat\/selva1\/wp-content\/uploads\/usu773\/2021\/10\/Amics-Unesco.png\" alt=\"\" width=\"131\" height=\"86\" \/><\/a><a href=\"http:\/\/escolacastelldefarners.cat\/\" target=\"_blank\" rel=\"noopener\"><img loading=\"lazy\" decoding=\"async\" class=\"alignnone wp-image-3798\" src=\"https:\/\/serveiseducatius.xtec.cat\/selva1\/wp-content\/uploads\/usu773\/2021\/10\/ESC-Castell-de-Farners.png\" alt=\"\" width=\"159\" height=\"81\" \/><\/a> <a href=\"https:\/\/agora.xtec.cat\/ceipsantsalvadordhorta\/\" target=\"_blank\" rel=\"noopener\"><img loading=\"lazy\" decoding=\"async\" class=\"alignnone wp-image-3799\" src=\"https:\/\/serveiseducatius.xtec.cat\/selva1\/wp-content\/uploads\/usu773\/2021\/10\/ESC-SSH.png\" alt=\"\" width=\"63\" height=\"69\" \/><\/a> <a href=\"https:\/\/santacoloma.lasalle.cat\/\" target=\"_blank\" rel=\"noopener\"><img loading=\"lazy\" decoding=\"async\" class=\"alignnone wp-image-3801\" src=\"https:\/\/serveiseducatius.xtec.cat\/selva1\/wp-content\/uploads\/usu773\/2021\/10\/C-La-Salle.png\" alt=\"\" width=\"68\" height=\"73\" \/><\/a><\/td>\n<\/tr>\n<\/tbody>\n<\/table>\n<\/div>\n<div>\n<h2 style=\"text-align: center;\">EDICIONS ANTERIORS<\/h2>\n<\/div>\n<div>\n<div class=\"sites-embed-content sites-embed-type-text\">\n<div class=\"sites-embed-content-textbox\">\n<div dir=\"ltr\">\n<div>\n<p>\u200b<\/p>\n<p>\u200b<\/p>\n<table style=\"border-collapse: collapse; width: 98.3089%; height: 681px;\">\n<tbody>\n<tr style=\"height: 122px;\">\n<td style=\"width: 20%; text-align: center; height: 122px;\">&nbsp;<\/p>\n<p><a href=\"https:\/\/sites.google.com\/view\/apadrinem-patrimoni-natural-se\/edicions-anteriors\/curs-24-25\" target=\"_blank\" rel=\"noopener\"><img loading=\"lazy\" decoding=\"async\" class=\"size-full wp-image-11179 aligncenter\" src=\"https:\/\/serveiseducatius.xtec.cat\/selva1\/wp-content\/uploads\/usu773\/2025\/06\/24-25.png\" alt=\"\" width=\"182\" height=\"76\" \/><\/a><\/td>\n<td style=\"width: 20%; text-align: center; height: 122px;\"><a href=\"https:\/\/sites.google.com\/view\/apadrinem-patrimoni-natural-se\/edicions-anteriors\/curs-23-24\" target=\"_blank\" rel=\"noopener\"><img loading=\"lazy\" decoding=\"async\" class=\"wp-image-9132 alignnone\" style=\"font-size: 16px; text-align: start;\" src=\"https:\/\/serveiseducatius.xtec.cat\/selva1\/wp-content\/uploads\/usu773\/2024\/07\/curs-23-24-1.png\" alt=\"\" width=\"196\" height=\"92\" \/><\/a><\/td>\n<td style=\"width: 20%; text-align: center; height: 122px;\"><a href=\"https:\/\/sites.google.com\/view\/apadrinem-patrimoni-natural-se\/edicions-anteriors\/curs-22-23\" target=\"_blank\" rel=\"noopener\"><img loading=\"lazy\" decoding=\"async\" class=\"alignnone wp-image-7256\" src=\"https:\/\/serveiseducatius.xtec.cat\/selva1\/wp-content\/uploads\/usu773\/2023\/09\/boto-1-1.png\" alt=\"\" width=\"198\" height=\"68\" \/><\/a><\/td>\n<td style=\"width: 20%; text-align: center; height: 122px;\"><a href=\"https:\/\/sites.google.com\/view\/apadrinem-escultures-selva-i\/p%C3%A0gina-principal\" target=\"_blank\" rel=\"noopener\"><img loading=\"lazy\" decoding=\"async\" class=\"alignnone size-full wp-image-5320\" src=\"https:\/\/serveiseducatius.xtec.cat\/selva1\/wp-content\/uploads\/usu773\/2022\/07\/Curs-21-22.png\" alt=\"\" width=\"208\" height=\"93\" \/><\/a><\/td>\n<\/tr>\n<tr style=\"height: 113px;\">\n<td style=\"width: 20%; text-align: center; height: 113px;\"><a href=\"https:\/\/sites.google.com\/view\/apadrinem-patrimoni-natural-se\/edicions-anteriors\/apadrinem-escultures-19-21\" target=\"_blank\" rel=\"noopener\"><img loading=\"lazy\" decoding=\"async\" class=\"alignnone wp-image-3189 size-full\" src=\"https:\/\/serveiseducatius.xtec.cat\/selva1\/wp-content\/uploads\/usu773\/2021\/09\/19-21.png\" alt=\"\" width=\"178\" height=\"70\" \/><\/a><\/td>\n<td style=\"width: 20%; text-align: center; height: 113px;\"><a href=\"https:\/\/sites.google.com\/site\/seselva1\/apadrinem-escultures-2018-19-xiii-edici%C3%B3\" target=\"_blank\" rel=\"noopener\"><img loading=\"lazy\" decoding=\"async\" class=\"alignnone wp-image-3191 size-full\" src=\"https:\/\/serveiseducatius.xtec.cat\/selva1\/wp-content\/uploads\/usu773\/2021\/09\/18-19.png\" alt=\"\" width=\"184\" height=\"68\" \/><\/a><\/td>\n<td style=\"width: 20%; text-align: center; height: 113px;\"><a href=\"https:\/\/sites.google.com\/site\/seselva1\/benvingutda-a-la-nostra-xarxa-educativa\/activitats-amb-alumnes\/apadrinem-escultures\/apadrinem-escultures-2017-18-xi-edici%C3%B3\" target=\"_blank\" rel=\"noopener\"><img loading=\"lazy\" decoding=\"async\" class=\"alignnone wp-image-3192 size-full\" src=\"https:\/\/serveiseducatius.xtec.cat\/selva1\/wp-content\/uploads\/usu773\/2021\/09\/17-18.png\" alt=\"\" width=\"187\" height=\"77\" \/><\/a><\/td>\n<td style=\"width: 20%; text-align: center; height: 113px;\"><a href=\"https:\/\/sites.google.com\/site\/seselva1\/benvingutda-a-la-nostra-xarxa-educativa\/activitats-amb-alumnes\/apadrinem-escultures\/apadrinem-escultures-2017-18-xi-edici%C3%B3?authuser=0\" target=\"_blank\" rel=\"noopener\"><img loading=\"lazy\" decoding=\"async\" class=\"alignnone wp-image-3193 size-full\" src=\"https:\/\/serveiseducatius.xtec.cat\/selva1\/wp-content\/uploads\/usu773\/2021\/09\/16-17.png\" alt=\"\" width=\"181\" height=\"71\" \/><\/a><\/td>\n<\/tr>\n<tr style=\"height: 97px;\">\n<td style=\"width: 20%; text-align: center; height: 97px;\"><a href=\"https:\/\/sites.google.com\/site\/seselva1\/benvingutda-a-la-nostra-xarxa-educativa\/activitats-amb-alumnes\/apadrinem-escultures\/apadrinem-escultures-2015-16-x-edici%C3%B3\" target=\"_blank\" rel=\"noopener\"><img loading=\"lazy\" decoding=\"async\" class=\"alignnone wp-image-3194 size-full\" src=\"https:\/\/serveiseducatius.xtec.cat\/selva1\/wp-content\/uploads\/usu773\/2021\/09\/15-16.png\" alt=\"\" width=\"178\" height=\"74\" \/><\/a><\/td>\n<td style=\"width: 20%; text-align: center; height: 97px;\"><a href=\"https:\/\/sites.google.com\/site\/seselva1\/benvingutda-a-la-nostra-xarxa-educativa\/el-nostre-rebost\/apadrinem-escultures-2014-15-ix-edici%C3%B3\" target=\"_blank\" rel=\"noopener\"><img loading=\"lazy\" decoding=\"async\" class=\"alignnone wp-image-3195 size-full\" src=\"https:\/\/serveiseducatius.xtec.cat\/selva1\/wp-content\/uploads\/usu773\/2021\/09\/14-o5.png\" alt=\"\" width=\"186\" height=\"73\" \/><\/a><\/td>\n<td style=\"width: 20%; text-align: center; height: 97px;\"><a href=\"https:\/\/sites.google.com\/site\/seselva1\/benvingutda-a-la-nostra-xarxa-educativa\/el-nostre-rebost\/apadrinem-escultures-2013-14-viii-edici%C3%B3\" target=\"_blank\" rel=\"noopener\"><img loading=\"lazy\" decoding=\"async\" class=\"alignnone wp-image-3196 size-full\" src=\"https:\/\/serveiseducatius.xtec.cat\/selva1\/wp-content\/uploads\/usu773\/2021\/09\/13-14.png\" alt=\"\" width=\"186\" height=\"81\" \/><\/a><\/td>\n<td style=\"width: 20%; text-align: center; height: 97px;\"><a href=\"https:\/\/sites.google.com\/site\/seselva1\/benvingutda-a-la-nostra-xarxa-educativa\/el-nostre-rebost\/apadrinem-escultures-2012-13-vii-edici%C3%B3\" target=\"_blank\" rel=\"noopener\"><img loading=\"lazy\" decoding=\"async\" class=\"alignnone wp-image-3197 size-full\" src=\"https:\/\/serveiseducatius.xtec.cat\/selva1\/wp-content\/uploads\/usu773\/2021\/09\/12-13.png\" alt=\"\" width=\"189\" height=\"71\" \/><\/a><\/td>\n<\/tr>\n<tr style=\"height: 101px;\">\n<td style=\"width: 20%; text-align: center; height: 101px;\"><a href=\"https:\/\/sites.google.com\/site\/seselva1\/benvingutda-a-la-nostra-xarxa-educativa\/el-nostre-rebost\/apadrinem-escultures-201112-vi-edici%C3%B3\" target=\"_blank\" rel=\"noopener\"><img loading=\"lazy\" decoding=\"async\" class=\"alignnone wp-image-3198 size-full\" src=\"https:\/\/serveiseducatius.xtec.cat\/selva1\/wp-content\/uploads\/usu773\/2021\/09\/11-12.png\" alt=\"\" width=\"187\" height=\"65\" \/><\/a><\/td>\n<td style=\"width: 20%; text-align: center; height: 101px;\"><a href=\"https:\/\/sites.google.com\/site\/seselva1\/benvingutda-a-la-nostra-xarxa-educativa\/el-nostre-rebost\/apadrinem-escultures-201011-v-edici%C3%B3\" target=\"_blank\" rel=\"noopener\"><img loading=\"lazy\" decoding=\"async\" class=\"alignnone wp-image-3199 size-full\" src=\"https:\/\/serveiseducatius.xtec.cat\/selva1\/wp-content\/uploads\/usu773\/2021\/09\/10-11.png\" alt=\"\" width=\"193\" height=\"77\" \/><\/a><\/td>\n<td style=\"width: 20%; text-align: center; height: 101px;\"><a href=\"https:\/\/sites.google.com\/site\/seselva1\/benvingutda-a-la-nostra-xarxa-educativa\/el-nostre-rebost\/apadrinem-escultures-200910-iv-edici%C3%B3\/apadrinem-escultures-2009-10\" target=\"_blank\" rel=\"noopener\"><img loading=\"lazy\" decoding=\"async\" class=\"alignnone wp-image-3200 size-full\" src=\"https:\/\/serveiseducatius.xtec.cat\/selva1\/wp-content\/uploads\/usu773\/2021\/09\/09-10.png\" alt=\"\" width=\"181\" height=\"68\" \/><\/a><\/td>\n<td style=\"width: 20%; text-align: center; height: 101px;\"><a href=\"http:\/\/www.xtec.cat\/crp-santacolomaf\/apadrinem\/apadrinem.htm\" target=\"_blank\" rel=\"noopener\"><img loading=\"lazy\" decoding=\"async\" class=\"alignnone wp-image-3201 size-full\" src=\"https:\/\/serveiseducatius.xtec.cat\/selva1\/wp-content\/uploads\/usu773\/2021\/09\/08-09.png\" alt=\"\" width=\"178\" height=\"73\" \/><\/a><\/td>\n<\/tr>\n<tr style=\"height: 94px;\">\n<td style=\"width: 20%; text-align: center; height: 94px;\"><a href=\"https:\/\/sites.google.com\/site\/seselva1\/benvingutda-a-la-nostra-xarxa-educativa\/el-nostre-rebost\/apadrinem-escultures-200708-iii-edici%C3%B3\" target=\"_blank\" rel=\"noopener\"><img loading=\"lazy\" decoding=\"async\" class=\"alignnone wp-image-3202 size-full\" src=\"https:\/\/serveiseducatius.xtec.cat\/selva1\/wp-content\/uploads\/usu773\/2021\/09\/07-08.png\" alt=\"\" width=\"181\" height=\"72\" \/><\/a><\/td>\n<td style=\"width: 20%; text-align: center; height: 94px;\"><a href=\"http:\/\/www.xtec.cat\/crp-santacolomaf\/apadrinem\/apadrinem.htm\" target=\"_blank\" rel=\"noopener\"><img loading=\"lazy\" decoding=\"async\" class=\"alignnone wp-image-3203 size-full\" src=\"https:\/\/serveiseducatius.xtec.cat\/selva1\/wp-content\/uploads\/usu773\/2021\/09\/BOTO-06-07.png\" alt=\"\" width=\"184\" height=\"74\" \/><\/a><\/td>\n<td style=\"width: 20%; text-align: center; height: 94px;\"><\/td>\n<td style=\"width: 20%; text-align: center; height: 94px;\"><\/td>\n<\/tr>\n<tr style=\"height: 154px;\">\n<td style=\"width: 20%; text-align: center; height: 154px;\"><\/td>\n<td style=\"width: 20%; text-align: center; height: 154px;\"><\/td>\n<td style=\"width: 20%; text-align: center; height: 154px;\"><\/td>\n<td style=\"width: 20%; text-align: center; height: 154px;\"><a href=\"https:\/\/docs.google.com\/document\/d\/1Dn2qQ_jx8mbmojYHkX25BhpJyP53ZkcRmcl75xPbb-E\/edit?usp=sharing\" target=\"_blank\" rel=\"noopener\"><img loading=\"lazy\" decoding=\"async\" class=\"alignnone wp-image-4148\" style=\"font-size: 16px; text-align: start;\" src=\"https:\/\/serveiseducatius.xtec.cat\/selva1\/wp-content\/uploads\/usu773\/2021\/11\/autoritzacio-1.jpg\" alt=\"\" width=\"121\" height=\"133\" \/><\/a><\/td>\n<\/tr>\n<\/tbody>\n<\/table>\n<\/div>\n<p>&nbsp;<\/p>\n<\/div>\n<\/div>\n<\/div>\n<\/div>\n","protected":false},"excerpt":{"rendered":"<p>XIX Edici\u00f3 del projecte Apadrinem Patrimoni Natural a Santa Coloma Proposta did\u00e0ctica a l&#8217;aula i al poble, dins el Projecte Apadrinem Escultures d&#8217;Amics de la Unesco a Girona Lloc: Sala de formaci\u00f3 dels serveis educatius Adre\u00e7at: centres de Santa Coloma de Farners Apadrinem patrimoni natural 2025-26. XIX Edici\u00f3 \u00a0 \u00a0 \u00a0 \u00a0 \u00a0 CALENDARI COORDINACIONS\u00a0 [&hellip;]<\/p>\n","protected":false},"author":1,"featured_media":0,"parent":0,"menu_order":0,"comment_status":"closed","ping_status":"closed","template":"","meta":{"_bbp_topic_count":0,"_bbp_reply_count":0,"_bbp_total_topic_count":0,"_bbp_total_reply_count":0,"_bbp_voice_count":0,"_bbp_anonymous_reply_count":0,"_bbp_topic_count_hidden":0,"_bbp_reply_count_hidden":0,"_bbp_forum_subforum_count":0,"site-sidebar-layout":"default","site-content-layout":"","ast-site-content-layout":"","site-content-style":"default","site-sidebar-style":"default","ast-global-header-display":"","ast-banner-title-visibility":"","ast-main-header-display":"","ast-hfb-above-header-display":"","ast-hfb-below-header-display":"","ast-hfb-mobile-header-display":"","site-post-title":"","ast-breadcrumbs-content":"","ast-featured-img":"","footer-sml-layout":"","theme-transparent-header-meta":"","adv-header-id-meta":"","stick-header-meta":"","header-above-stick-meta":"","header-main-stick-meta":"","header-below-stick-meta":"","astra-migrate-meta-layouts":"default","ast-page-background-enabled":"default","ast-page-background-meta":{"desktop":{"background-color":"var(--ast-global-color-4)","background-image":"","background-repeat":"repeat","background-position":"center center","background-size":"auto","background-attachment":"scroll","background-type":"","background-media":"","overlay-type":"","overlay-color":"","overlay-opacity":"","overlay-gradient":""},"tablet":{"background-color":"","background-image":"","background-repeat":"repeat","background-position":"center center","background-size":"auto","background-attachment":"scroll","background-type":"","background-media":"","overlay-type":"","overlay-color":"","overlay-opacity":"","overlay-gradient":""},"mobile":{"background-color":"","background-image":"","background-repeat":"repeat","background-position":"center center","background-size":"auto","background-attachment":"scroll","background-type":"","background-media":"","overlay-type":"","overlay-color":"","overlay-opacity":"","overlay-gradient":""}},"ast-content-background-meta":{"desktop":{"background-color":"var(--ast-global-color-5)","background-image":"","background-repeat":"repeat","background-position":"center center","background-size":"auto","background-attachment":"scroll","background-type":"","background-media":"","overlay-type":"","overlay-color":"","overlay-opacity":"","overlay-gradient":""},"tablet":{"background-color":"var(--ast-global-color-5)","background-image":"","background-repeat":"repeat","background-position":"center center","background-size":"auto","background-attachment":"scroll","background-type":"","background-media":"","overlay-type":"","overlay-color":"","overlay-opacity":"","overlay-gradient":""},"mobile":{"background-color":"var(--ast-global-color-5)","background-image":"","background-repeat":"repeat","background-position":"center center","background-size":"auto","background-attachment":"scroll","background-type":"","background-media":"","overlay-type":"","overlay-color":"","overlay-opacity":"","overlay-gradient":""}},"footnotes":""},"class_list":["post-2823","page","type-page","status-publish","hentry"],"post_mailing_queue_ids":[],"_links":{"self":[{"href":"https:\/\/serveiseducatius.xtec.cat\/selva1\/wp-json\/wp\/v2\/pages\/2823","targetHints":{"allow":["GET"]}}],"collection":[{"href":"https:\/\/serveiseducatius.xtec.cat\/selva1\/wp-json\/wp\/v2\/pages"}],"about":[{"href":"https:\/\/serveiseducatius.xtec.cat\/selva1\/wp-json\/wp\/v2\/types\/page"}],"author":[{"embeddable":true,"href":"https:\/\/serveiseducatius.xtec.cat\/selva1\/wp-json\/wp\/v2\/users\/1"}],"replies":[{"embeddable":true,"href":"https:\/\/serveiseducatius.xtec.cat\/selva1\/wp-json\/wp\/v2\/comments?post=2823"}],"version-history":[{"count":6,"href":"https:\/\/serveiseducatius.xtec.cat\/selva1\/wp-json\/wp\/v2\/pages\/2823\/revisions"}],"predecessor-version":[{"id":11541,"href":"https:\/\/serveiseducatius.xtec.cat\/selva1\/wp-json\/wp\/v2\/pages\/2823\/revisions\/11541"}],"wp:attachment":[{"href":"https:\/\/serveiseducatius.xtec.cat\/selva1\/wp-json\/wp\/v2\/media?parent=2823"}],"curies":[{"name":"wp","href":"https:\/\/api.w.org\/{rel}","templated":true}]}}