{"id":2663,"date":"2021-05-12T17:54:53","date_gmt":"2021-05-12T15:54:53","guid":{"rendered":"http:\/\/serveiseducatius.xtec.cat\/selva1\/?page_id=2663"},"modified":"2024-06-03T15:29:52","modified_gmt":"2024-06-03T13:29:52","slug":"maquina-de-fer-xapes","status":"publish","type":"page","link":"https:\/\/serveiseducatius.xtec.cat\/selva1\/maquina-de-fer-xapes\/","title":{"rendered":"M\u00e0quina de fer xapes"},"content":{"rendered":"<h3>M\u00e0quina de fer xapes<\/h3>\n<p><a href=\"https:\/\/serveiseducatius.xtec.cat\/selva1\/wp-content\/uploads\/usu773\/2021\/05\/Captura-5.png\"><img loading=\"lazy\" decoding=\"async\" class=\"alignnone size-medium wp-image-2665\" src=\"https:\/\/serveiseducatius.xtec.cat\/selva1\/wp-content\/uploads\/usu773\/2021\/05\/Captura-5-300x132.png\" alt=\"\" width=\"300\" height=\"132\" srcset=\"https:\/\/serveiseducatius.xtec.cat\/selva1\/wp-content\/uploads\/usu773\/2021\/05\/Captura-5-300x132.png 300w, https:\/\/serveiseducatius.xtec.cat\/selva1\/wp-content\/uploads\/usu773\/2021\/05\/Captura-5.png 732w\" sizes=\"auto, (max-width: 300px) 100vw, 300px\" \/><\/a><\/p>\n<h6>Tenim a la vostra disposici\u00f3 la\u00a0<b>M\u00e0quina de fer imants i xapes<\/b>, juntament amb la &#8220;troqueladora&#8221;.<\/h6>\n<h6>Podreu confegir imants i xapes amb el disseny que vosaltres decidiu.<\/h6>\n<h6>Tot el material necessari (paper, els cercles metal\u00b7litzats amb els clips i els imants) el tindreu al CRP. \u00c9s important que feu la reserva amb antelaci\u00f3, per tal d&#8217;assegurar que disposem de tot el necessari.<\/h6>\n<h6><\/h6>\n<h6>Nosaltres us deixarem els aparells, juntament amb el material per poder realitzar-ho en el CRP mateix.<\/h6>\n<h6><\/h6>\n<h6>Els centres haureu de treballar amb un disseny de 59 mm de di\u00e0metre.<\/h6>\n<h6>Facilita la promoci\u00f3 d&#8217;activitats educatives i poden utilitzar-se per fer jocs did\u00e0ctics.<\/h6>\n<h6><\/h6>\n<table style=\"border-collapse: collapse; width: 100%;\">\n<tbody>\n<tr>\n<td style=\"width: 33.3333%;\"><\/td>\n<td style=\"width: 33.3333%; text-align: center;\"><strong>XAPES<\/strong><\/td>\n<td style=\"width: 33.3333%; text-align: center;\"><strong>IMANTS<\/strong><\/td>\n<\/tr>\n<tr>\n<td style=\"width: 33.3333%;\">Fins a 65 unitats<\/td>\n<td style=\"width: 33.3333%;\">0,40\u20ac<\/td>\n<td style=\"width: 33.3333%;\">0,50\u20ac<\/td>\n<\/tr>\n<tr>\n<td style=\"width: 33.3333%;\">A partir de 65 unitats<\/td>\n<td style=\"width: 33.3333%;\">0,30\u20ac<\/td>\n<td style=\"width: 33.3333%;\">0,50\u20ac<\/td>\n<\/tr>\n<\/tbody>\n<\/table>\n<h6>1.- Enviament del disseny, realitzat damunt d&#8217;aquesta<\/h6>\n<h2><a href=\"https:\/\/docs.google.com\/presentation\/d\/1Ob2BwhEnXThfQQV5FYQId620W7yteMxk\/edit?usp=sharing&amp;ouid=112946860537646343900&amp;rtpof=true&amp;sd=true\"><span style=\"color: #000000;\"><span style=\"color: #ff6600;\"><u>PLANTILLA<\/u><\/span><\/span><\/a> (descarregar en pptx)<\/h2>\n<h6>2.- Fer enviament de la diapositiva powerpoint del disseny (ppt) al b7990112@xtec.cat<\/h6>\n<h6>3.- Nosaltres fem les impressions i compra de material<\/h6>\n<h6>4.-\u00a0<strong>Cal reservar<\/strong>\u00a0el servei pr\u00e8viament a trav\u00e9s del\u00a0correu electr\u00f2nic o b\u00e9 per tel\u00e8fon (<strong>972 877 482<\/strong>) per concretar la disponibilitat temporal del servei.<\/h6>\n<div><\/div>\n<div class=\"ast-oembed-container \" style=\"height: 100%;\"><iframe loading=\"lazy\" title=\"M\u00e0quina de xapes\" width=\"500\" height=\"281\" src=\"https:\/\/www.youtube.com\/embed\/qi0QJ-o82Xg?feature=oembed\" frameborder=\"0\" allow=\"accelerometer; autoplay; clipboard-write; encrypted-media; gyroscope; picture-in-picture; web-share\" referrerpolicy=\"strict-origin-when-cross-origin\" allowfullscreen><\/iframe><\/div>\n","protected":false},"excerpt":{"rendered":"<p>M\u00e0quina de fer xapes Tenim a la vostra disposici\u00f3 la\u00a0M\u00e0quina de fer imants i xapes, juntament amb la &#8220;troqueladora&#8221;. Podreu confegir imants i xapes amb el disseny que vosaltres decidiu. Tot el material necessari (paper, els cercles metal\u00b7litzats amb els clips i els imants) el tindreu al CRP. \u00c9s important que feu la reserva amb [&hellip;]<\/p>\n","protected":false},"author":1,"featured_media":0,"parent":0,"menu_order":0,"comment_status":"closed","ping_status":"closed","template":"","meta":{"_bbp_topic_count":0,"_bbp_reply_count":0,"_bbp_total_topic_count":0,"_bbp_total_reply_count":0,"_bbp_voice_count":0,"_bbp_anonymous_reply_count":0,"_bbp_topic_count_hidden":0,"_bbp_reply_count_hidden":0,"_bbp_forum_subforum_count":0,"site-sidebar-layout":"default","site-content-layout":"","ast-site-content-layout":"","site-content-style":"default","site-sidebar-style":"default","ast-global-header-display":"","ast-banner-title-visibility":"","ast-main-header-display":"","ast-hfb-above-header-display":"","ast-hfb-below-header-display":"","ast-hfb-mobile-header-display":"","site-post-title":"","ast-breadcrumbs-content":"","ast-featured-img":"","footer-sml-layout":"","theme-transparent-header-meta":"","adv-header-id-meta":"","stick-header-meta":"","header-above-stick-meta":"","header-main-stick-meta":"","header-below-stick-meta":"","astra-migrate-meta-layouts":"default","ast-page-background-enabled":"default","ast-page-background-meta":{"desktop":{"background-color":"var(--ast-global-color-4)","background-image":"","background-repeat":"repeat","background-position":"center center","background-size":"auto","background-attachment":"scroll","background-type":"","background-media":"","overlay-type":"","overlay-color":"","overlay-opacity":"","overlay-gradient":""},"tablet":{"background-color":"","background-image":"","background-repeat":"repeat","background-position":"center center","background-size":"auto","background-attachment":"scroll","background-type":"","background-media":"","overlay-type":"","overlay-color":"","overlay-opacity":"","overlay-gradient":""},"mobile":{"background-color":"","background-image":"","background-repeat":"repeat","background-position":"center center","background-size":"auto","background-attachment":"scroll","background-type":"","background-media":"","overlay-type":"","overlay-color":"","overlay-opacity":"","overlay-gradient":""}},"ast-content-background-meta":{"desktop":{"background-color":"var(--ast-global-color-5)","background-image":"","background-repeat":"repeat","background-position":"center center","background-size":"auto","background-attachment":"scroll","background-type":"","background-media":"","overlay-type":"","overlay-color":"","overlay-opacity":"","overlay-gradient":""},"tablet":{"background-color":"var(--ast-global-color-5)","background-image":"","background-repeat":"repeat","background-position":"center center","background-size":"auto","background-attachment":"scroll","background-type":"","background-media":"","overlay-type":"","overlay-color":"","overlay-opacity":"","overlay-gradient":""},"mobile":{"background-color":"var(--ast-global-color-5)","background-image":"","background-repeat":"repeat","background-position":"center center","background-size":"auto","background-attachment":"scroll","background-type":"","background-media":"","overlay-type":"","overlay-color":"","overlay-opacity":"","overlay-gradient":""}},"footnotes":""},"class_list":["post-2663","page","type-page","status-publish","hentry"],"post_mailing_queue_ids":[],"_links":{"self":[{"href":"https:\/\/serveiseducatius.xtec.cat\/selva1\/wp-json\/wp\/v2\/pages\/2663","targetHints":{"allow":["GET"]}}],"collection":[{"href":"https:\/\/serveiseducatius.xtec.cat\/selva1\/wp-json\/wp\/v2\/pages"}],"about":[{"href":"https:\/\/serveiseducatius.xtec.cat\/selva1\/wp-json\/wp\/v2\/types\/page"}],"author":[{"embeddable":true,"href":"https:\/\/serveiseducatius.xtec.cat\/selva1\/wp-json\/wp\/v2\/users\/1"}],"replies":[{"embeddable":true,"href":"https:\/\/serveiseducatius.xtec.cat\/selva1\/wp-json\/wp\/v2\/comments?post=2663"}],"version-history":[{"count":6,"href":"https:\/\/serveiseducatius.xtec.cat\/selva1\/wp-json\/wp\/v2\/pages\/2663\/revisions"}],"predecessor-version":[{"id":8922,"href":"https:\/\/serveiseducatius.xtec.cat\/selva1\/wp-json\/wp\/v2\/pages\/2663\/revisions\/8922"}],"wp:attachment":[{"href":"https:\/\/serveiseducatius.xtec.cat\/selva1\/wp-json\/wp\/v2\/media?parent=2663"}],"curies":[{"name":"wp","href":"https:\/\/api.w.org\/{rel}","templated":true}]}}