{"id":2521,"date":"2021-04-09T13:34:22","date_gmt":"2021-04-09T11:34:22","guid":{"rendered":"http:\/\/serveiseducatius.xtec.cat\/selva1\/?page_id=2521"},"modified":"2025-03-04T12:27:19","modified_gmt":"2025-03-04T11:27:19","slug":"celebrem-sant-jordi","status":"publish","type":"page","link":"https:\/\/serveiseducatius.xtec.cat\/selva1\/celebrem-sant-jordi\/","title":{"rendered":"Celebrem Sant Jordi!"},"content":{"rendered":"<p><a href=\"https:\/\/serveiseducatius.xtec.cat\/selva1\/wp-content\/uploads\/usu773\/2021\/04\/Sant-Jordi-virtual.png\"><img loading=\"lazy\" decoding=\"async\" class=\"alignnone size-medium wp-image-2522\" src=\"https:\/\/serveiseducatius.xtec.cat\/selva1\/wp-content\/uploads\/usu773\/2021\/04\/Sant-Jordi-virtual-300x154.png\" alt=\"\" width=\"300\" height=\"154\" srcset=\"https:\/\/serveiseducatius.xtec.cat\/selva1\/wp-content\/uploads\/usu773\/2021\/04\/Sant-Jordi-virtual-300x154.png 300w, https:\/\/serveiseducatius.xtec.cat\/selva1\/wp-content\/uploads\/usu773\/2021\/04\/Sant-Jordi-virtual.png 540w\" sizes=\"auto, (max-width: 300px) 100vw, 300px\" \/><\/a><\/p>\n<p>Selecci\u00f3 de recursos f\u00edsics de la mediateca del CRP i recursos digitals online, amb idees per celebrar la <strong>festa de Sant Jordi<\/strong> al centre educatiu<\/p>\n<p><span style=\"color: #ff6600;\"><strong>MEDIATECA<\/strong><\/span><\/p>\n<p><strong>MALETES PEDAG\u00d2GIQUES<\/strong><\/p>\n<ul>\n<li style=\"list-style-type: none;\">\n<ul>\n<li><a href=\"https:\/\/selva1.mediateca.cat\/recurs\/equipatge-de-poesia\/\" target=\"_blank\" rel=\"noopener\">Equipatge de poesia<\/a><\/li>\n<li><a href=\"https:\/\/selva1.mediateca.cat\/recurs\/va-de-llibres-i-biblioteca\/\" target=\"_blank\" rel=\"noopener\">Va de llibres i biblioteca<\/a><\/li>\n<li><a href=\"https:\/\/selva1.mediateca.cat\/recurs\/viure-en-un-castell\/\" target=\"_blank\" rel=\"noopener\">Viure en un castell<\/a><\/li>\n<li><a href=\"https:\/\/selva1.mediateca.cat\/recurs\/posa-t-un-conte-puc-de-la-cooperacio-i-la-creativitat-desordre-monstruos\/\" target=\"_blank\" rel=\"noopener\">Posa&#8217;t un conte. Desordre monstru\u00f3s. PUC de la cooperaci\u00f3 i creativitat<\/a><\/li>\n<li><a href=\"https:\/\/selva1.mediateca.cat\/recurs\/posa-t-un-conte-el-pacte-de-foc-puc-de-la-convivencia-i-la-responsabilitat\/\" target=\"_blank\" rel=\"noopener\">Posa&#8217;t un conte. El pacte de foc. PUC de la conviv\u00e8ncia i la responsabilitat<\/a><\/li>\n<li><a href=\"https:\/\/selva1.mediateca.cat\/recurs\/posa-t-un-conte-puc-de-la-diversitat-i-l-autoestima-la-magia-del-bosc\/\" target=\"_blank\" rel=\"noopener\">Posa&#8217;t\u00a0 un conte. La m\u00e0gia del bosc. PUC de la diversitat i l&#8217;autoestima<\/a><\/li>\n<\/ul>\n<\/li>\n<\/ul>\n<p><strong>ALTRES RECURSOS<\/strong><\/p>\n<ul>\n<li><a href=\"http:\/\/www.symbaloo.com\/mix\/santjordi1\">Symbaloo. Sant Jordi<\/a><\/li>\n<li><a href=\"http:\/\/www.symbaloo.com\/mix\/rosesdesantjordi?searched=true#\">Symbaloo. Roses<\/a><\/li>\n<li><a href=\"http:\/\/www.xtec.cat\/~mdomingo\/stjordi\/\">Sant Jordi. Llegenda. Recursos literaris<\/a><\/li>\n<li>Una <a href=\"http:\/\/www.youtube.com\/watch?v=WXM3Nw_tJ1E&amp;feature=youtu.be1\/bibliotequesescolars-inici\/biblioteques-escolars-2012-13\/biblioteques-escolars-2012-13-documents-de-les-sessions\/goog_2024986393\">llegenda de Sant Jordi cantada<\/a>. <a href=\"https:\/\/sites.google.com\/site\/calaixselvai5\/home\/LA%20LLEGENDA%20DE%20SANT%20JORDI.pdf?attredirects=0\">Lletra<\/a><\/li>\n<li><a href=\"http:\/\/blocs.xtec.cat\/recursosee\/tag\/sant-jordi\/\">Sant Jordi.<\/a> Recursos per a l&#8217;Educaci\u00f3 especial<\/li>\n<li><a href=\"https:\/\/sites.google.com\/a\/xtec.cat\/calaix-selva-i---novetats-mediateca-2\/home\/sant%20jordi.pdf?attredirects=0&amp;d=1\">Sant Jordi<\/a>. Dossier elaborat pel CRP del Solson\u00e8s<\/li>\n<li><a href=\"http:\/\/www.edu365.cat\/celebracions\/santjordi\/index.html\">Edu 365.<\/a> Informaci\u00f3, llibres, poemes, llegenda, roses&#8230; i molt m\u00e9s<\/li>\n<li><a href=\"http:\/\/blocs.xtec.cat\/teatredescola\/2010\/01\/02\/una-altra-llegenda-de-sant-jordi\/\">Una altra llegenda de Sant Jordi.<\/a> Teatre d&#8217;escola<\/li>\n<li><a href=\"http:\/\/xtec.gencat.cat\/ca\/centres\/celebracions\/2020\/sant-jordi\/#bloc5\">Recursos XTEC<\/a><\/li>\n<li><a href=\"https:\/\/serveiseducatius.xtec.cat\/selva1\/portada\/cantata-audiovisual-llegenda-sant-jordi-en-igualtat-de-genere\/\">Cantata audiovisual Llegenda Sant Jordi en igualtat de g\u00e8nere<\/a><\/li>\n<li><a href=\"https:\/\/natibergada.acblnk.com\/url\/ver\/59590262\/1327993\/1e00670c501064349d8b2f7148e5fe43\">Recull de poemes de Sant Jordi\u00a0<\/a><\/li>\n<li><a href=\"https:\/\/projectes.xtec.cat\/bescat\/general\/sant-jordi-2022\/\" target=\"_blank\" rel=\"noopener\">Proposta PuntEdu<\/a><\/li>\n<li><a href=\"https:\/\/serveiseducatius.xtec.cat\/selva1\/biblionoticies\/60-contes-de-la-llegenda-de-sant-jordi\/\">60 contes de la llegenda de Sant Jordi<\/a><\/li>\n<li><a href=\"https:\/\/repositori.educacio.gencat.cat\/bitstream\/handle\/20.500.12694\/1349\/Tangram%20de%20Sant%20Jordi%20%28Biblioteca%20Departament%20d%27Educacio%cc%81%29.pdf?sequence=1&amp;isAllowed=y\">El tangram de Sant Jordi<\/a><\/li>\n<li><a href=\"https:\/\/repositori.educacio.gencat.cat\/bitstream\/handle\/20.500.12694\/166\/drets_del_lector_2020.pdf?sequence=1&amp;isAllowed=y\">M\u00f2bil retallable<\/a><\/li>\n<li><a href=\"https:\/\/www.pinterest.es\/b7990102\/sant-jordi\/\" target=\"_blank\" rel=\"noopener\">Pinterest\u00a0<\/a>Necessiteu alguna idea d\u2019activitats\/manualitats per Sant Jordi? CRP Baix Empord\u00e0<\/li>\n<li><a href=\"https:\/\/serveiseducatius.xtec.cat\/selva1\/portada\/490-contes-per-recomanar-aquest-sant-jordi\/\" target=\"_blank\" rel=\"noopener\"><strong>490 contes per recomanar aquest Sant Jordi<\/strong> <\/a>&#8211; Nati Bergad\u00e0<\/li>\n<\/ul>\n","protected":false},"excerpt":{"rendered":"<p>Selecci\u00f3 de recursos f\u00edsics de la mediateca del CRP i recursos digitals online, amb idees per celebrar la festa de Sant Jordi al centre educatiu MEDIATECA MALETES PEDAG\u00d2GIQUES Equipatge de poesia Va de llibres i biblioteca Viure en un castell Posa&#8217;t un conte. Desordre monstru\u00f3s. PUC de la cooperaci\u00f3 i creativitat Posa&#8217;t un conte. El [&hellip;]<\/p>\n","protected":false},"author":1,"featured_media":0,"parent":0,"menu_order":0,"comment_status":"closed","ping_status":"closed","template":"","meta":{"_bbp_topic_count":0,"_bbp_reply_count":0,"_bbp_total_topic_count":0,"_bbp_total_reply_count":0,"_bbp_voice_count":0,"_bbp_anonymous_reply_count":0,"_bbp_topic_count_hidden":0,"_bbp_reply_count_hidden":0,"_bbp_forum_subforum_count":0,"site-sidebar-layout":"default","site-content-layout":"","ast-site-content-layout":"","site-content-style":"default","site-sidebar-style":"default","ast-global-header-display":"","ast-banner-title-visibility":"","ast-main-header-display":"","ast-hfb-above-header-display":"","ast-hfb-below-header-display":"","ast-hfb-mobile-header-display":"","site-post-title":"","ast-breadcrumbs-content":"","ast-featured-img":"","footer-sml-layout":"","theme-transparent-header-meta":"","adv-header-id-meta":"","stick-header-meta":"","header-above-stick-meta":"","header-main-stick-meta":"","header-below-stick-meta":"","astra-migrate-meta-layouts":"default","ast-page-background-enabled":"default","ast-page-background-meta":{"desktop":{"background-color":"var(--ast-global-color-4)","background-image":"","background-repeat":"repeat","background-position":"center center","background-size":"auto","background-attachment":"scroll","background-type":"","background-media":"","overlay-type":"","overlay-color":"","overlay-opacity":"","overlay-gradient":""},"tablet":{"background-color":"","background-image":"","background-repeat":"repeat","background-position":"center center","background-size":"auto","background-attachment":"scroll","background-type":"","background-media":"","overlay-type":"","overlay-color":"","overlay-opacity":"","overlay-gradient":""},"mobile":{"background-color":"","background-image":"","background-repeat":"repeat","background-position":"center center","background-size":"auto","background-attachment":"scroll","background-type":"","background-media":"","overlay-type":"","overlay-color":"","overlay-opacity":"","overlay-gradient":""}},"ast-content-background-meta":{"desktop":{"background-color":"var(--ast-global-color-5)","background-image":"","background-repeat":"repeat","background-position":"center center","background-size":"auto","background-attachment":"scroll","background-type":"","background-media":"","overlay-type":"","overlay-color":"","overlay-opacity":"","overlay-gradient":""},"tablet":{"background-color":"var(--ast-global-color-5)","background-image":"","background-repeat":"repeat","background-position":"center center","background-size":"auto","background-attachment":"scroll","background-type":"","background-media":"","overlay-type":"","overlay-color":"","overlay-opacity":"","overlay-gradient":""},"mobile":{"background-color":"var(--ast-global-color-5)","background-image":"","background-repeat":"repeat","background-position":"center center","background-size":"auto","background-attachment":"scroll","background-type":"","background-media":"","overlay-type":"","overlay-color":"","overlay-opacity":"","overlay-gradient":""}},"footnotes":""},"class_list":["post-2521","page","type-page","status-publish","hentry"],"post_mailing_queue_ids":[],"_links":{"self":[{"href":"https:\/\/serveiseducatius.xtec.cat\/selva1\/wp-json\/wp\/v2\/pages\/2521","targetHints":{"allow":["GET"]}}],"collection":[{"href":"https:\/\/serveiseducatius.xtec.cat\/selva1\/wp-json\/wp\/v2\/pages"}],"about":[{"href":"https:\/\/serveiseducatius.xtec.cat\/selva1\/wp-json\/wp\/v2\/types\/page"}],"author":[{"embeddable":true,"href":"https:\/\/serveiseducatius.xtec.cat\/selva1\/wp-json\/wp\/v2\/users\/1"}],"replies":[{"embeddable":true,"href":"https:\/\/serveiseducatius.xtec.cat\/selva1\/wp-json\/wp\/v2\/comments?post=2521"}],"version-history":[{"count":6,"href":"https:\/\/serveiseducatius.xtec.cat\/selva1\/wp-json\/wp\/v2\/pages\/2521\/revisions"}],"predecessor-version":[{"id":10597,"href":"https:\/\/serveiseducatius.xtec.cat\/selva1\/wp-json\/wp\/v2\/pages\/2521\/revisions\/10597"}],"wp:attachment":[{"href":"https:\/\/serveiseducatius.xtec.cat\/selva1\/wp-json\/wp\/v2\/media?parent=2521"}],"curies":[{"name":"wp","href":"https:\/\/api.w.org\/{rel}","templated":true}]}}