{"id":2243,"date":"2021-01-19T10:13:12","date_gmt":"2021-01-19T09:13:12","guid":{"rendered":"http:\/\/serveiseducatius.xtec.cat\/selva1\/?page_id=2243"},"modified":"2024-09-06T12:59:57","modified_gmt":"2024-09-06T10:59:57","slug":"ensenyament-secundari-batxillerat-i-formacio-professional","status":"publish","type":"page","link":"https:\/\/serveiseducatius.xtec.cat\/selva1\/ensenyament-secundari-batxillerat-i-formacio-professional\/","title":{"rendered":"Ensenyament secundari, Batxillerat i Formaci\u00f3 professional"},"content":{"rendered":"<table style=\"width: 665px; height: 460px;\" border=\"2\" cellpadding=\"1\">\n<tbody>\n<tr style=\"height: 31px;\">\n<td style=\"height: 31px; width: 140px; text-align: center; background-color: #dbd7d7;\">\n<h5><span style=\"color: #365e20;\"><strong>Poblaci\u00f3<\/strong><\/span><\/h5>\n<\/td>\n<td style=\"height: 31px; width: 170px; text-align: center; background-color: #dbd7d7;\">\n<h5><span style=\"color: #365e20;\"><strong>Centre<\/strong><\/span><\/h5>\n<\/td>\n<td style=\"height: 31px; width: 103px; text-align: center; background-color: #dbd7d7;\">\n<h5><span style=\"color: #365e20;\"><strong>tel\u00e8fon<\/strong><\/span><\/h5>\n<\/td>\n<td style=\"height: 31px; width: 182px; text-align: center; background-color: #dbd7d7;\">\n<h5><span style=\"color: #365e20;\"><strong>Adre\u00e7a electr\u00f2nica<\/strong><\/span><\/h5>\n<\/td>\n<td style=\"height: 31px; width: 70px; text-align: center; background-color: #dbd7d7;\">\n<h5><span style=\"color: #365e20;\"><strong>Web<\/strong><\/span><\/h5>\n<\/td>\n<\/tr>\n<tr style=\"height: 31px;\">\n<td style=\"height: 31px; width: 140px; text-align: center;\">Amer<\/td>\n<td style=\"width: 170px; height: 31px; text-align: center;\">INS Castell d&#8217;Estela<\/td>\n<td style=\"height: 31px; width: 103px; text-align: center;\">972 430347<\/td>\n<td style=\"height: 31px; width: 182px; text-align: center;\">b7004578@xtec.cat<\/td>\n<td style=\"height: 31px; width: 70px; text-align: center;\"><a href=\"https:\/\/institutcastelldestela.wordpress.com\/\">web<\/a><\/td>\n<\/tr>\n<tr style=\"height: 31px;\">\n<td style=\"height: 10px; width: 140px; text-align: center;\">Angl\u00e8s<\/td>\n<td style=\"width: 170px; height: 10px; text-align: center;\">INS Rafael Campalans<\/td>\n<td style=\"height: 10px; width: 103px; text-align: center;\">972 421207<\/td>\n<td style=\"height: 10px; width: 182px; text-align: center;\">b7004487@xtec.cat<\/td>\n<td style=\"height: 10px; width: 70px; text-align: center;\"><a href=\"https:\/\/agora.xtec.cat\/iesrafaelcampalans\/\">web<\/a><\/td>\n<\/tr>\n<tr style=\"height: 31px;\">\n<td style=\"height: 31px; width: 140px; text-align: center;\">Arb\u00facies<\/td>\n<td style=\"width: 170px; height: 31px; text-align: center;\">INS Montsoriu<\/td>\n<td style=\"height: 31px; width: 103px; text-align: center;\">972 860154<\/td>\n<td style=\"height: 31px; width: 182px; text-align: center;\">b7006605@xtec.cat<\/td>\n<td style=\"height: 31px; width: 70px; text-align: center;\"><a href=\"https:\/\/agora.xtec.cat\/iesmontsoriu\/\">web<\/a><\/td>\n<\/tr>\n<tr>\n<td style=\"width: 140px; text-align: center;\">Breda<\/td>\n<td style=\"width: 170px; text-align: center;\">IE Montseny<\/td>\n<td style=\"width: 103px; text-align: center;\">972 870823<\/td>\n<td style=\"width: 182px; text-align: center;\">b7000585@xtec.cat<\/td>\n<td style=\"width: 70px; text-align: center;\"><a href=\"https:\/\/sites.google.com\/site\/escolamontsenydebreda\/\">Web<\/a><\/td>\n<\/tr>\n<tr style=\"height: 31px;\">\n<td style=\"height: 31px; width: 140px; text-align: center;\">Caldes de Malavella<\/td>\n<td style=\"width: 170px; height: 31px; text-align: center;\">INS Caldes de Malavella<\/td>\n<td style=\"height: 31px; width: 103px; text-align: center;\">972 480225<\/td>\n<td style=\"height: 31px; width: 182px; text-align: center;\">b7008651@xtec.cat<\/td>\n<td style=\"height: 31px; width: 70px; text-align: center;\"><a href=\"https:\/\/agora.xtec.cat\/sescaldesdemalavella\/\">web<\/a><\/td>\n<\/tr>\n<tr style=\"height: 31px;\">\n<td style=\"height: 31px; width: 140px; text-align: center;\">Hostalric<\/td>\n<td style=\"width: 170px; height: 31px; text-align: center;\">INS Vescomtat de Cabrera<\/td>\n<td style=\"height: 31px; width: 103px; text-align: center;\">972 864987<\/td>\n<td style=\"height: 31px; width: 182px; text-align: center;\">b7006733@xtec.cat<\/td>\n<td style=\"height: 31px; width: 70px; text-align: center;\"><a href=\"https:\/\/agora.xtec.cat\/insvescomtatdecabrera\/\">web<\/a><\/td>\n<\/tr>\n<tr style=\"height: 31px;\">\n<td style=\"height: 31px; width: 140px; text-align: center;\">Sant Hilari Sacalm<\/td>\n<td style=\"width: 170px; height: 31px; text-align: center;\">IE Cent Fonts<\/td>\n<td style=\"height: 31px; width: 103px; text-align: center;\">972 869483<\/td>\n<td style=\"height: 31px; width: 182px; text-align: center;\">b7003446@xtec.cat<\/td>\n<td style=\"height: 31px; width: 70px; text-align: center;\"><a href=\"https:\/\/agora.xtec.cat\/col-santjosep\/\">web<\/a><\/td>\n<\/tr>\n<tr style=\"height: 31px;\">\n<td style=\"height: 31px; width: 140px; text-align: center;\">Sant Hilari Sacalm<\/td>\n<td style=\"width: 170px; height: 31px; text-align: center;\">INS Ant\u00f3n Busquets i Punset<\/td>\n<td style=\"height: 31px; width: 103px; text-align: center;\">972 869358<\/td>\n<td style=\"height: 31px; width: 182px; text-align: center;\">b7004517@xtec.cat<\/td>\n<td style=\"height: 31px; width: 70px; text-align: center;\"><a href=\"https:\/\/agora.xtec.cat\/iessanthilari\/\">web<\/a><\/td>\n<\/tr>\n<tr style=\"height: 31px;\">\n<td style=\"height: 31px; width: 140px; text-align: center;\">Santa Coloma de Farners<\/td>\n<td style=\"width: 170px; height: 31px; text-align: center;\">Centre de Capacitaci\u00f3 Forestal<\/td>\n<td style=\"height: 31px; width: 103px; text-align: center;\">972 841765<\/td>\n<td style=\"height: 31px; width: 182px; text-align: center;\">acxifra.daam@gencat.cat<\/td>\n<td style=\"height: 31px; width: 70px; text-align: center;\"><a href=\"http:\/\/agricultura.gencat.cat\/ca\/ambits\/formacio-innovacio\/escoles-agraries\/escola-agraria-forestal-santa-coloma-farners\/\">web<\/a><\/td>\n<\/tr>\n<tr style=\"height: 31px;\">\n<td style=\"width: 140px; text-align: center; height: 31px;\">Santa Coloma de Farners<\/td>\n<td style=\"width: 170px; text-align: center; height: 31px;\">COL La Salle<\/td>\n<td style=\"width: 103px; text-align: center; height: 31px;\">972 840294<\/td>\n<td style=\"width: 182px; text-align: center; height: 31px;\">b7003653@xtec.cat<\/td>\n<td style=\"height: 31px; width: 70px; text-align: center;\"><a href=\"https:\/\/www.lasallesantacoloma.net\/\">web<\/a><\/td>\n<\/tr>\n<tr style=\"height: 31px;\">\n<td style=\"height: 31px; width: 140px; text-align: center;\">Santa Coloma de Farners<\/td>\n<td style=\"width: 170px; height: 31px; text-align: center;\">INS Santa Coloma de Farners<\/td>\n<td style=\"height: 31px; width: 103px; text-align: center;\">972 842105<\/td>\n<td style=\"height: 31px; width: 182px; text-align: center;\">b7005376@xtec.cat<\/td>\n<td style=\"height: 31px; width: 70px; text-align: center;\"><a href=\"https:\/\/www.iessantacolomadefarners.cat\/ca\">web<\/a><\/td>\n<\/tr>\n<tr style=\"height: 31px;\">\n<td style=\"height: 31px; width: 140px; text-align: center;\">Santa Coloma de Farners<\/td>\n<td style=\"width: 170px; text-align: center; height: 31px;\">CFA La Selva<\/td>\n<td style=\"width: 103px; text-align: center; height: 31px;\">972 840262<\/td>\n<td style=\"width: 182px; text-align: center; height: 31px;\">cfalaselva@xtec.cat<\/td>\n<td style=\"height: 31px; width: 70px; text-align: center;\"><a href=\"https:\/\/agora.xtec.cat\/cfalaselva\/\">web<\/a><\/td>\n<\/tr>\n<tr style=\"height: 31px;\">\n<td style=\"width: 140px; text-align: center; height: 31px;\">Santa Coloma de Farners<\/td>\n<td style=\"width: 170px; text-align: center; height: 31px;\">Escola d&#8217;adults municipal<\/td>\n<td style=\"width: 103px; text-align: center; height: 31px;\">972 842365<\/td>\n<td style=\"width: 182px; text-align: center; height: 31px;\">eafarners@scf.cat<\/td>\n<td style=\"height: 31px; width: 70px; text-align: center;\"><a href=\"http:\/\/www.scf.cat\/microsites\/escola-dadults\/presentaci%C3%B3\">web<\/a><\/td>\n<\/tr>\n<tr style=\"height: 31px;\">\n<td style=\"height: 31px; width: 140px; text-align: center;\">Sils<\/td>\n<td style=\"width: 170px; text-align: center; height: 31px;\">INS de Sils<\/td>\n<td style=\"width: 103px; text-align: center; height: 31px;\">972 853977<\/td>\n<td style=\"width: 182px; text-align: center; height: 31px;\">b7009308@xtec.cat<\/td>\n<td style=\"height: 31px; width: 70px; text-align: center;\"><a href=\"https:\/\/agora.xtec.cat\/insils\/\">web<\/a><\/td>\n<\/tr>\n<tr style=\"height: 47px;\">\n<td style=\"width: 140px; text-align: center; height: 47px;\">Riells i Viabrea<\/td>\n<td style=\"width: 170px; text-align: center; height: 47px;\">INS el Bruc<\/td>\n<td style=\"width: 103px; text-align: center; height: 47px;\">93 8470053<\/td>\n<td style=\"width: 182px; text-align: center; height: 47px;\">b7010037@xtec.cat<\/td>\n<td style=\"height: 47px; width: 70px; text-align: center;\"><a href=\"https:\/\/agora.xtec.cat\/sinriells\/\">web<\/a><\/td>\n<\/tr>\n<\/tbody>\n<\/table>\n","protected":false},"excerpt":{"rendered":"<p>Poblaci\u00f3 Centre tel\u00e8fon Adre\u00e7a electr\u00f2nica Web Amer INS Castell d&#8217;Estela 972 430347 b7004578@xtec.cat web Angl\u00e8s INS Rafael Campalans 972 421207 b7004487@xtec.cat web Arb\u00facies INS Montsoriu 972 860154 b7006605@xtec.cat web Breda IE Montseny 972 870823 b7000585@xtec.cat Web Caldes de Malavella INS Caldes de Malavella 972 480225 b7008651@xtec.cat web Hostalric INS Vescomtat de Cabrera 972 864987 b7006733@xtec.cat [&hellip;]<\/p>\n","protected":false},"author":1,"featured_media":0,"parent":0,"menu_order":0,"comment_status":"closed","ping_status":"closed","template":"","meta":{"_bbp_topic_count":0,"_bbp_reply_count":0,"_bbp_total_topic_count":0,"_bbp_total_reply_count":0,"_bbp_voice_count":0,"_bbp_anonymous_reply_count":0,"_bbp_topic_count_hidden":0,"_bbp_reply_count_hidden":0,"_bbp_forum_subforum_count":0,"site-sidebar-layout":"default","site-content-layout":"","ast-site-content-layout":"","site-content-style":"default","site-sidebar-style":"default","ast-global-header-display":"","ast-banner-title-visibility":"","ast-main-header-display":"","ast-hfb-above-header-display":"","ast-hfb-below-header-display":"","ast-hfb-mobile-header-display":"","site-post-title":"","ast-breadcrumbs-content":"","ast-featured-img":"","footer-sml-layout":"","theme-transparent-header-meta":"","adv-header-id-meta":"","stick-header-meta":"","header-above-stick-meta":"","header-main-stick-meta":"","header-below-stick-meta":"","astra-migrate-meta-layouts":"default","ast-page-background-enabled":"default","ast-page-background-meta":{"desktop":{"background-color":"var(--ast-global-color-4)","background-image":"","background-repeat":"repeat","background-position":"center center","background-size":"auto","background-attachment":"scroll","background-type":"","background-media":"","overlay-type":"","overlay-color":"","overlay-opacity":"","overlay-gradient":""},"tablet":{"background-color":"","background-image":"","background-repeat":"repeat","background-position":"center center","background-size":"auto","background-attachment":"scroll","background-type":"","background-media":"","overlay-type":"","overlay-color":"","overlay-opacity":"","overlay-gradient":""},"mobile":{"background-color":"","background-image":"","background-repeat":"repeat","background-position":"center center","background-size":"auto","background-attachment":"scroll","background-type":"","background-media":"","overlay-type":"","overlay-color":"","overlay-opacity":"","overlay-gradient":""}},"ast-content-background-meta":{"desktop":{"background-color":"var(--ast-global-color-5)","background-image":"","background-repeat":"repeat","background-position":"center center","background-size":"auto","background-attachment":"scroll","background-type":"","background-media":"","overlay-type":"","overlay-color":"","overlay-opacity":"","overlay-gradient":""},"tablet":{"background-color":"var(--ast-global-color-5)","background-image":"","background-repeat":"repeat","background-position":"center center","background-size":"auto","background-attachment":"scroll","background-type":"","background-media":"","overlay-type":"","overlay-color":"","overlay-opacity":"","overlay-gradient":""},"mobile":{"background-color":"var(--ast-global-color-5)","background-image":"","background-repeat":"repeat","background-position":"center center","background-size":"auto","background-attachment":"scroll","background-type":"","background-media":"","overlay-type":"","overlay-color":"","overlay-opacity":"","overlay-gradient":""}},"footnotes":""},"class_list":["post-2243","page","type-page","status-publish","hentry"],"post_mailing_queue_ids":[],"_links":{"self":[{"href":"https:\/\/serveiseducatius.xtec.cat\/selva1\/wp-json\/wp\/v2\/pages\/2243","targetHints":{"allow":["GET"]}}],"collection":[{"href":"https:\/\/serveiseducatius.xtec.cat\/selva1\/wp-json\/wp\/v2\/pages"}],"about":[{"href":"https:\/\/serveiseducatius.xtec.cat\/selva1\/wp-json\/wp\/v2\/types\/page"}],"author":[{"embeddable":true,"href":"https:\/\/serveiseducatius.xtec.cat\/selva1\/wp-json\/wp\/v2\/users\/1"}],"replies":[{"embeddable":true,"href":"https:\/\/serveiseducatius.xtec.cat\/selva1\/wp-json\/wp\/v2\/comments?post=2243"}],"version-history":[{"count":6,"href":"https:\/\/serveiseducatius.xtec.cat\/selva1\/wp-json\/wp\/v2\/pages\/2243\/revisions"}],"predecessor-version":[{"id":9346,"href":"https:\/\/serveiseducatius.xtec.cat\/selva1\/wp-json\/wp\/v2\/pages\/2243\/revisions\/9346"}],"wp:attachment":[{"href":"https:\/\/serveiseducatius.xtec.cat\/selva1\/wp-json\/wp\/v2\/media?parent=2243"}],"curies":[{"name":"wp","href":"https:\/\/api.w.org\/{rel}","templated":true}]}}