{"id":2205,"date":"2021-01-15T10:09:27","date_gmt":"2021-01-15T09:09:27","guid":{"rendered":"http:\/\/serveiseducatius.xtec.cat\/selva1\/?page_id=2205"},"modified":"2023-12-01T10:16:34","modified_gmt":"2023-12-01T09:16:34","slug":"escoles-bressol","status":"publish","type":"page","link":"https:\/\/serveiseducatius.xtec.cat\/selva1\/escoles-bressol\/","title":{"rendered":"Escoles bressol\/Llars d&#8217;infants"},"content":{"rendered":"<p><a style=\"font-weight: bold; font-family: inherit; font-size: 1em;\" href=\"https:\/\/sites.google.com\/view\/suport-digital\/p%C3%A0gina-principal\"><img loading=\"lazy\" decoding=\"async\" class=\" wp-image-4131\" src=\"https:\/\/serveiseducatius.xtec.cat\/selva1\/wp-content\/uploads\/usu773\/2021\/11\/bressol-300x210.png\" alt=\"\" width=\"293\" height=\"206\" srcset=\"https:\/\/serveiseducatius.xtec.cat\/selva1\/wp-content\/uploads\/usu773\/2021\/11\/bressol-300x210.png 300w, https:\/\/serveiseducatius.xtec.cat\/selva1\/wp-content\/uploads\/usu773\/2021\/11\/bressol-768x538.png 768w, https:\/\/serveiseducatius.xtec.cat\/selva1\/wp-content\/uploads\/usu773\/2021\/11\/bressol.png 960w\" sizes=\"auto, (max-width: 293px) 100vw, 293px\" \/><\/a><\/p>\n<p><a style=\"font-size: 14px; font-family: inherit;\" href=\"https:\/\/sites.google.com\/view\/suport-digital\/p%C3%A0gina-principal\">Suport digital a educadores de llars d&#8217;infants<\/a><\/p>\n<p>&nbsp;<\/p>\n<table style=\"height: 832px; width: 51%;\" border=\"2\" cellpadding=\"1\">\n<tbody>\n<tr style=\"height: 31px;\">\n<td style=\"height: 31px; width: 150px; text-align: center; background-color: #dbd7d7;\">\n<h5><span style=\"color: #365e20;\"><strong>Poblaci\u00f3<\/strong><\/span><\/h5>\n<\/td>\n<td style=\"height: 31px; width: 158px; text-align: center; background-color: #dbd7d7;\">\n<h5><span style=\"color: #365e20;\"><strong>Centre<\/strong><\/span><\/h5>\n<\/td>\n<td style=\"height: 31px; width: 164px; text-align: center; background-color: #dbd7d7;\">\n<h5><span style=\"color: #365e20;\"><strong>tel\u00e8fon<\/strong><\/span><\/h5>\n<\/td>\n<td style=\"height: 31px; width: 231px; text-align: center; background-color: #dbd7d7;\">\n<h5><span style=\"color: #365e20;\"><strong>Adre\u00e7a electr\u00f2nica<\/strong><\/span><\/h5>\n<\/td>\n<td style=\"height: 31px; width: 62px; text-align: center; background-color: #dbd7d7;\">\n<h5><span style=\"color: #365e20;\"><strong>Web<\/strong><\/span><\/h5>\n<\/td>\n<\/tr>\n<tr style=\"height: 31px;\">\n<td style=\"height: 31px; width: 150px; text-align: center;\">Amer<\/td>\n<td style=\"width: 158px; height: 31px; text-align: center;\">El Carrilet<\/td>\n<td style=\"height: 31px; width: 164px; text-align: center;\">972430049<\/td>\n<td style=\"height: 31px; width: 231px; text-align: center;\">b7006253@xtec.cat<\/td>\n<td style=\"height: 31px; width: 62px; text-align: center;\"><a href=\"https:\/\/sites.google.com\/view\/llardinfantselcarrilet\/home\" target=\"_blank\" rel=\"noopener\">Web<\/a><\/td>\n<\/tr>\n<tr style=\"height: 31px;\">\n<td style=\"height: 31px; width: 150px; text-align: center;\">Angl\u00e8s<\/td>\n<td style=\"width: 158px; height: 31px; text-align: center;\">El Cucut<\/td>\n<td style=\"height: 31px; width: 164px; text-align: center;\">972423614\/669818575<\/td>\n<td style=\"height: 31px; width: 231px; text-align: center;\">b7005534@xtec.cat<\/td>\n<td style=\"height: 31px; width: 62px; text-align: center;\"><a href=\"http:\/\/www.xtec.cat\/eei-elcucut-angles\/\" target=\"_blank\" rel=\"noopener\">Web<\/a><\/p>\n<p><a href=\"https:\/\/www.instagram.com\/eeielcucut\/\"><img loading=\"lazy\" decoding=\"async\" class=\"alignnone wp-image-2230\" src=\"https:\/\/serveiseducatius.xtec.cat\/selva1\/wp-content\/uploads\/usu773\/2021\/01\/baixa.jpg\" alt=\"\" width=\"39\" height=\"22\" \/><\/a><\/td>\n<\/tr>\n<tr style=\"height: 31px;\">\n<td style=\"height: 31px; width: 150px; text-align: center;\">Arb\u00facies<\/td>\n<td style=\"width: 158px; height: 31px; text-align: center;\">El jardinet<\/td>\n<td style=\"height: 31px; width: 164px; text-align: center;\">972860004<\/td>\n<td style=\"height: 31px; width: 231px; text-align: center;\">jardinet@ajarbucies.cat<\/td>\n<td style=\"height: 31px; width: 62px; text-align: center;\"><a href=\"https:\/\/jardinet.arbucies.cat\/\" target=\"_blank\" rel=\"noopener\">Web<\/a><\/td>\n<\/tr>\n<tr style=\"height: 31px;\">\n<td style=\"height: 31px; width: 150px; text-align: center;\">Breda<\/td>\n<td style=\"width: 158px; height: 31px; text-align: center;\">El petit Montseny<\/td>\n<td style=\"height: 31px; width: 164px; text-align: center;\">\n<div class=\"CjVfdc CJIdie\">972871374<\/div>\n<\/td>\n<td style=\"height: 31px; width: 231px; text-align: center;\">petitmontseny@breda.cat<\/td>\n<td style=\"height: 31px; width: 62px; text-align: center;\"><a href=\"https:\/\/sites.google.com\/site\/petitmontsenybreda\/\" target=\"_blank\" rel=\"noopener\">Web<\/a><\/td>\n<\/tr>\n<tr style=\"height: 31px;\">\n<td style=\"height: 31px; width: 150px; text-align: center;\">Caldes de Malavella<\/td>\n<td style=\"width: 158px; height: 31px; text-align: center;\">Els ninots<\/td>\n<td style=\"height: 31px; width: 164px; text-align: center;\">\u00a0972471038<\/td>\n<td style=\"height: 31px; width: 231px; text-align: center;\">b7008183@xtec.cat<\/td>\n<td style=\"height: 31px; width: 62px; text-align: center;\"><a href=\"http:\/\/llarinfants.caldesdemalavella.cat\/\" target=\"_blank\" rel=\"noopener\">Web<\/a><\/td>\n<\/tr>\n<tr style=\"height: 31px;\">\n<td style=\"height: 31px; width: 150px; text-align: center;\">La Cellera<\/td>\n<td style=\"width: 158px; height: 31px; text-align: center;\">Sol Solet<\/td>\n<td style=\"height: 31px; width: 164px; text-align: center;\"><span style=\"color: #000000;\" role=\"link\" aria-label=\"Llamar al n\u00famero de tel\u00e9fono 972 42 24 05\">972422405<\/span><\/td>\n<td style=\"height: 31px; width: 231px; text-align: center;\">b7006976@xtec.cat<\/td>\n<td style=\"height: 31px; width: 62px; text-align: center;\"><a href=\"http:\/\/escolabressolsolsolet.blogspot.com\/\" target=\"_blank\" rel=\"noopener\">Web<\/a><\/td>\n<\/tr>\n<tr style=\"height: 31px;\">\n<td style=\"height: 31px; width: 150px; text-align: center;\">Hostalric<\/td>\n<td style=\"width: 158px; height: 31px; text-align: center;\">El patufet<\/td>\n<td style=\"height: 31px; width: 164px; text-align: center;\">972864435<\/td>\n<td style=\"height: 31px; width: 231px; text-align: center;\">elpatufet@hostalric.cat<\/td>\n<td style=\"height: 31px; width: 62px; text-align: center;\"><\/td>\n<\/tr>\n<tr style=\"height: 31px;\">\n<td style=\"height: 31px; width: 150px; text-align: center;\">Riells i Viabrea<\/td>\n<td style=\"width: 158px; height: 31px; text-align: center;\">Escoleta<\/td>\n<td style=\"height: 31px; width: 164px; text-align: center;\"><span role=\"link\" aria-label=\"Llamar al n\u00famero de tel\u00e9fono 938 47 00 37\">938470037<\/span><\/td>\n<td style=\"height: 31px; width: 231px; text-align: center;\">escoletaderiells@riellsiviabrea.cat<\/td>\n<td style=\"height: 31px; width: 62px; text-align: center;\"><\/td>\n<\/tr>\n<tr>\n<td style=\"width: 150px; text-align: center;\">Riudarenes<\/td>\n<td style=\"width: 158px; text-align: center;\">Rodam\u00f3ns<\/td>\n<td style=\"width: 164px; text-align: center;\"><span role=\"link\" aria-label=\"Llamar al n\u00famero de tel\u00e9fono 938 47 00 37\">972856216<\/span><\/td>\n<td style=\"width: 231px; text-align: center;\">b7006046@xtec.cat<\/td>\n<td style=\"width: 62px; text-align: center;\"><a href=\"http:\/\/www.llardinfantsrodamons.com\/\" target=\"_blank\" rel=\"noopener\">Web<\/a><\/td>\n<\/tr>\n<tr style=\"height: 31px;\">\n<td style=\"height: 31px; width: 150px; text-align: center;\">Riudellots<\/td>\n<td style=\"width: 158px; height: 31px; text-align: center;\">Llar d&#8217;Infants Municipal de Riudellots de la Selva<\/td>\n<td style=\"height: 31px; width: 164px; text-align: center;\">972477136<\/td>\n<td style=\"height: 31px; width: 231px; text-align: center;\">llar@riudellots.cat<\/td>\n<td style=\"height: 31px; width: 62px; text-align: center;\"><a href=\"https:\/\/www.riudellots.cat\/llar-infants\" target=\"_blank\" rel=\"noopener\">Web<\/a><\/td>\n<\/tr>\n<tr style=\"height: 31px;\">\n<td style=\"height: 31px; width: 150px; text-align: center;\">Sant Hilari Sacalm<\/td>\n<td style=\"width: 158px; text-align: center;\">La Baldufa<\/td>\n<td style=\"width: 164px; text-align: center;\">972872888<\/td>\n<td style=\"width: 231px; text-align: center;\">labaldufa@santhilari.cat<\/td>\n<td style=\"width: 62px; text-align: center;\"><a href=\"https:\/\/agora.xtec.cat\/esc-labaldufa\/\" target=\"_blank\" rel=\"noopener\">Web<\/a><\/td>\n<\/tr>\n<tr style=\"height: 31px;\">\n<td style=\"height: 31px; width: 150px; text-align: center;\">Santa Coloma de Farners<\/td>\n<td style=\"width: 158px; text-align: center;\">La Mainada<\/td>\n<td style=\"width: 164px; text-align: center;\">972843881<\/td>\n<td style=\"width: 231px; text-align: center;\">b7008973@xtec.cat<\/td>\n<td style=\"width: 62px; text-align: center;\"><a href=\"https:\/\/sites.google.com\/xtec.cat\/llardinfantsmainadascf\/p%C3%A0gina-principal\" target=\"_blank\" rel=\"noopener\"><strong>web<\/strong><\/a><\/td>\n<\/tr>\n<tr>\n<td style=\"width: 150px; text-align: center;\">Santa Coloma de Farners<\/td>\n<td style=\"width: 158px; text-align: center;\">El Tabalet<\/td>\n<td style=\"width: 164px; text-align: center;\">972841310<\/td>\n<td style=\"width: 231px; text-align: center;\">b7005972@xtec.cat<\/td>\n<td style=\"width: 62px; text-align: center;\"><\/td>\n<\/tr>\n<tr>\n<td style=\"width: 150px; text-align: center;\">Sils<\/td>\n<td style=\"width: 158px; text-align: center;\">La Quitxalla<\/td>\n<td style=\"width: 164px; text-align: center;\">972853371<\/td>\n<td style=\"width: 231px; text-align: center;\">\n<p class=\"CDt4Ke zfr3Q\" dir=\"ltr\"><span class=\" aw5Odc\">llardinfantslaquitxalla@gmail.com<\/span><\/p>\n<p dir=\"ltr\">llardinfants@sils.cat<\/p>\n<\/td>\n<td style=\"width: 62px; text-align: center;\"><a href=\"https:\/\/sites.google.com\/view\/llardinfantslaquitxalladesils\" target=\"_blank\" rel=\"noopener\">Web<\/a><\/td>\n<\/tr>\n<tr>\n<td style=\"width: 150px; text-align: center;\">Vilob\u00ed d&#8217; Onyar<\/td>\n<td style=\"width: 158px; text-align: center;\">El Patufet<\/td>\n<td style=\"width: 164px; text-align: center;\">9724731 25<\/td>\n<td style=\"width: 231px; text-align: center;\">b7005613@xtec.cat<\/td>\n<td style=\"width: 62px; text-align: center;\"><a href=\"https:\/\/blocs.xtec.cat\/elpatufet\/\" target=\"_blank\" rel=\"noopener\">Web<\/a><\/td>\n<\/tr>\n<\/tbody>\n<\/table>\n","protected":false},"excerpt":{"rendered":"<p>Suport digital a educadores de llars d&#8217;infants &nbsp; Poblaci\u00f3 Centre tel\u00e8fon Adre\u00e7a electr\u00f2nica Web Amer El Carrilet 972430049 b7006253@xtec.cat Web Angl\u00e8s El Cucut 972423614\/669818575 b7005534@xtec.cat Web Arb\u00facies El jardinet 972860004 jardinet@ajarbucies.cat Web Breda El petit Montseny 972871374 petitmontseny@breda.cat Web Caldes de Malavella Els ninots \u00a0972471038 b7008183@xtec.cat Web La Cellera Sol Solet 972422405 b7006976@xtec.cat Web Hostalric [&hellip;]<\/p>\n","protected":false},"author":1,"featured_media":0,"parent":0,"menu_order":0,"comment_status":"closed","ping_status":"closed","template":"","meta":{"_bbp_topic_count":0,"_bbp_reply_count":0,"_bbp_total_topic_count":0,"_bbp_total_reply_count":0,"_bbp_voice_count":0,"_bbp_anonymous_reply_count":0,"_bbp_topic_count_hidden":0,"_bbp_reply_count_hidden":0,"_bbp_forum_subforum_count":0,"site-sidebar-layout":"default","site-content-layout":"","ast-site-content-layout":"","site-content-style":"default","site-sidebar-style":"default","ast-global-header-display":"","ast-banner-title-visibility":"","ast-main-header-display":"","ast-hfb-above-header-display":"","ast-hfb-below-header-display":"","ast-hfb-mobile-header-display":"","site-post-title":"","ast-breadcrumbs-content":"","ast-featured-img":"","footer-sml-layout":"","theme-transparent-header-meta":"","adv-header-id-meta":"","stick-header-meta":"","header-above-stick-meta":"","header-main-stick-meta":"","header-below-stick-meta":"","astra-migrate-meta-layouts":"default","ast-page-background-enabled":"default","ast-page-background-meta":{"desktop":{"background-color":"var(--ast-global-color-4)","background-image":"","background-repeat":"repeat","background-position":"center center","background-size":"auto","background-attachment":"scroll","background-type":"","background-media":"","overlay-type":"","overlay-color":"","overlay-opacity":"","overlay-gradient":""},"tablet":{"background-color":"","background-image":"","background-repeat":"repeat","background-position":"center center","background-size":"auto","background-attachment":"scroll","background-type":"","background-media":"","overlay-type":"","overlay-color":"","overlay-opacity":"","overlay-gradient":""},"mobile":{"background-color":"","background-image":"","background-repeat":"repeat","background-position":"center center","background-size":"auto","background-attachment":"scroll","background-type":"","background-media":"","overlay-type":"","overlay-color":"","overlay-opacity":"","overlay-gradient":""}},"ast-content-background-meta":{"desktop":{"background-color":"var(--ast-global-color-5)","background-image":"","background-repeat":"repeat","background-position":"center center","background-size":"auto","background-attachment":"scroll","background-type":"","background-media":"","overlay-type":"","overlay-color":"","overlay-opacity":"","overlay-gradient":""},"tablet":{"background-color":"var(--ast-global-color-5)","background-image":"","background-repeat":"repeat","background-position":"center center","background-size":"auto","background-attachment":"scroll","background-type":"","background-media":"","overlay-type":"","overlay-color":"","overlay-opacity":"","overlay-gradient":""},"mobile":{"background-color":"var(--ast-global-color-5)","background-image":"","background-repeat":"repeat","background-position":"center center","background-size":"auto","background-attachment":"scroll","background-type":"","background-media":"","overlay-type":"","overlay-color":"","overlay-opacity":"","overlay-gradient":""}},"footnotes":""},"class_list":["post-2205","page","type-page","status-publish","hentry"],"post_mailing_queue_ids":[],"_links":{"self":[{"href":"https:\/\/serveiseducatius.xtec.cat\/selva1\/wp-json\/wp\/v2\/pages\/2205","targetHints":{"allow":["GET"]}}],"collection":[{"href":"https:\/\/serveiseducatius.xtec.cat\/selva1\/wp-json\/wp\/v2\/pages"}],"about":[{"href":"https:\/\/serveiseducatius.xtec.cat\/selva1\/wp-json\/wp\/v2\/types\/page"}],"author":[{"embeddable":true,"href":"https:\/\/serveiseducatius.xtec.cat\/selva1\/wp-json\/wp\/v2\/users\/1"}],"replies":[{"embeddable":true,"href":"https:\/\/serveiseducatius.xtec.cat\/selva1\/wp-json\/wp\/v2\/comments?post=2205"}],"version-history":[{"count":7,"href":"https:\/\/serveiseducatius.xtec.cat\/selva1\/wp-json\/wp\/v2\/pages\/2205\/revisions"}],"predecessor-version":[{"id":8052,"href":"https:\/\/serveiseducatius.xtec.cat\/selva1\/wp-json\/wp\/v2\/pages\/2205\/revisions\/8052"}],"wp:attachment":[{"href":"https:\/\/serveiseducatius.xtec.cat\/selva1\/wp-json\/wp\/v2\/media?parent=2205"}],"curies":[{"name":"wp","href":"https:\/\/api.w.org\/{rel}","templated":true}]}}