{"id":12097,"date":"2026-01-12T13:18:09","date_gmt":"2026-01-12T12:18:09","guid":{"rendered":"https:\/\/serveiseducatius.xtec.cat\/selva1\/?page_id=12097"},"modified":"2026-04-14T10:51:17","modified_gmt":"2026-04-14T08:51:17","slug":"proves-davaluacio-25-26","status":"publish","type":"page","link":"https:\/\/serveiseducatius.xtec.cat\/selva1\/proves-davaluacio-25-26\/","title":{"rendered":"PROVES D&#8217;AVALUACI\u00d3 25-26"},"content":{"rendered":"<h1><\/h1>\n<h1 style=\"text-align: center;\"><span style=\"color: #333333;\">AVALUACIONS 25-26<\/span><\/h1>\n<h1><\/h1>\n<h1><a href=\"https:\/\/drive.google.com\/file\/d\/1ZIV6d-6T4TFB92HWL9Gns0_D5pImtGhy\/view?usp=sharing\" target=\"_blank\" rel=\"noopener\"><img loading=\"lazy\" decoding=\"async\" class=\"wp-image-12193 aligncenter\" src=\"https:\/\/serveiseducatius.xtec.cat\/selva1\/wp-content\/uploads\/usu773\/2026\/01\/aval-300x171.jpg\" alt=\"\" width=\"483\" height=\"275\" srcset=\"https:\/\/serveiseducatius.xtec.cat\/selva1\/wp-content\/uploads\/usu773\/2026\/01\/aval-300x171.jpg 300w, https:\/\/serveiseducatius.xtec.cat\/selva1\/wp-content\/uploads\/usu773\/2026\/01\/aval.jpg 736w\" sizes=\"auto, (max-width: 483px) 100vw, 483px\" \/><\/a><\/h1>\n<h1 style=\"text-align: center;\"><span style=\"color: #333333;\">AVALUACI\u00d3 DE L&#8217;EXPRESSI\u00d3 ORAL<\/span><\/h1>\n<p><a href=\"https:\/\/avaluacioeducativa.gencat.cat\/ca\/avaluacions\/expressio-oral\/primaria\/\" target=\"_blank\" rel=\"noopener\"><img loading=\"lazy\" decoding=\"async\" class=\"size-medium wp-image-12336 aligncenter\" src=\"https:\/\/serveiseducatius.xtec.cat\/selva1\/wp-content\/uploads\/usu773\/2026\/02\/EO-6e-300x100.jpg\" alt=\"\" width=\"300\" height=\"100\" srcset=\"https:\/\/serveiseducatius.xtec.cat\/selva1\/wp-content\/uploads\/usu773\/2026\/02\/EO-6e-300x100.jpg 300w, https:\/\/serveiseducatius.xtec.cat\/selva1\/wp-content\/uploads\/usu773\/2026\/02\/EO-6e-1024x342.jpg 1024w, https:\/\/serveiseducatius.xtec.cat\/selva1\/wp-content\/uploads\/usu773\/2026\/02\/EO-6e-768x257.jpg 768w, https:\/\/serveiseducatius.xtec.cat\/selva1\/wp-content\/uploads\/usu773\/2026\/02\/EO-6e.jpg 1080w\" sizes=\"auto, (max-width: 300px) 100vw, 300px\" \/><\/a>\u00a0 \u00a0 \u00a0 \u00a0 \u00a0 \u00a0 \u00a0 \u00a0 \u00a0 <a href=\"https:\/\/avaluacioeducativa.gencat.cat\/ca\/avaluacions\/expressio-oral\/secundaria\/index.html\" target=\"_blank\" rel=\"noopener\"><img loading=\"lazy\" decoding=\"async\" class=\"size-medium wp-image-12337 aligncenter\" src=\"https:\/\/serveiseducatius.xtec.cat\/selva1\/wp-content\/uploads\/usu773\/2026\/02\/EO-4t-ESO-300x101.jpg\" alt=\"\" width=\"300\" height=\"101\" srcset=\"https:\/\/serveiseducatius.xtec.cat\/selva1\/wp-content\/uploads\/usu773\/2026\/02\/EO-4t-ESO-300x101.jpg 300w, https:\/\/serveiseducatius.xtec.cat\/selva1\/wp-content\/uploads\/usu773\/2026\/02\/EO-4t-ESO-1024x346.jpg 1024w, https:\/\/serveiseducatius.xtec.cat\/selva1\/wp-content\/uploads\/usu773\/2026\/02\/EO-4t-ESO-768x260.jpg 768w, https:\/\/serveiseducatius.xtec.cat\/selva1\/wp-content\/uploads\/usu773\/2026\/02\/EO-4t-ESO.jpg 1076w\" sizes=\"auto, (max-width: 300px) 100vw, 300px\" \/><\/a><\/p>\n<h5 style=\"text-align: center;\"><a href=\"https:\/\/aplicacions.gestioeducativa.gencat.cat\/ords\/pls\/soloas\/inscripcionsnp?codi=5005558755&amp;curs=2025-2026\" target=\"_blank\" rel=\"noopener\">INSCRIPCI\u00d3 A LA FORMACI\u00d3<\/a><\/h5>\n<h1><\/h1>\n<h1 style=\"text-align: center;\"><span style=\"color: #333333;\">AVALUACI\u00d3 DE DIAGN\u00d2STIC<\/span><\/h1>\n<p>&nbsp;<\/p>\n<p><a href=\"https:\/\/avaluacioeducativa.gencat.cat\/ca\/avaluacions\/diagnostic\/quart-primaria\/\" target=\"_blank\" rel=\"noopener\"><img loading=\"lazy\" decoding=\"async\" class=\"size-medium wp-image-12340 aligncenter\" src=\"https:\/\/serveiseducatius.xtec.cat\/selva1\/wp-content\/uploads\/usu773\/2026\/02\/AD-4P-300x102.jpg\" alt=\"\" width=\"300\" height=\"102\" srcset=\"https:\/\/serveiseducatius.xtec.cat\/selva1\/wp-content\/uploads\/usu773\/2026\/02\/AD-4P-300x102.jpg 300w, https:\/\/serveiseducatius.xtec.cat\/selva1\/wp-content\/uploads\/usu773\/2026\/02\/AD-4P-1024x347.jpg 1024w, https:\/\/serveiseducatius.xtec.cat\/selva1\/wp-content\/uploads\/usu773\/2026\/02\/AD-4P-768x260.jpg 768w, https:\/\/serveiseducatius.xtec.cat\/selva1\/wp-content\/uploads\/usu773\/2026\/02\/AD-4P.jpg 1091w\" sizes=\"auto, (max-width: 300px) 100vw, 300px\" \/><\/a><\/p>\n<p><a href=\"https:\/\/avaluacioeducativa.gencat.cat\/ca\/avaluacions\/diagnostic\/segon-eso\/\" target=\"_blank\" rel=\"noopener\"><img loading=\"lazy\" decoding=\"async\" class=\"size-medium wp-image-12341 aligncenter\" src=\"https:\/\/serveiseducatius.xtec.cat\/selva1\/wp-content\/uploads\/usu773\/2026\/02\/AD-2S-300x101.jpg\" alt=\"\" width=\"300\" height=\"101\" srcset=\"https:\/\/serveiseducatius.xtec.cat\/selva1\/wp-content\/uploads\/usu773\/2026\/02\/AD-2S-300x101.jpg 300w, https:\/\/serveiseducatius.xtec.cat\/selva1\/wp-content\/uploads\/usu773\/2026\/02\/AD-2S-1024x346.jpg 1024w, https:\/\/serveiseducatius.xtec.cat\/selva1\/wp-content\/uploads\/usu773\/2026\/02\/AD-2S-768x260.jpg 768w, https:\/\/serveiseducatius.xtec.cat\/selva1\/wp-content\/uploads\/usu773\/2026\/02\/AD-2S.jpg 1089w\" sizes=\"auto, (max-width: 300px) 100vw, 300px\" \/><\/a><\/p>\n<h1 style=\"text-align: center;\"><span style=\"color: #333333;\">AVALUACI\u00d3 DE FINAL D&#8217;ETAPA 4T D&#8217;ESO<\/span><\/h1>\n<p>&nbsp;<\/p>\n<p><a href=\"https:\/\/drive.google.com\/file\/d\/1Axp9gWhuEsKKE4LVseBNvV8c2fKEaWhI\/view?usp=sharing\" target=\"_blank\" rel=\"noopener\"><img loading=\"lazy\" decoding=\"async\" class=\"wp-image-12094 aligncenter\" src=\"https:\/\/serveiseducatius.xtec.cat\/selva1\/wp-content\/uploads\/usu773\/2026\/01\/aval-final-etapa-300x170.jpg\" alt=\"\" width=\"483\" height=\"274\" srcset=\"https:\/\/serveiseducatius.xtec.cat\/selva1\/wp-content\/uploads\/usu773\/2026\/01\/aval-final-etapa-300x170.jpg 300w, https:\/\/serveiseducatius.xtec.cat\/selva1\/wp-content\/uploads\/usu773\/2026\/01\/aval-final-etapa.jpg 738w\" sizes=\"auto, (max-width: 483px) 100vw, 483px\" \/><\/a><\/p>\n<p>Ja s&#8217;ha obert l&#8217;aplicaci\u00f3 <a href=\"https:\/\/aplicacions.gestioeducativa.gencat.cat\/ords\/pls\/apex\/f?p=a4s\" target=\"_blank\" rel=\"noopener\"><strong>A4S<\/strong><\/a> per a la gesti\u00f3 de l&#8217;avaluaci\u00f3 de final d&#8217;etapa de quart d&#8217;ESO. A partir d&#8217;ara i fins el dia 23 de gener, els centres poden accedir-hi per configurar els grups classe, indicar l&#8217;alumnat exempt, informar de les persones docents aplicadores i comunicar els dies festius del centre.<\/p>\n<p>Les comissions poden tamb\u00e9 accedir i baixar altra documentaci\u00f3 com ara la guia completa d&#8217;aplicaci\u00f3 i el manual d&#8217;usuari de l&#8217;aplicaci\u00f3 inform\u00e0tica que trobareu a la secci\u00f3 d&#8217;avisos importants.<\/p>\n<p>A m\u00e9s, us enllacem l&#8217;arxiu pdf de la<a href=\"https:\/\/drive.google.com\/file\/d\/1Axp9gWhuEsKKE4LVseBNvV8c2fKEaWhI\/view?usp=sharing\" target=\"_blank\" rel=\"noopener\"><strong> presentaci\u00f3 informativa<\/strong> <\/a>sobre la prova de final d&#8217;etapa de quart d&#8217;ESO d&#8217;aquest curs.<\/p>\n<h2><\/h2>\n<h2><span style=\"color: #ff0000;\"><strong>PROVES ALLIBERADES DEL CURS 2025-2026<\/strong><\/span><\/h2>\n<p>&nbsp;<\/p>\n<p><strong>Prova de la compet\u00e8ncia en comunicaci\u00f3 ling\u00fc\u00edstica. Llengua Catalana i Literatura<\/strong><\/p>\n<ul>\n<li><a href=\"https:\/\/drive.google.com\/file\/d\/1N_B0wiqCw1VQYiLq03zz6DZrMGA2cxeI\/view?usp=sharing\" target=\"_blank\" rel=\"noopener\">Marc d&#8217;avaluaci\u00f3 i criteris de correcci\u00f3 de l&#8217;expressi\u00f3 escrita<\/a><\/li>\n<li><a href=\"https:\/\/drive.google.com\/file\/d\/1-pXwENTIVMPgjIUUXz47flmWYSpaWqWO\/view?usp=sharing\" target=\"_blank\" rel=\"noopener\">Descripci\u00f3 general de les proves, especificacions dels \u00edtems i claus de respostes<\/a><\/li>\n<li><a href=\"https:\/\/drive.google.com\/file\/d\/1S2vwQiQLhhX6aNMU9iC19X29OBcBs3D2\/view?usp=sharing\" target=\"_blank\" rel=\"noopener\">Quadern de la prova<\/a><\/li>\n<li><a href=\"https:\/\/avaluacioeducativa.gencat.cat\/web\/.content\/avaluacio-educativa\/avaluacions\/final-etapa\/quart-eso\/2025-2026\/catala\/A4S_26_CAT_Text_oral.mp3\" target=\"_blank\" rel=\"noopener\">\u00c0udio de la prova<\/a> (comprensi\u00f3 oral)<\/li>\n<li><a href=\"https:\/\/drive.google.com\/file\/d\/1m87e_FP9kbGVyLS_RUl-WvasJLM80_5u\/view?usp=sharing\" target=\"_blank\" rel=\"noopener\">Transcripci\u00f3 de l&#8217;\u00e0udio<\/a> (comprensi\u00f3 oral)<\/li>\n<li><a href=\"https:\/\/drive.google.com\/file\/d\/1y4euQno3ylxcJFRm54VBZ9vOcYQSIot4\/view?usp=sharing\" target=\"_blank\" rel=\"noopener\">Full de respostes en blanc<\/a><\/li>\n<\/ul>\n<p><strong>Prova de la compet\u00e8ncia en comunicaci\u00f3 ling\u00fc\u00edstica. Llengua Castellana i Literatura<\/strong><\/p>\n<ul>\n<li><a href=\"https:\/\/drive.google.com\/file\/d\/1N_B0wiqCw1VQYiLq03zz6DZrMGA2cxeI\/view?usp=sharing\" target=\"_blank\" rel=\"noopener\">Marc d&#8217;avaluaci\u00f3 i criteris de correcci\u00f3 de l&#8217;expressi\u00f3 escrita<\/a><\/li>\n<li><a href=\"https:\/\/drive.google.com\/file\/d\/1-pXwENTIVMPgjIUUXz47flmWYSpaWqWO\/view?usp=sharing\" target=\"_blank\" rel=\"noopener\">Descripci\u00f3 general de les proves, especificacions dels \u00edtems i claus de respostes<\/a><\/li>\n<li><a href=\"https:\/\/drive.google.com\/file\/d\/1NOMmDFHCyzCB5kNH6l66FiX2vjHWLH1b\/view?usp=sharing\" target=\"_blank\" rel=\"noopener\">Quadern de la prova<\/a><\/li>\n<li><a href=\"https:\/\/avaluacioeducativa.gencat.cat\/web\/.content\/avaluacio-educativa\/avaluacions\/final-etapa\/quart-eso\/2025-2026\/castella\/A4S_26_CAS_Text_oral.mp3\" target=\"_blank\" rel=\"noopener\">\u00c0udio de la prova<\/a> (comprensi\u00f3 oral)<\/li>\n<li><a href=\"https:\/\/drive.google.com\/file\/d\/1Neyaq6GqAgHTiA0xRDej-kAVAn1ADAEm\/view?usp=sharing\" target=\"_blank\" rel=\"noopener\">Transcripci\u00f3 de l&#8217;\u00e0udio<\/a> (comprensi\u00f3 oral)<\/li>\n<li><a href=\"https:\/\/drive.google.com\/file\/d\/18hcQLuKNz3IPbbrm3zpOCFSExk8FNc8F\/view?usp=sharing\" target=\"_blank\" rel=\"noopener\">Full de respostes en blanc<\/a><\/li>\n<\/ul>\n<p><strong>Prova de la compet\u00e8ncia en comunicaci\u00f3 ling\u00fc\u00edstica. Llengua Anglesa<\/strong><\/p>\n<ul>\n<li><a href=\"https:\/\/drive.google.com\/file\/d\/1N_B0wiqCw1VQYiLq03zz6DZrMGA2cxeI\/view?usp=sharing\" target=\"_blank\" rel=\"noopener\">Marc d&#8217;avaluaci\u00f3 i criteris de correcci\u00f3 de l&#8217;expressi\u00f3 escrita<\/a><\/li>\n<li><a href=\"https:\/\/drive.google.com\/file\/d\/1-pXwENTIVMPgjIUUXz47flmWYSpaWqWO\/view?usp=sharing\" target=\"_blank\" rel=\"noopener\">Descripci\u00f3 general de les proves, especificacions dels \u00edtems i claus de respostes<\/a><\/li>\n<li><a href=\"https:\/\/drive.google.com\/file\/d\/11aOwgbwkQNywoNH8OLlxj4a-H1Gr3wWo\/view?usp=sharing\" target=\"_blank\" rel=\"noopener\">Quadern de la prova<\/a><\/li>\n<li><a href=\"https:\/\/avaluacioeducativa.gencat.cat\/web\/.content\/avaluacio-educativa\/avaluacions\/final-etapa\/quart-eso\/2025-2026\/angles\/A4S-26-ANG_Textos_orals.mp3\" target=\"_blank\" rel=\"noopener\">\u00c0udio de la prova<\/a> (comprensi\u00f3 oral)<\/li>\n<li><a href=\"https:\/\/drive.google.com\/file\/d\/1IipiWq3hIGDeiOzTJctvO_vbxd_HseRp\/view?usp=sharing\" target=\"_blank\" rel=\"noopener\">Transcripci\u00f3 de l&#8217;\u00e0udio<\/a> (comprensi\u00f3 oral)<\/li>\n<li><a href=\"https:\/\/drive.google.com\/file\/d\/1m5vPbzRlCy5C1mH46sKkl62ndEax7un4\/view?usp=sharing\" target=\"_blank\" rel=\"noopener\">Full de respostes en blanc<\/a><\/li>\n<\/ul>\n<p><strong>Prova de la compet\u00e8ncia matem\u00e0tica<\/strong><\/p>\n<ul>\n<li><a href=\"https:\/\/drive.google.com\/file\/d\/16ABsPniGvwEhrMynJfgAjchQSVKR78eK\/view?usp=sharing\" target=\"_blank\" rel=\"noopener\">Marc d&#8217;avaluaci\u00f3<\/a><\/li>\n<li><a href=\"https:\/\/drive.google.com\/file\/d\/1M0i70J0ScGjvhMOHK3az-kM-WWnZo8-l\/view?usp=sharing\" target=\"_blank\" rel=\"noopener\">Descripci\u00f3 general, especificacions dels \u00edtems i claus de respostes<\/a><\/li>\n<li><a href=\"https:\/\/drive.google.com\/file\/d\/1I__sbjm_CskjZeBjF54iFyIOdAoCGqRh\/view?usp=sharing\" target=\"_blank\" rel=\"noopener\">Quadern de la prova<\/a><\/li>\n<li><a href=\"https:\/\/drive.google.com\/file\/d\/1a3zfphtGJauP0g_HO9l4s1nKH5w19YIE\/view?usp=sharing\" target=\"_blank\" rel=\"noopener\">Full de respostes en blanc<\/a><\/li>\n<\/ul>\n<p><strong>Prova de la compet\u00e8ncia en ci\u00e8ncia, tecnologia i enginyeria<\/strong><\/p>\n<div>\n<ul>\n<li><a href=\"https:\/\/drive.google.com\/file\/d\/1Ihp3H-NtjsOqQjAUFJ2UX34oc2BRPsFQ\/view?usp=sharing\" target=\"_blank\" rel=\"noopener\">Marc d&#8217;avaluaci\u00f3<\/a><\/li>\n<li><a href=\"https:\/\/drive.google.com\/file\/d\/1u1Vc4_0ElzdH-zV40k_6sG1gUhd8wo-J\/view?usp=sharing\" target=\"_blank\" rel=\"noopener\">Descripci\u00f3 general, especificacions dels \u00edtems i claus de respostes<\/a><\/li>\n<li><a href=\"https:\/\/drive.google.com\/file\/d\/1gMSYsQSHbR7IsIHDayG7wMNC7OBjvTWd\/view?usp=sharing\" target=\"_blank\" rel=\"noopener\">Quadern de la prova<\/a><\/li>\n<li><a href=\"https:\/\/drive.google.com\/file\/d\/13eKCb8Il4Y02gudtkJjGySK2ex10CO9u\/view?usp=sharing\" target=\"_blank\" rel=\"noopener\">Full de respostes en blanc<\/a><\/li>\n<\/ul>\n<p><a href=\"https:\/\/sites.google.com\/view\/proves-4t-eso-2025\/aplicacio-de-les-proves\" target=\"_blank\" rel=\"noopener\"><strong>PROVES DE CURSOS ANTERIORS<\/strong><\/a><\/p>\n<\/div>\n","protected":false},"excerpt":{"rendered":"<p>AVALUACIONS 25-26 AVALUACI\u00d3 DE L&#8217;EXPRESSI\u00d3 ORAL \u00a0 \u00a0 \u00a0 \u00a0 \u00a0 \u00a0 \u00a0 \u00a0 \u00a0 INSCRIPCI\u00d3 A LA FORMACI\u00d3 AVALUACI\u00d3 DE DIAGN\u00d2STIC &nbsp; AVALUACI\u00d3 DE FINAL D&#8217;ETAPA 4T D&#8217;ESO &nbsp; Ja s&#8217;ha obert l&#8217;aplicaci\u00f3 A4S per a la gesti\u00f3 de l&#8217;avaluaci\u00f3 de final d&#8217;etapa de quart d&#8217;ESO. A partir d&#8217;ara i fins el dia 23 [&hellip;]<\/p>\n","protected":false},"author":1,"featured_media":0,"parent":0,"menu_order":0,"comment_status":"closed","ping_status":"closed","template":"","meta":{"_bbp_topic_count":0,"_bbp_reply_count":0,"_bbp_total_topic_count":0,"_bbp_total_reply_count":0,"_bbp_voice_count":0,"_bbp_anonymous_reply_count":0,"_bbp_topic_count_hidden":0,"_bbp_reply_count_hidden":0,"_bbp_forum_subforum_count":0,"site-sidebar-layout":"default","site-content-layout":"","ast-site-content-layout":"default","site-content-style":"default","site-sidebar-style":"default","ast-global-header-display":"","ast-banner-title-visibility":"","ast-main-header-display":"","ast-hfb-above-header-display":"","ast-hfb-below-header-display":"","ast-hfb-mobile-header-display":"","site-post-title":"","ast-breadcrumbs-content":"","ast-featured-img":"","footer-sml-layout":"","theme-transparent-header-meta":"default","adv-header-id-meta":"","stick-header-meta":"","header-above-stick-meta":"","header-main-stick-meta":"","header-below-stick-meta":"","astra-migrate-meta-layouts":"set","ast-page-background-enabled":"default","ast-page-background-meta":{"desktop":{"background-color":"var(--ast-global-color-4)","background-image":"","background-repeat":"repeat","background-position":"center center","background-size":"auto","background-attachment":"scroll","background-type":"","background-media":"","overlay-type":"","overlay-color":"","overlay-opacity":"","overlay-gradient":""},"tablet":{"background-color":"","background-image":"","background-repeat":"repeat","background-position":"center center","background-size":"auto","background-attachment":"scroll","background-type":"","background-media":"","overlay-type":"","overlay-color":"","overlay-opacity":"","overlay-gradient":""},"mobile":{"background-color":"","background-image":"","background-repeat":"repeat","background-position":"center center","background-size":"auto","background-attachment":"scroll","background-type":"","background-media":"","overlay-type":"","overlay-color":"","overlay-opacity":"","overlay-gradient":""}},"ast-content-background-meta":{"desktop":{"background-color":"var(--ast-global-color-5)","background-image":"","background-repeat":"repeat","background-position":"center center","background-size":"auto","background-attachment":"scroll","background-type":"","background-media":"","overlay-type":"","overlay-color":"","overlay-opacity":"","overlay-gradient":""},"tablet":{"background-color":"var(--ast-global-color-5)","background-image":"","background-repeat":"repeat","background-position":"center center","background-size":"auto","background-attachment":"scroll","background-type":"","background-media":"","overlay-type":"","overlay-color":"","overlay-opacity":"","overlay-gradient":""},"mobile":{"background-color":"var(--ast-global-color-5)","background-image":"","background-repeat":"repeat","background-position":"center center","background-size":"auto","background-attachment":"scroll","background-type":"","background-media":"","overlay-type":"","overlay-color":"","overlay-opacity":"","overlay-gradient":""}},"footnotes":""},"class_list":["post-12097","page","type-page","status-publish","hentry"],"post_mailing_queue_ids":[],"_links":{"self":[{"href":"https:\/\/serveiseducatius.xtec.cat\/selva1\/wp-json\/wp\/v2\/pages\/12097","targetHints":{"allow":["GET"]}}],"collection":[{"href":"https:\/\/serveiseducatius.xtec.cat\/selva1\/wp-json\/wp\/v2\/pages"}],"about":[{"href":"https:\/\/serveiseducatius.xtec.cat\/selva1\/wp-json\/wp\/v2\/types\/page"}],"author":[{"embeddable":true,"href":"https:\/\/serveiseducatius.xtec.cat\/selva1\/wp-json\/wp\/v2\/users\/1"}],"replies":[{"embeddable":true,"href":"https:\/\/serveiseducatius.xtec.cat\/selva1\/wp-json\/wp\/v2\/comments?post=12097"}],"version-history":[{"count":6,"href":"https:\/\/serveiseducatius.xtec.cat\/selva1\/wp-json\/wp\/v2\/pages\/12097\/revisions"}],"predecessor-version":[{"id":12626,"href":"https:\/\/serveiseducatius.xtec.cat\/selva1\/wp-json\/wp\/v2\/pages\/12097\/revisions\/12626"}],"wp:attachment":[{"href":"https:\/\/serveiseducatius.xtec.cat\/selva1\/wp-json\/wp\/v2\/media?parent=12097"}],"curies":[{"name":"wp","href":"https:\/\/api.w.org\/{rel}","templated":true}]}}