{"id":11260,"date":"2025-07-13T18:28:13","date_gmt":"2025-07-13T16:28:13","guid":{"rendered":"https:\/\/serveiseducatius.xtec.cat\/selva1\/?page_id=11260"},"modified":"2025-07-13T18:28:13","modified_gmt":"2025-07-13T16:28:13","slug":"jocs-florals-24-25","status":"publish","type":"page","link":"https:\/\/serveiseducatius.xtec.cat\/selva1\/jocs-florals-de-catalunya-2\/jocs-florals-24-25\/","title":{"rendered":"JOCS FLORALS 24-25"},"content":{"rendered":"<table style=\"border-collapse: collapse; border-spacing: 0px; background: #ffffff; margin-bottom: 1.25em; border: 1px solid #dddddd; color: #444444; font-family: 'Open Sans', Arial, Helvetica, sans-serif; font-size: 16px; width: 1004.82px; height: 433px;\">\n<thead style=\"box-sizing: border-box; background: #f5f5f5; font-weight: bold;\">\n<tr style=\"box-sizing: border-box; height: 279px;\">\n<td style=\"box-sizing: border-box; margin: 0px; padding: 0.5em 0.625em 0.625em; direction: ltr; font-size: 0.875em; color: #222222; line-height: 1.125em; border: 1px solid silver; width: 1003.98px; height: 279px;\" colspan=\"2\">\n<h1 style=\"box-sizing: border-box; color: #087eb6; margin: 0.2em 0px 0.5em; padding: 0px; direction: ltr; font-family: 'Open Sans', sans-serif; font-weight: 400; text-rendering: optimizelegibility; line-height: 1.4; text-align: center;\" data-wp-editing=\"1\"><a style=\"box-sizing: border-box; color: #087eb6; background: transparent; text-decoration-line: none; line-height: inherit;\" href=\"https:\/\/serveiseducatius.xtec.cat\/selva1\/portada\/jocs-florals-de-catalunya-curs-2024-2025\/\" target=\"_blank\" rel=\"noopener\">XII Edici\u00f3 Jocs Florals a la Selva<\/a><\/h1>\n<h1 style=\"box-sizing: border-box; color: #087eb6; margin: 0.2em 0px 0.5em; padding: 0px; direction: ltr; font-family: 'Open Sans', sans-serif; font-weight: 400; text-rendering: optimizelegibility; line-height: 1.4; text-align: center;\" data-wp-editing=\"1\"><img loading=\"lazy\" decoding=\"async\" class=\"wp-image-2321 alignleft\" style=\"box-sizing: border-box; border: 0px; max-width: 100%; height: auto; display: inline-block; vertical-align: middle; float: left; margin-right: 1em;\" src=\"https:\/\/serveiseducatius.xtec.cat\/selva1\/wp-content\/uploads\/usu773\/2021\/02\/logo-jocs-florals.png\" alt=\"\" width=\"265\" height=\"127\" \/><\/h1>\n<h5 style=\"box-sizing: border-box; color: #087eb6; margin: 0.2em 0px 0.5em; padding: 0px; direction: ltr; font-family: 'Open Sans', sans-serif; font-weight: 400; text-rendering: optimizelegibility; line-height: 1.4; font-size: 1.125em; text-align: justify;\">El Departament d\u2019Ensenyament convoca els XI Jocs Florals Escolars de Catalunya amb l\u2019objectiu de potenciar i estimular l\u2019expressi\u00f3 i la producci\u00f3 escrites dels nois i noies i fomentar i difondre una tradici\u00f3 cultural pr\u00f2pia i arrelada al pa\u00eds.<\/h5>\n<h5 style=\"box-sizing: border-box; color: #087eb6; margin: 0.2em 0px 0.5em; padding: 0px; direction: ltr; font-family: 'Open Sans', sans-serif; font-weight: 400; text-rendering: optimizelegibility; line-height: 1.4; font-size: 1.125em; text-align: justify;\">S\u2019estableixen diverses categories segons el nivell educatiu. Els Jocs van adre\u00e7ats als centres d\u2019educaci\u00f3 prim\u00e0ria i d\u2019educaci\u00f3 secund\u00e0ria obligat\u00f2ria. Per poder participar en aquesta convocat\u00f2ria cal inscriure\u2019s.<\/h5>\n<h3 style=\"box-sizing: border-box; color: #087eb6; margin: 0.2em 0px 0.5em; padding: 0px; direction: ltr; font-family: 'Open Sans', sans-serif; font-weight: 400; text-rendering: optimizelegibility; line-height: 1.4; font-size: 1.375em;\">\u00a0 \u00a0 \u00a0 \u00a0 \u00a0 \u00a0 \u00a0 \u00a0 \u00a0 \u00a0 \u00a0 \u00a0 \u00a0 \u00a0 \u00a0 \u00a0 \u00a0 \u00a0 \u00a0 \u00a0 \u00a0 \u00a0<a style=\"box-sizing: border-box; color: #087eb6; background: transparent; text-decoration-line: none; line-height: inherit;\" href=\"https:\/\/docs.google.com\/forms\/d\/e\/1FAIpQLScJJap5kAd59den2X1jeqEgiG9roNoUiS9k6Obtz1RMBSqbdg\/viewform\" target=\"_blank\" rel=\"noopener\">FORMULARI D\u2019INSCRIPCI\u00d3<\/a>\u00a0(fins al 25 d\u2019abril)<\/h3>\n<h5 style=\"box-sizing: border-box; color: #087eb6; margin: 0.2em 0px 0.5em; padding: 0px; direction: ltr; font-family: 'Open Sans', sans-serif; font-weight: 400; text-rendering: optimizelegibility; line-height: 1.4; font-size: 1.125em;\"><\/h5>\n<h5 style=\"box-sizing: border-box; color: #087eb6; margin: 0.2em 0px 0.5em; padding: 0px; direction: ltr; font-family: 'Open Sans', sans-serif; font-weight: 400; text-rendering: optimizelegibility; line-height: 1.4; font-size: 1.125em; text-align: center;\"><\/h5>\n<\/td>\n<\/tr>\n<tr style=\"box-sizing: border-box; background: #f9f9f9; height: 144px;\">\n<td style=\"box-sizing: border-box; margin: 0px; padding: 0.5em 0.625em 0.625em; direction: ltr; font-size: 0.875em; color: #222222; line-height: 1.125em; border: 1px solid silver; height: 96px; width: 1003.98px;\" colspan=\"2\">\n<h2 style=\"box-sizing: border-box; color: #087eb6; margin: 0.2em 0px 0.5em; padding: 0.5em 0px 0px; direction: ltr; font-family: 'Open Sans', sans-serif; font-weight: 400; text-rendering: optimizelegibility; line-height: 1.4; text-align: center;\"><a style=\"box-sizing: border-box; color: #087eb6; background: transparent; text-decoration-line: none; line-height: inherit;\" href=\"https:\/\/serveiseducatius.xtec.cat\/selva1\/portada\/jocs-florals-de-catalunya-curs-2024-2025\/\" target=\"_blank\" rel=\"noopener\"><span style=\"box-sizing: border-box; color: #ff9900;\"><strong style=\"box-sizing: border-box; font-weight: bold; line-height: inherit;\">Jocs Florals a la Selva 2024-25. XII Edici\u00f3<\/strong><\/span><\/a><\/h2>\n<h4 style=\"box-sizing: border-box; color: #087eb6; margin: 0.2em 0px 0.5em; padding: 0px; direction: ltr; font-family: 'Open Sans', sans-serif; font-weight: 400; text-rendering: optimizelegibility; line-height: 1.4; font-size: 1.25em; text-align: center;\">23 de\u00a0 maig,\u00a0<span style=\"box-sizing: border-box;\">Acte telem\u00e0tic de lliurament dels guardons a nivell\u00a0 del ST de Girona<\/span><\/h4>\n<p style=\"box-sizing: border-box; margin: 0px 0px 1.25em; padding: 0px; direction: ltr; font-family: inherit; font-weight: normal; font-size: 1em; line-height: 1.6; text-rendering: optimizelegibility; text-align: center;\"><a style=\"box-sizing: border-box; color: #087eb6; background: transparent; text-decoration-line: none; line-height: inherit; font-family: 'Open Sans', sans-serif;\" href=\"https:\/\/drive.google.com\/file\/d\/1TsUXIK6cScoNWAsZtfd5-tApS78PMWrT\/view?usp=sharing\" target=\"_blank\" rel=\"noopener\"><strong style=\"box-sizing: border-box; font-weight: bold; line-height: inherit;\">Vegeu les BASES del concurs<\/strong><\/a><\/p>\n<p style=\"box-sizing: border-box; margin: 0px 0px 1.25em; padding: 0px; direction: ltr; font-family: inherit; font-weight: normal; font-size: 1em; line-height: 1.6; text-rendering: optimizelegibility; text-align: center;\"><a style=\"box-sizing: border-box; color: #087eb6; background: transparent; text-decoration-line: none; line-height: inherit; font-family: 'Open Sans', sans-serif;\" href=\"https:\/\/drive.google.com\/file\/d\/1we8QEb-bJyw5uB0WDKnUjW5dU7Yo5zYA\/view?usp=sharing\" target=\"_blank\" rel=\"noopener\"><strong style=\"box-sizing: border-box; font-weight: bold; line-height: inherit;\">Bases de la categoria H: el conte audiovisual<\/strong><\/a><\/p>\n<p style=\"box-sizing: border-box; margin: 0px 0px 1.25em; padding: 0px; direction: ltr; font-family: inherit; font-weight: normal; font-size: 1em; line-height: 1.6; text-rendering: optimizelegibility; text-align: center;\"><a style=\"box-sizing: border-box; color: #087eb6; background: transparent; text-decoration-line: none; line-height: inherit; font-family: 'Open Sans', sans-serif;\" href=\"https:\/\/xtec.gencat.cat\/ca\/centres\/premis-i-concursos\/jocsflorals\/materials-i-recursos\/\" target=\"_blank\" rel=\"noopener\"><strong style=\"box-sizing: border-box; font-weight: bold; line-height: inherit;\">Tamb\u00e9 hi trobareu materials i recursos per a l\u2019escriptura<\/strong><\/a><\/p>\n<\/td>\n<\/tr>\n<tr style=\"box-sizing: border-box; height: 58px;\">\n<td style=\"box-sizing: border-box; margin: 0px; padding: 0.5em 0.625em 0.625em; direction: ltr; font-size: 0.875em; color: #222222; line-height: 1.125em; border: 1px solid silver; width: 1003.98px; height: 58px;\" colspan=\"2\">\n<h4 style=\"box-sizing: border-box; color: #087eb6; margin: 0.2em 0px 0.5em; padding: 0px; direction: ltr; font-family: 'Open Sans', sans-serif; font-weight: 400; text-rendering: optimizelegibility; line-height: 1.4; font-size: 1.25em; text-align: center;\"><a style=\"box-sizing: border-box; color: #087eb6; background: transparent; text-decoration-line: none; line-height: inherit;\" href=\"https:\/\/view.genially.com\/674d78b80c5773eb00feb2fa\/horizontal-infographic-diagrams-xii-jocs-florals\" target=\"_blank\" rel=\"noopener\"><strong style=\"box-sizing: border-box; font-weight: bold; line-height: inherit;\">FASES DELS JOCS FLORALS<\/strong><\/a><\/h4>\n<\/td>\n<\/tr>\n<\/thead>\n<\/table>\n","protected":false},"excerpt":{"rendered":"<p>XII Edici\u00f3 Jocs Florals a la Selva El Departament d\u2019Ensenyament convoca els XI Jocs Florals Escolars de Catalunya amb l\u2019objectiu de potenciar i estimular l\u2019expressi\u00f3 i la producci\u00f3 escrites dels nois i noies i fomentar i difondre una tradici\u00f3 cultural pr\u00f2pia i arrelada al pa\u00eds. S\u2019estableixen diverses categories segons el nivell educatiu. Els Jocs van [&hellip;]<\/p>\n","protected":false},"author":1,"featured_media":0,"parent":2903,"menu_order":0,"comment_status":"closed","ping_status":"closed","template":"","meta":{"_bbp_topic_count":0,"_bbp_reply_count":0,"_bbp_total_topic_count":0,"_bbp_total_reply_count":0,"_bbp_voice_count":0,"_bbp_anonymous_reply_count":0,"_bbp_topic_count_hidden":0,"_bbp_reply_count_hidden":0,"_bbp_forum_subforum_count":0,"site-sidebar-layout":"default","site-content-layout":"","ast-site-content-layout":"","site-content-style":"default","site-sidebar-style":"default","ast-global-header-display":"","ast-banner-title-visibility":"","ast-main-header-display":"","ast-hfb-above-header-display":"","ast-hfb-below-header-display":"","ast-hfb-mobile-header-display":"","site-post-title":"","ast-breadcrumbs-content":"","ast-featured-img":"","footer-sml-layout":"","theme-transparent-header-meta":"","adv-header-id-meta":"","stick-header-meta":"","header-above-stick-meta":"","header-main-stick-meta":"","header-below-stick-meta":"","astra-migrate-meta-layouts":"default","ast-page-background-enabled":"default","ast-page-background-meta":{"desktop":{"background-color":"var(--ast-global-color-4)","background-image":"","background-repeat":"repeat","background-position":"center center","background-size":"auto","background-attachment":"scroll","background-type":"","background-media":"","overlay-type":"","overlay-color":"","overlay-opacity":"","overlay-gradient":""},"tablet":{"background-color":"","background-image":"","background-repeat":"repeat","background-position":"center center","background-size":"auto","background-attachment":"scroll","background-type":"","background-media":"","overlay-type":"","overlay-color":"","overlay-opacity":"","overlay-gradient":""},"mobile":{"background-color":"","background-image":"","background-repeat":"repeat","background-position":"center center","background-size":"auto","background-attachment":"scroll","background-type":"","background-media":"","overlay-type":"","overlay-color":"","overlay-opacity":"","overlay-gradient":""}},"ast-content-background-meta":{"desktop":{"background-color":"var(--ast-global-color-5)","background-image":"","background-repeat":"repeat","background-position":"center center","background-size":"auto","background-attachment":"scroll","background-type":"","background-media":"","overlay-type":"","overlay-color":"","overlay-opacity":"","overlay-gradient":""},"tablet":{"background-color":"var(--ast-global-color-5)","background-image":"","background-repeat":"repeat","background-position":"center center","background-size":"auto","background-attachment":"scroll","background-type":"","background-media":"","overlay-type":"","overlay-color":"","overlay-opacity":"","overlay-gradient":""},"mobile":{"background-color":"var(--ast-global-color-5)","background-image":"","background-repeat":"repeat","background-position":"center center","background-size":"auto","background-attachment":"scroll","background-type":"","background-media":"","overlay-type":"","overlay-color":"","overlay-opacity":"","overlay-gradient":""}},"footnotes":""},"class_list":["post-11260","page","type-page","status-publish","hentry"],"post_mailing_queue_ids":[],"_links":{"self":[{"href":"https:\/\/serveiseducatius.xtec.cat\/selva1\/wp-json\/wp\/v2\/pages\/11260","targetHints":{"allow":["GET"]}}],"collection":[{"href":"https:\/\/serveiseducatius.xtec.cat\/selva1\/wp-json\/wp\/v2\/pages"}],"about":[{"href":"https:\/\/serveiseducatius.xtec.cat\/selva1\/wp-json\/wp\/v2\/types\/page"}],"author":[{"embeddable":true,"href":"https:\/\/serveiseducatius.xtec.cat\/selva1\/wp-json\/wp\/v2\/users\/1"}],"replies":[{"embeddable":true,"href":"https:\/\/serveiseducatius.xtec.cat\/selva1\/wp-json\/wp\/v2\/comments?post=11260"}],"version-history":[{"count":1,"href":"https:\/\/serveiseducatius.xtec.cat\/selva1\/wp-json\/wp\/v2\/pages\/11260\/revisions"}],"predecessor-version":[{"id":11261,"href":"https:\/\/serveiseducatius.xtec.cat\/selva1\/wp-json\/wp\/v2\/pages\/11260\/revisions\/11261"}],"up":[{"embeddable":true,"href":"https:\/\/serveiseducatius.xtec.cat\/selva1\/wp-json\/wp\/v2\/pages\/2903"}],"wp:attachment":[{"href":"https:\/\/serveiseducatius.xtec.cat\/selva1\/wp-json\/wp\/v2\/media?parent=11260"}],"curies":[{"name":"wp","href":"https:\/\/api.w.org\/{rel}","templated":true}]}}