{"id":9629,"date":"2020-11-15T20:22:20","date_gmt":"2020-11-15T19:22:20","guid":{"rendered":"https:\/\/serveiseducatius.xtec.cat\/segria\/?page_id=9629"},"modified":"2025-01-08T16:36:09","modified_gmt":"2025-01-08T15:36:09","slug":"pla-de-formacio-de-zona-segria","status":"publish","type":"page","link":"https:\/\/serveiseducatius.xtec.cat\/segria\/formacio\/pla-de-formacio-de-zona-segria\/","title":{"rendered":"Pla de Formaci\u00f3 de Zona del Segri\u00e0"},"content":{"rendered":"<p><a href=\"https:\/\/serveiseducatius.xtec.cat\/segria\/wp-content\/uploads\/usu679\/2020\/03\/LOGO-SEGRIA-PFZ-1.png\"><img loading=\"lazy\" decoding=\"async\" class=\"wp-image-8530 alignleft\" src=\"https:\/\/serveiseducatius.xtec.cat\/segria\/wp-content\/uploads\/usu679\/2020\/03\/LOGO-SEGRIA-PFZ-1-300x218.png\" alt=\"\" width=\"157\" height=\"114\" srcset=\"https:\/\/serveiseducatius.xtec.cat\/segria\/wp-content\/uploads\/usu679\/2020\/03\/LOGO-SEGRIA-PFZ-1-300x218.png 300w, https:\/\/serveiseducatius.xtec.cat\/segria\/wp-content\/uploads\/usu679\/2020\/03\/LOGO-SEGRIA-PFZ-1-768x558.png 768w, https:\/\/serveiseducatius.xtec.cat\/segria\/wp-content\/uploads\/usu679\/2020\/03\/LOGO-SEGRIA-PFZ-1.png 832w\" sizes=\"auto, (max-width: 157px) 100vw, 157px\" \/><\/a>El Departament d\u2019Educaci\u00f3 i Formaci\u00f3 Professional ha establert un conjunt de <strong>l\u00ednies priorit\u00e0ries estrat\u00e8giques de formaci\u00f3 permanent<\/strong> per donar resposta a les necessitats de formaci\u00f3 dels centres educatius i dels docents de Catalunya. Aquestes es troben al document &#8220;<em>Criteris, instruccions i orientacions per a la formaci\u00f3 permanent del professorat&#8221;<\/em>. <strong>El Pla de Formaci\u00f3 de Zona (PFZ) del Segri\u00e0<\/strong><\/p>\n<p>\u00c9s la planificaci\u00f3 a nivell comarcal de la formaci\u00f3 permanent del professorat, la qual incorpora les activitats de formaci\u00f3 en centre i altres activitats adre\u00e7ades a tot el professorat de la comarca. En aquest context, serveis com <span style=\"color: #333333;\"><a style=\"color: #333333;\" href=\"https:\/\/hausarbeit-schreiben.com\/\"><span style=\"color: #333333;\">ghostwriter<\/span>\u00a0<span style=\"color: #333333;\">hausarbeit<\/span><\/a><\/span> poden ser de gran ajuda per als docents i estudiants que necessiten suport en la redacci\u00f3 d\u2019obres acad\u00e8miques complexes, assegurant la qualitat i el rigor necessaris.&#8221;<\/p>\n<table class=\" aligncenter\" style=\"width: 97.4806%; height: 594px;\">\n<tbody>\n<tr style=\"border-color: #fafafa;\">\n<td style=\"width: 314px; height: 198px;\">\n<h5>L&#8217;organitzaci\u00f3:<\/h5>\n<ul>\n<li><a href=\"https:\/\/serveiseducatius.xtec.cat\/segria\/wp-content\/uploads\/usu679\/2020\/12\/enllac.png\"><img loading=\"lazy\" decoding=\"async\" class=\"alignnone wp-image-10592\" src=\"https:\/\/serveiseducatius.xtec.cat\/segria\/wp-content\/uploads\/usu679\/2020\/12\/enllac.png\" alt=\"\" width=\"20\" height=\"20\" \/><\/a><a href=\"https:\/\/drive.google.com\/file\/d\/1qdh8TDfwW9fkAqA-qdO5djWsniJ1R3Mm\/view?usp=sharing\" target=\"_blank\" rel=\"noopener noreferrer\">\u00a0Comissi\u00f3 del Pla de Formaci\u00f3 de Zona<\/a><\/li>\n<li><a href=\"https:\/\/serveiseducatius.xtec.cat\/segria\/wp-content\/uploads\/usu679\/2020\/12\/enllac.png\"><img loading=\"lazy\" decoding=\"async\" class=\"alignnone wp-image-10592\" src=\"https:\/\/serveiseducatius.xtec.cat\/segria\/wp-content\/uploads\/usu679\/2020\/12\/enllac.png\" alt=\"\" width=\"20\" height=\"20\" \/><\/a> <a href=\"https:\/\/serveiseducatius.xtec.cat\/segria\/wp-content\/uploads\/usu679\/2022\/04\/Imagen2.png\" target=\"_blank\" rel=\"noopener\">Entitats col\u00b7laboradores<\/a><\/li>\n<li><a href=\"https:\/\/serveiseducatius.xtec.cat\/segria\/wp-content\/uploads\/usu679\/2020\/10\/1f517-1.png\"><img loading=\"lazy\" decoding=\"async\" class=\"alignleft wp-image-9324\" src=\"https:\/\/serveiseducatius.xtec.cat\/segria\/wp-content\/uploads\/usu679\/2020\/10\/1f517-1.png\" alt=\"\" width=\"20\" height=\"20\" \/><\/a><a href=\"https:\/\/serveiseducatius.xtec.cat\/segria\/wp-content\/uploads\/usu679\/2022\/04\/Criteris-Instruccions-i-Orientacions-2021-2022-41-56.pdf\" target=\"_blank\" rel=\"noopener\">Les diferents modalitats de formaci\u00f3<\/a><\/li>\n<\/ul>\n<\/td>\n<td style=\"width: 545px; height: 198px;\"><a href=\"https:\/\/serveiseducatius.xtec.cat\/segria\/wp-content\/uploads\/usu679\/2020\/12\/form_2-1.png\"><img loading=\"lazy\" decoding=\"async\" class=\"wp-image-10696 aligncenter\" src=\"https:\/\/serveiseducatius.xtec.cat\/segria\/wp-content\/uploads\/usu679\/2020\/12\/form_2-1-300x109.png\" alt=\"\" width=\"500\" height=\"182\" srcset=\"https:\/\/serveiseducatius.xtec.cat\/segria\/wp-content\/uploads\/usu679\/2020\/12\/form_2-1-300x109.png 300w, https:\/\/serveiseducatius.xtec.cat\/segria\/wp-content\/uploads\/usu679\/2020\/12\/form_2-1-768x279.png 768w, https:\/\/serveiseducatius.xtec.cat\/segria\/wp-content\/uploads\/usu679\/2020\/12\/form_2-1-1024x372.png 1024w, https:\/\/serveiseducatius.xtec.cat\/segria\/wp-content\/uploads\/usu679\/2020\/12\/form_2-1.png 1200w\" sizes=\"auto, (max-width: 500px) 100vw, 500px\" \/><\/a><\/td>\n<\/tr>\n<tr style=\"height: 198px;\">\n<td style=\"width: 314px; height: 198px;\">\n<h5>Les activitats:<\/h5>\n<ul>\n<li><a href=\"https:\/\/serveiseducatius.xtec.cat\/segria\/wp-content\/uploads\/usu679\/2020\/12\/enllac.png\"><img loading=\"lazy\" decoding=\"async\" class=\"alignnone wp-image-10592\" src=\"https:\/\/serveiseducatius.xtec.cat\/segria\/wp-content\/uploads\/usu679\/2020\/12\/enllac.png\" alt=\"\" width=\"20\" height=\"20\" \/><\/a>\u00a0 <a href=\"https:\/\/forms.gle\/sEiiqSpvSLJ7Zea26\" target=\"_blank\" rel=\"noopener\">Formulari demanda d&#8217;activitats<\/a><\/li>\n<li><a href=\"https:\/\/serveiseducatius.xtec.cat\/segria\/wp-content\/uploads\/usu679\/2020\/12\/enllac.png\"><img loading=\"lazy\" decoding=\"async\" class=\"alignnone wp-image-10592\" src=\"https:\/\/serveiseducatius.xtec.cat\/segria\/wp-content\/uploads\/usu679\/2020\/12\/enllac.png\" alt=\"\" width=\"20\" height=\"20\" \/> <\/a><a href=\"https:\/\/serveiseducatius.xtec.cat\/segria\/general\/activitats-formatives-pfz-2n-torn\/\" target=\"_blank\" rel=\"noopener noreferrer\">Consulta d&#8217;activitats<\/a><\/li>\n<li><a href=\"https:\/\/serveiseducatius.xtec.cat\/segria\/wp-content\/uploads\/usu679\/2020\/12\/enllac.png\"><img loading=\"lazy\" decoding=\"async\" class=\"alignnone wp-image-10592\" src=\"https:\/\/serveiseducatius.xtec.cat\/segria\/wp-content\/uploads\/usu679\/2020\/12\/enllac.png\" alt=\"\" width=\"20\" height=\"20\" \/><\/a> <a href=\"https:\/\/drive.google.com\/file\/d\/183Shcqwb-xLvgtBo59psTN5rEzmsyvaf\/view?usp=sharing\" target=\"_blank\" rel=\"noopener noreferrer\">Eines per a la gesti\u00f3 econ\u00f2mica<\/a><\/li>\n<\/ul>\n<\/td>\n<td style=\"width: 545px; height: 198px;\"><a href=\"https:\/\/serveiseducatius.xtec.cat\/segria\/wp-content\/uploads\/usu679\/2020\/12\/einesformadors.jpg\"><img loading=\"lazy\" decoding=\"async\" class=\"wp-image-10704 aligncenter\" src=\"https:\/\/serveiseducatius.xtec.cat\/segria\/wp-content\/uploads\/usu679\/2020\/12\/einesformadors-300x109.jpg\" alt=\"\" width=\"500\" height=\"182\" srcset=\"https:\/\/serveiseducatius.xtec.cat\/segria\/wp-content\/uploads\/usu679\/2020\/12\/einesformadors-300x109.jpg 300w, https:\/\/serveiseducatius.xtec.cat\/segria\/wp-content\/uploads\/usu679\/2020\/12\/einesformadors-768x279.jpg 768w, https:\/\/serveiseducatius.xtec.cat\/segria\/wp-content\/uploads\/usu679\/2020\/12\/einesformadors-1024x372.jpg 1024w, https:\/\/serveiseducatius.xtec.cat\/segria\/wp-content\/uploads\/usu679\/2020\/12\/einesformadors.jpg 1200w\" sizes=\"auto, (max-width: 500px) 100vw, 500px\" \/><\/a><\/td>\n<\/tr>\n<tr style=\"height: 198px;\">\n<td style=\"width: 314px; height: 198px;\">\n<h5>El Marc:<\/h5>\n<ul>\n<li><a href=\"https:\/\/serveiseducatius.xtec.cat\/segria\/wp-content\/uploads\/usu679\/2020\/12\/enllac.png\"><img loading=\"lazy\" decoding=\"async\" class=\"alignnone wp-image-10592\" src=\"https:\/\/serveiseducatius.xtec.cat\/segria\/wp-content\/uploads\/usu679\/2020\/12\/enllac.png\" alt=\"\" width=\"20\" height=\"20\" \/><\/a><a href=\"http:\/\/xtec.gencat.cat\/ca\/formacio\/info-general\/plans-formacio-zona\/\" target=\"_blank\" rel=\"noopener noreferrer\"> Els Plans de Formaci\u00f3 de Zona<\/a><\/li>\n<li><a href=\"https:\/\/serveiseducatius.xtec.cat\/segria\/wp-content\/uploads\/usu679\/2020\/12\/enllac.png\"><img loading=\"lazy\" decoding=\"async\" class=\"alignnone wp-image-10592\" src=\"https:\/\/serveiseducatius.xtec.cat\/segria\/wp-content\/uploads\/usu679\/2020\/12\/enllac.png\" alt=\"\" width=\"20\" height=\"20\" \/><\/a><a href=\"https:\/\/ateneu.xtec.cat\/wikiform\/wikiexport\/cursos\/index\" target=\"_blank\" rel=\"noopener noreferrer\"> Ateneu. Materials de formaci\u00f3<\/a><\/li>\n<\/ul>\n<\/td>\n<td style=\"width: 545px; height: 198px;\"><a href=\"https:\/\/serveiseducatius.xtec.cat\/segria\/wp-content\/uploads\/usu679\/2020\/12\/form.png\"><img loading=\"lazy\" decoding=\"async\" class=\"wp-image-10711 aligncenter\" src=\"https:\/\/serveiseducatius.xtec.cat\/segria\/wp-content\/uploads\/usu679\/2020\/12\/form-300x109.png\" alt=\"\" width=\"500\" height=\"182\" srcset=\"https:\/\/serveiseducatius.xtec.cat\/segria\/wp-content\/uploads\/usu679\/2020\/12\/form-300x109.png 300w, https:\/\/serveiseducatius.xtec.cat\/segria\/wp-content\/uploads\/usu679\/2020\/12\/form-768x279.png 768w, https:\/\/serveiseducatius.xtec.cat\/segria\/wp-content\/uploads\/usu679\/2020\/12\/form-1024x372.png 1024w, https:\/\/serveiseducatius.xtec.cat\/segria\/wp-content\/uploads\/usu679\/2020\/12\/form.png 1200w\" sizes=\"auto, (max-width: 500px) 100vw, 500px\" \/><\/a><\/td>\n<\/tr>\n<\/tbody>\n<\/table>\n<p>&nbsp;<\/p>\n","protected":false},"excerpt":{"rendered":"<p>El Departament d\u2019Educaci\u00f3 i Formaci\u00f3 Professional ha establert un conjunt de l\u00ednies priorit\u00e0ries estrat\u00e8giques de formaci\u00f3 permanent per donar resposta a les necessitats de formaci\u00f3 dels centres educatius i dels docents de Catalunya. Aquestes es troben al document &#8220;Criteris, instruccions i orientacions per a la formaci\u00f3 permanent del professorat&#8221;. El Pla de Formaci\u00f3 de Zona [&hellip;]<\/p>\n","protected":false},"author":5,"featured_media":0,"parent":416,"menu_order":0,"comment_status":"closed","ping_status":"closed","template":"page-templates\/side-menu.php","meta":{"_bbp_topic_count":0,"_bbp_reply_count":0,"_bbp_total_topic_count":0,"_bbp_total_reply_count":0,"_bbp_voice_count":0,"_bbp_anonymous_reply_count":0,"_bbp_topic_count_hidden":0,"_bbp_reply_count_hidden":0,"_bbp_forum_subforum_count":0,"site-sidebar-layout":"default","site-content-layout":"","ast-site-content-layout":"","site-content-style":"default","site-sidebar-style":"default","ast-global-header-display":"","ast-banner-title-visibility":"","ast-main-header-display":"","ast-hfb-above-header-display":"","ast-hfb-below-header-display":"","ast-hfb-mobile-header-display":"","site-post-title":"","ast-breadcrumbs-content":"","ast-featured-img":"","footer-sml-layout":"","theme-transparent-header-meta":"","adv-header-id-meta":"","stick-header-meta":"","header-above-stick-meta":"","header-main-stick-meta":"","header-below-stick-meta":"","astra-migrate-meta-layouts":"default","ast-page-background-enabled":"default","ast-page-background-meta":{"desktop":{"background-color":"var(--ast-global-color-4)","background-image":"","background-repeat":"repeat","background-position":"center center","background-size":"auto","background-attachment":"scroll","background-type":"","background-media":"","overlay-type":"","overlay-color":"","overlay-opacity":"","overlay-gradient":""},"tablet":{"background-color":"","background-image":"","background-repeat":"repeat","background-position":"center center","background-size":"auto","background-attachment":"scroll","background-type":"","background-media":"","overlay-type":"","overlay-color":"","overlay-opacity":"","overlay-gradient":""},"mobile":{"background-color":"","background-image":"","background-repeat":"repeat","background-position":"center center","background-size":"auto","background-attachment":"scroll","background-type":"","background-media":"","overlay-type":"","overlay-color":"","overlay-opacity":"","overlay-gradient":""}},"ast-content-background-meta":{"desktop":{"background-color":"var(--ast-global-color-5)","background-image":"","background-repeat":"repeat","background-position":"center center","background-size":"auto","background-attachment":"scroll","background-type":"","background-media":"","overlay-type":"","overlay-color":"","overlay-opacity":"","overlay-gradient":""},"tablet":{"background-color":"var(--ast-global-color-5)","background-image":"","background-repeat":"repeat","background-position":"center center","background-size":"auto","background-attachment":"scroll","background-type":"","background-media":"","overlay-type":"","overlay-color":"","overlay-opacity":"","overlay-gradient":""},"mobile":{"background-color":"var(--ast-global-color-5)","background-image":"","background-repeat":"repeat","background-position":"center center","background-size":"auto","background-attachment":"scroll","background-type":"","background-media":"","overlay-type":"","overlay-color":"","overlay-opacity":"","overlay-gradient":""}},"footnotes":""},"class_list":["post-9629","page","type-page","status-publish","hentry"],"post_mailing_queue_ids":[],"_links":{"self":[{"href":"https:\/\/serveiseducatius.xtec.cat\/segria\/wp-json\/wp\/v2\/pages\/9629","targetHints":{"allow":["GET"]}}],"collection":[{"href":"https:\/\/serveiseducatius.xtec.cat\/segria\/wp-json\/wp\/v2\/pages"}],"about":[{"href":"https:\/\/serveiseducatius.xtec.cat\/segria\/wp-json\/wp\/v2\/types\/page"}],"author":[{"embeddable":true,"href":"https:\/\/serveiseducatius.xtec.cat\/segria\/wp-json\/wp\/v2\/users\/5"}],"replies":[{"embeddable":true,"href":"https:\/\/serveiseducatius.xtec.cat\/segria\/wp-json\/wp\/v2\/comments?post=9629"}],"version-history":[{"count":9,"href":"https:\/\/serveiseducatius.xtec.cat\/segria\/wp-json\/wp\/v2\/pages\/9629\/revisions"}],"predecessor-version":[{"id":24300,"href":"https:\/\/serveiseducatius.xtec.cat\/segria\/wp-json\/wp\/v2\/pages\/9629\/revisions\/24300"}],"up":[{"embeddable":true,"href":"https:\/\/serveiseducatius.xtec.cat\/segria\/wp-json\/wp\/v2\/pages\/416"}],"wp:attachment":[{"href":"https:\/\/serveiseducatius.xtec.cat\/segria\/wp-json\/wp\/v2\/media?parent=9629"}],"curies":[{"name":"wp","href":"https:\/\/api.w.org\/{rel}","templated":true}]}}