{"id":8395,"date":"2020-02-27T16:05:49","date_gmt":"2020-02-27T15:05:49","guid":{"rendered":"https:\/\/serveiseducatius.xtec.cat\/segria\/?page_id=8395"},"modified":"2024-07-05T12:09:37","modified_gmt":"2024-07-05T10:09:37","slug":"prestec-aparells-electronics","status":"publish","type":"page","link":"https:\/\/serveiseducatius.xtec.cat\/segria\/quin-tipus-de-material-necessites\/prestec-aparells-electronics\/","title":{"rendered":"Aparells electr\u00f2nics"},"content":{"rendered":"<p style=\"text-align: center;\"><strong>Cliqueu a cada fitxa per veure el detalls, la disponibilitat i el formulari de reserva\/demanda\u200b:<\/strong><\/p>\n<table class=\" aligncenter\" style=\"height: 682px; width: 66.3005%;\">\n<tbody>\n<tr style=\"height: 169px;\">\n<td style=\"width: 161px; height: 169px;\"><a href=\"https:\/\/serveiseducatius.xtec.cat\/segria\/recursos\/altaveu-de-so-portatil-compacte\/\"><img loading=\"lazy\" decoding=\"async\" class=\"alignnone wp-image-8466\" src=\"https:\/\/serveiseducatius.xtec.cat\/segria\/wp-content\/uploads\/usu679\/2020\/02\/equip_megafonia.jpg\" alt=\"\" width=\"168\" height=\"168\" srcset=\"https:\/\/serveiseducatius.xtec.cat\/segria\/wp-content\/uploads\/usu679\/2020\/02\/equip_megafonia.jpg 600w, https:\/\/serveiseducatius.xtec.cat\/segria\/wp-content\/uploads\/usu679\/2020\/02\/equip_megafonia-150x150.jpg 150w, https:\/\/serveiseducatius.xtec.cat\/segria\/wp-content\/uploads\/usu679\/2020\/02\/equip_megafonia-300x300.jpg 300w\" sizes=\"auto, (max-width: 168px) 100vw, 168px\" \/><\/a><\/td>\n<td style=\"width: 160px; height: 169px;\"><a href=\"https:\/\/serveiseducatius.xtec.cat\/segria\/crp\/altaveu-portatil-combo-15\/\"><img loading=\"lazy\" decoding=\"async\" class=\"alignnone wp-image-8476\" src=\"https:\/\/serveiseducatius.xtec.cat\/segria\/wp-content\/uploads\/usu679\/2020\/02\/images.jpg\" alt=\"\" width=\"140\" height=\"140\" srcset=\"https:\/\/serveiseducatius.xtec.cat\/segria\/wp-content\/uploads\/usu679\/2020\/02\/images.jpg 196w, https:\/\/serveiseducatius.xtec.cat\/segria\/wp-content\/uploads\/usu679\/2020\/02\/images-150x150.jpg 150w\" sizes=\"auto, (max-width: 140px) 100vw, 140px\" \/><\/a><\/td>\n<td style=\"width: 191px; height: 169px;\"><a href=\"https:\/\/serveiseducatius.xtec.cat\/segria\/recursos\/projector-epson-emp82\/\"><img loading=\"lazy\" decoding=\"async\" class=\"alignnone wp-image-8475\" src=\"https:\/\/serveiseducatius.xtec.cat\/segria\/wp-content\/uploads\/usu679\/2020\/02\/Projector-Epson_emp82.jpg\" alt=\"\" width=\"160\" height=\"111\" srcset=\"https:\/\/serveiseducatius.xtec.cat\/segria\/wp-content\/uploads\/usu679\/2020\/02\/Projector-Epson_emp82.jpg 401w, https:\/\/serveiseducatius.xtec.cat\/segria\/wp-content\/uploads\/usu679\/2020\/02\/Projector-Epson_emp82-300x208.jpg 300w\" sizes=\"auto, (max-width: 160px) 100vw, 160px\" \/><\/a><\/td>\n<td style=\"width: 177px; height: 169px;\"><a href=\"https:\/\/serveiseducatius.xtec.cat\/segria\/recursos\/pantalles-amb-trespeus-per-a-projeccions\/\"><img loading=\"lazy\" decoding=\"async\" class=\"aligncenter wp-image-8468\" src=\"https:\/\/serveiseducatius.xtec.cat\/segria\/wp-content\/uploads\/usu679\/2020\/02\/image54s.png\" alt=\"\" width=\"93\" height=\"132\" \/><\/a><\/td>\n<td style=\"width: 203px; height: 169px;\"><a href=\"https:\/\/serveiseducatius.xtec.cat\/segria\/wp-content\/uploads\/usu679\/2024\/04\/00000000.png\"><img loading=\"lazy\" decoding=\"async\" class=\"aligncenter wp-image-22547\" src=\"https:\/\/serveiseducatius.xtec.cat\/segria\/wp-content\/uploads\/usu679\/2024\/04\/00000000-225x300.png\" alt=\"\" width=\"133\" height=\"177\" srcset=\"https:\/\/serveiseducatius.xtec.cat\/segria\/wp-content\/uploads\/usu679\/2024\/04\/00000000-225x300.png 225w, https:\/\/serveiseducatius.xtec.cat\/segria\/wp-content\/uploads\/usu679\/2024\/04\/00000000.png 590w\" sizes=\"auto, (max-width: 133px) 100vw, 133px\" \/><\/a><\/td>\n<\/tr>\n<tr style=\"height: 46px;\">\n<td style=\"width: 161px; height: 46px;\"><a href=\"https:\/\/serveiseducatius.xtec.cat\/segria\/recursos\/altaveu-de-so-portatil-compacte\/\"><strong>maletes de so Fonestar<\/strong><\/a><\/td>\n<td style=\"width: 160px; height: 46px;\"><a href=\"https:\/\/serveiseducatius.xtec.cat\/segria\/crp\/altaveu-portatil-combo-15\/\"><strong>maleta de so amb Bluettooth i USB<\/strong><\/a><\/td>\n<td style=\"width: 191px; height: 46px;\"><a href=\"https:\/\/serveiseducatius.xtec.cat\/segria\/recursos\/projector-epson-emp82\/\"><strong>projector EPSON P62<\/strong><\/a><\/td>\n<td style=\"width: 177px; height: 46px;\"><a href=\"https:\/\/serveiseducatius.xtec.cat\/segria\/?p=8917&amp;preview=true\"><strong>pantallles amb peu<\/strong><\/a><\/td>\n<td style=\"width: 203px; height: 46px;\"><a href=\"https:\/\/serveiseducatius.xtec.cat\/segria\/recursos\/set-de-gravacio-per-a-mobils\/\"><strong>set de gravaci\u00f3 (tel\u00e8fons)<\/strong><\/a><\/td>\n<\/tr>\n<tr style=\"height: 205px;\">\n<td style=\"width: 161px; height: 205px;\"><a href=\"https:\/\/serveiseducatius.xtec.cat\/segria\/general\/antic-equip-de-xtecradio\/\"><img loading=\"lazy\" decoding=\"async\" class=\"alignright wp-image-16165 size-medium\" src=\"https:\/\/serveiseducatius.xtec.cat\/segria\/wp-content\/uploads\/usu679\/2022\/02\/nova-mescladora-Bheringer-300x224.png\" alt=\"\" width=\"300\" height=\"224\" srcset=\"https:\/\/serveiseducatius.xtec.cat\/segria\/wp-content\/uploads\/usu679\/2022\/02\/nova-mescladora-Bheringer-300x224.png 300w, https:\/\/serveiseducatius.xtec.cat\/segria\/wp-content\/uploads\/usu679\/2022\/02\/nova-mescladora-Bheringer-200x150.png 200w, https:\/\/serveiseducatius.xtec.cat\/segria\/wp-content\/uploads\/usu679\/2022\/02\/nova-mescladora-Bheringer.png 602w\" sizes=\"auto, (max-width: 300px) 100vw, 300px\" \/><\/a><\/td>\n<td style=\"width: 160px; height: 205px;\"><a href=\"https:\/\/serveiseducatius.xtec.cat\/segria\/recursos\/peu-de-microfon-amb-girafa\/\"><img loading=\"lazy\" decoding=\"async\" class=\"alignnone\" src=\"https:\/\/serveiseducatius.xtec.cat\/segria\/wp-content\/uploads\/usu679\/2020\/02\/images-1.png\" alt=\"\" width=\"163\" height=\"164\" \/><\/a><\/td>\n<td style=\"width: 191px; height: 205px;\"><a href=\"https:\/\/serveiseducatius.xtec.cat\/segria\/recursos\/microfono-inalambrico-akg-wms-40-pro-mini\/\"><img loading=\"lazy\" decoding=\"async\" class=\"aligncenter wp-image-8942\" src=\"https:\/\/serveiseducatius.xtec.cat\/segria\/wp-content\/uploads\/usu679\/2020\/03\/1212121212\u00edndex.jpg\" alt=\"\" width=\"127\" height=\"92\" \/><\/a><\/td>\n<td style=\"width: 177px; height: 205px;\"><a href=\"https:\/\/serveiseducatius.xtec.cat\/segria\/recursos\/retroprojector-3m\/\"><img loading=\"lazy\" decoding=\"async\" class=\"alignnone wp-image-8480\" src=\"https:\/\/serveiseducatius.xtec.cat\/segria\/wp-content\/uploads\/usu679\/2020\/02\/images-1.jpg\" alt=\"\" width=\"110\" height=\"167\" \/><\/a><\/td>\n<td style=\"width: 203px; height: 205px;\"><a href=\"https:\/\/serveiseducatius.xtec.cat\/segria\/wp-content\/uploads\/usu679\/2020\/03\/10.png\"><img loading=\"lazy\" decoding=\"async\" class=\"alignnone size-thumbnail wp-image-23101\" src=\"https:\/\/serveiseducatius.xtec.cat\/segria\/wp-content\/uploads\/usu679\/2020\/03\/10-150x150.png\" alt=\"\" width=\"150\" height=\"150\" \/><\/a><\/td>\n<\/tr>\n<tr style=\"height: 31px;\">\n<td style=\"width: 161px; height: 31px;\"><a href=\"https:\/\/serveiseducatius.xtec.cat\/segria\/general\/antic-equip-de-xtecradio\/\"><strong>equip XTEC R\u00e0dio<\/strong><\/a><\/td>\n<td style=\"width: 160px; height: 31px;\"><a href=\"https:\/\/serveiseducatius.xtec.cat\/segria\/recursos\/peu-de-microfon-amb-girafa\/\"><strong>Peus de micr\u00f2fon <\/strong><\/a><\/td>\n<td style=\"width: 191px; height: 31px;\"><a href=\"https:\/\/serveiseducatius.xtec.cat\/segria\/?p=8941&amp;preview=true\"><strong>Micr\u00f2fon inal\u00e0mbric<\/strong><\/a><\/td>\n<td style=\"width: 177px; height: 31px;\"><strong><a href=\"https:\/\/serveiseducatius.xtec.cat\/segria\/recursos\/retroprojector-3m\/\"><strong>Retroprojector 3M<\/strong><\/a><\/strong><\/td>\n<td style=\"width: 203px; height: 31px;\"><a href=\"https:\/\/serveiseducatius.xtec.cat\/segria\/recursos\/tripode-per-a-fotografia-i-video\/\" target=\"_blank\" rel=\"noopener\">\u00a0\u00a0\u00a0\u00a0\u00a0 <strong>Altaveu Bluetooth<\/strong><\/a><\/td>\n<\/tr>\n<tr style=\"height: 185px;\">\n<td style=\"width: 161px; height: 185px;\"><a href=\"https:\/\/serveiseducatius.xtec.cat\/segria\/recursos\/camara-jvc-avchd\/\"><img loading=\"lazy\" decoding=\"async\" class=\"aligncenter wp-image-8493\" src=\"https:\/\/serveiseducatius.xtec.cat\/segria\/wp-content\/uploads\/usu679\/2020\/03\/11images.jpg\" alt=\"\" width=\"115\" height=\"85\" \/><\/a><\/td>\n<td style=\"width: 160px; height: 185px;\"><a href=\"https:\/\/serveiseducatius.xtec.cat\/segria\/wp-content\/uploads\/usu679\/2024\/07\/Captura-de-pantalla-2024-07-05-120903.png\"><img loading=\"lazy\" decoding=\"async\" class=\"alignnone size-thumbnail wp-image-23144\" src=\"https:\/\/serveiseducatius.xtec.cat\/segria\/wp-content\/uploads\/usu679\/2024\/07\/Captura-de-pantalla-2024-07-05-120903-150x150.png\" alt=\"\" width=\"150\" height=\"150\" \/><\/a><\/td>\n<td style=\"width: 191px; height: 185px;\"><a href=\"https:\/\/serveiseducatius.xtec.cat\/segria\/recursos\/servei-maquina-de-xapes\/\"><img loading=\"lazy\" decoding=\"async\" class=\"aligncenter wp-image-8885\" src=\"https:\/\/serveiseducatius.xtec.cat\/segria\/wp-content\/uploads\/usu679\/2020\/03\/IMG_E9908-e1524643401451-300x276.jpg\" alt=\"\" width=\"130\" height=\"119\" srcset=\"https:\/\/serveiseducatius.xtec.cat\/segria\/wp-content\/uploads\/usu679\/2020\/03\/IMG_E9908-e1524643401451-300x276.jpg 300w, https:\/\/serveiseducatius.xtec.cat\/segria\/wp-content\/uploads\/usu679\/2020\/03\/IMG_E9908-e1524643401451.jpg 406w\" sizes=\"auto, (max-width: 130px) 100vw, 130px\" \/><\/a><\/td>\n<td style=\"width: 177px; height: 185px;\"><a href=\"https:\/\/serveiseducatius.xtec.cat\/segria\/recursos\/taules-de-llum-de-leds\/\"><img loading=\"lazy\" decoding=\"async\" class=\"alignright wp-image-8847 size-full\" src=\"https:\/\/serveiseducatius.xtec.cat\/segria\/wp-content\/uploads\/usu679\/2020\/03\/taulaled2.png\" alt=\"\" width=\"548\" height=\"484\" srcset=\"https:\/\/serveiseducatius.xtec.cat\/segria\/wp-content\/uploads\/usu679\/2020\/03\/taulaled2.png 548w, https:\/\/serveiseducatius.xtec.cat\/segria\/wp-content\/uploads\/usu679\/2020\/03\/taulaled2-300x265.png 300w\" sizes=\"auto, (max-width: 548px) 100vw, 548px\" \/><\/a><\/td>\n<td style=\"width: 203px; height: 185px;\"><a href=\"https:\/\/serveiseducatius.xtec.cat\/segria\/recursos\/microfon-de-solapa-doble-per-gravacions-de-video-mobil\/\"><img loading=\"lazy\" decoding=\"async\" class=\"alignleft wp-image-20849 size-full\" src=\"https:\/\/serveiseducatius.xtec.cat\/segria\/wp-content\/uploads\/usu679\/2023\/11\/ssadadadas.png\" alt=\"\" width=\"578\" height=\"434\" srcset=\"https:\/\/serveiseducatius.xtec.cat\/segria\/wp-content\/uploads\/usu679\/2023\/11\/ssadadadas.png 578w, https:\/\/serveiseducatius.xtec.cat\/segria\/wp-content\/uploads\/usu679\/2023\/11\/ssadadadas-300x225.png 300w, https:\/\/serveiseducatius.xtec.cat\/segria\/wp-content\/uploads\/usu679\/2023\/11\/ssadadadas-200x150.png 200w\" sizes=\"auto, (max-width: 578px) 100vw, 578px\" \/><\/a><\/td>\n<\/tr>\n<tr style=\"height: 46px;\">\n<td style=\"width: 161px; height: 46px;\"><a href=\"https:\/\/serveiseducatius.xtec.cat\/segria\/?p=8927&amp;preview=true\"><strong>c\u00e0mera v\u00eddeo JVC<\/strong><\/a><\/td>\n<td style=\"width: 160px; height: 46px;\"><a href=\"https:\/\/serveiseducatius.xtec.cat\/segria\/recursos\/walkie_talkie\/\"><strong>4 Walkie Talkie<\/strong><\/a><\/td>\n<td style=\"width: 191px; height: 46px;\"><a href=\"https:\/\/serveiseducatius.xtec.cat\/segria\/recursos\/servei-maquina-de-xapes\/\"><strong>\u00a0 \u00a0 \u00a0 \u00a0 Servei de Xapes<\/strong><\/a><\/td>\n<td style=\"width: 177px; height: 46px;\"><a href=\"https:\/\/serveiseducatius.xtec.cat\/segria\/recursos\/taules-de-llum-de-leds\/\"><strong>Tauletes de llum led<\/strong><\/a><\/td>\n<td style=\"width: 203px; height: 46px;\"><a href=\"https:\/\/serveiseducatius.xtec.cat\/segria\/recursos\/microfon-de-solapa-doble-per-gravacions-de-video-mobil\/\"><strong>\u00a0Micr\u00f2fon doble per gravacions v\u00eddeo<\/strong><\/a><\/td>\n<\/tr>\n<\/tbody>\n<\/table>\n","protected":false},"excerpt":{"rendered":"<p>Cliqueu a cada fitxa per veure el detalls, la disponibilitat i el formulari de reserva\/demanda\u200b: maletes de so Fonestar maleta de so amb Bluettooth i USB projector EPSON P62 pantallles amb peu set de gravaci\u00f3 (tel\u00e8fons) equip XTEC R\u00e0dio Peus de micr\u00f2fon Micr\u00f2fon inal\u00e0mbric Retroprojector 3M \u00a0\u00a0\u00a0\u00a0\u00a0 Altaveu Bluetooth c\u00e0mera v\u00eddeo JVC 4 Walkie Talkie [&hellip;]<\/p>\n","protected":false},"author":1,"featured_media":0,"parent":8342,"menu_order":1,"comment_status":"closed","ping_status":"closed","template":"page-templates\/side-menu.php","meta":{"_bbp_topic_count":0,"_bbp_reply_count":0,"_bbp_total_topic_count":0,"_bbp_total_reply_count":0,"_bbp_voice_count":0,"_bbp_anonymous_reply_count":0,"_bbp_topic_count_hidden":0,"_bbp_reply_count_hidden":0,"_bbp_forum_subforum_count":0,"site-sidebar-layout":"default","site-content-layout":"","ast-site-content-layout":"","site-content-style":"default","site-sidebar-style":"default","ast-global-header-display":"","ast-banner-title-visibility":"","ast-main-header-display":"","ast-hfb-above-header-display":"","ast-hfb-below-header-display":"","ast-hfb-mobile-header-display":"","site-post-title":"","ast-breadcrumbs-content":"","ast-featured-img":"","footer-sml-layout":"","theme-transparent-header-meta":"","adv-header-id-meta":"","stick-header-meta":"","header-above-stick-meta":"","header-main-stick-meta":"","header-below-stick-meta":"","astra-migrate-meta-layouts":"default","ast-page-background-enabled":"default","ast-page-background-meta":{"desktop":{"background-color":"var(--ast-global-color-4)","background-image":"","background-repeat":"repeat","background-position":"center center","background-size":"auto","background-attachment":"scroll","background-type":"","background-media":"","overlay-type":"","overlay-color":"","overlay-opacity":"","overlay-gradient":""},"tablet":{"background-color":"","background-image":"","background-repeat":"repeat","background-position":"center center","background-size":"auto","background-attachment":"scroll","background-type":"","background-media":"","overlay-type":"","overlay-color":"","overlay-opacity":"","overlay-gradient":""},"mobile":{"background-color":"","background-image":"","background-repeat":"repeat","background-position":"center center","background-size":"auto","background-attachment":"scroll","background-type":"","background-media":"","overlay-type":"","overlay-color":"","overlay-opacity":"","overlay-gradient":""}},"ast-content-background-meta":{"desktop":{"background-color":"var(--ast-global-color-5)","background-image":"","background-repeat":"repeat","background-position":"center center","background-size":"auto","background-attachment":"scroll","background-type":"","background-media":"","overlay-type":"","overlay-color":"","overlay-opacity":"","overlay-gradient":""},"tablet":{"background-color":"var(--ast-global-color-5)","background-image":"","background-repeat":"repeat","background-position":"center center","background-size":"auto","background-attachment":"scroll","background-type":"","background-media":"","overlay-type":"","overlay-color":"","overlay-opacity":"","overlay-gradient":""},"mobile":{"background-color":"var(--ast-global-color-5)","background-image":"","background-repeat":"repeat","background-position":"center center","background-size":"auto","background-attachment":"scroll","background-type":"","background-media":"","overlay-type":"","overlay-color":"","overlay-opacity":"","overlay-gradient":""}},"footnotes":""},"class_list":["post-8395","page","type-page","status-publish","hentry"],"post_mailing_queue_ids":[],"_links":{"self":[{"href":"https:\/\/serveiseducatius.xtec.cat\/segria\/wp-json\/wp\/v2\/pages\/8395","targetHints":{"allow":["GET"]}}],"collection":[{"href":"https:\/\/serveiseducatius.xtec.cat\/segria\/wp-json\/wp\/v2\/pages"}],"about":[{"href":"https:\/\/serveiseducatius.xtec.cat\/segria\/wp-json\/wp\/v2\/types\/page"}],"author":[{"embeddable":true,"href":"https:\/\/serveiseducatius.xtec.cat\/segria\/wp-json\/wp\/v2\/users\/1"}],"replies":[{"embeddable":true,"href":"https:\/\/serveiseducatius.xtec.cat\/segria\/wp-json\/wp\/v2\/comments?post=8395"}],"version-history":[{"count":7,"href":"https:\/\/serveiseducatius.xtec.cat\/segria\/wp-json\/wp\/v2\/pages\/8395\/revisions"}],"predecessor-version":[{"id":23145,"href":"https:\/\/serveiseducatius.xtec.cat\/segria\/wp-json\/wp\/v2\/pages\/8395\/revisions\/23145"}],"up":[{"embeddable":true,"href":"https:\/\/serveiseducatius.xtec.cat\/segria\/wp-json\/wp\/v2\/pages\/8342"}],"wp:attachment":[{"href":"https:\/\/serveiseducatius.xtec.cat\/segria\/wp-json\/wp\/v2\/media?parent=8395"}],"curies":[{"name":"wp","href":"https:\/\/api.w.org\/{rel}","templated":true}]}}