{"id":8304,"date":"2020-02-18T13:03:45","date_gmt":"2020-02-18T12:03:45","guid":{"rendered":"https:\/\/serveiseducatius.xtec.cat\/segria\/?page_id=8304"},"modified":"2024-10-10T17:09:34","modified_gmt":"2024-10-10T15:09:34","slug":"plans-dentorn-del-segria","status":"publish","type":"page","link":"https:\/\/serveiseducatius.xtec.cat\/segria\/comunitat\/plans-dentorn-del-segria\/","title":{"rendered":"Plans d&#8217;Entorn del Segri\u00e0"},"content":{"rendered":"<p><iframe loading=\"lazy\" src=\"\/\/www.youtube.com\/embed\/6wUOVi7zCuQ?si=d4IT0D8c2gO8td-C\" width=\"560\" height=\"314\" allowfullscreen=\"allowfullscreen\"><\/iframe><\/p>\n<p class=\"rtejustify\" style=\"text-align: justify;\"><a href=\"https:\/\/serveiseducatius.xtec.cat\/segria\/wp-content\/uploads\/usu679\/2020\/02\/pla_ed_entorn_pet.jpg\"><img loading=\"lazy\" decoding=\"async\" class=\"wp-image-8307 alignleft\" src=\"https:\/\/serveiseducatius.xtec.cat\/segria\/wp-content\/uploads\/usu679\/2020\/02\/pla_ed_entorn_pet.jpg\" alt=\"\" width=\"335\" height=\"253\" srcset=\"https:\/\/serveiseducatius.xtec.cat\/segria\/wp-content\/uploads\/usu679\/2020\/02\/pla_ed_entorn_pet.jpg 500w, https:\/\/serveiseducatius.xtec.cat\/segria\/wp-content\/uploads\/usu679\/2020\/02\/pla_ed_entorn_pet-300x227.jpg 300w, https:\/\/serveiseducatius.xtec.cat\/segria\/wp-content\/uploads\/usu679\/2020\/02\/pla_ed_entorn_pet-200x150.jpg 200w\" sizes=\"auto, (max-width: 335px) 100vw, 335px\" \/><\/a><a href=\"http:\/\/xtec.gencat.cat\/ca\/comunitat\/entorn_pee\/\" target=\"_blank\" rel=\"noopener noreferrer\"><strong>Els Plans educatius d\u2019entorn<\/strong> <\/a>s\u00f3n una proposta educativa innovadora que vol donar resposta a les m\u00faltiples necessitats de la nostra societat.<\/p>\n<p class=\"rtejustify\" style=\"text-align: justify;\">S\u00f3n instruments per donar una resposta integrada i comunit\u00e0ria a les necessitats educatives dels membres m\u00e9s joves de la nostra societat, coordinant i dinamitzant l\u2019acci\u00f3 educativa en els diferents \u00e0mbits de la vida dels infants i joves. S\u2019adrecen a tot l\u2019alumnat, i a tota la comunitat educativa, per\u00f2 amb una especial sensibilitat als sectors socials m\u00e9s desafavorits.<\/p>\n<p class=\"rtejustify\" style=\"text-align: justify;\">En aquest marc neix el curs 2016-2017 el <a href=\"https:\/\/educacio.paeria.cat\/lleida-educa\/a-les-escoles-instituts-i-col-legis\/pla-educatiu-dentorn\" target=\"_blank\" rel=\"noopener noreferrer\"><strong>PLA EDUCATIU d\u2019ENTORN DE LLEIDA<\/strong><\/a> que sorgeix d\u2019ampliar el PLA EDUCATIU d\u2019ENTORN DE PARDINYES vigent des del curs 2005-2006.<\/p>\n<ul>\n<li><a href=\"https:\/\/drive.google.com\/open?id=0BzLCCBwoneC7aHBseG1KNXZsSm8\" target=\"_blank\" rel=\"nofollow noopener noreferrer\">Pla Educatiu d&#8217;Entorn de Lleida: Document explicatiu de la seva estructura i funcionament<\/a>.<\/li>\n<\/ul>\n<p><strong>Actualment tamb\u00e9 estan en actiu diferents Plans d&#8217;Entorn a altres municipis del Segri\u00e0:<\/strong><\/p>\n<table style=\"width: 558px;\">\n<tbody>\n<tr>\n<td style=\"width: 552.167px;\">PEE Alcarr\u00e0s &#8211; Torres de Segre<\/td>\n<\/tr>\n<tr>\n<td style=\"width: 552.167px;\">PEE Alt Segri\u00e0 (Almenar i Alfarr\u00e0s)<\/td>\n<\/tr>\n<tr>\n<td style=\"width: 552.167px;\">PEE Baix Segri\u00e0 (Aitona, La Granja d\u2019Escarp, Maials, Massalcoreig, Ser\u00f2s i Soses).<\/td>\n<\/tr>\n<tr>\n<td style=\"width: 552.167px;\">PEE d&#8217;Almacelles<\/td>\n<\/tr>\n<\/tbody>\n<\/table>\n<p>&nbsp;<\/p>\n","protected":false},"excerpt":{"rendered":"<p>Els Plans educatius d\u2019entorn s\u00f3n una proposta educativa innovadora que vol donar resposta a les m\u00faltiples necessitats de la nostra societat. S\u00f3n instruments per donar una resposta integrada i comunit\u00e0ria a les necessitats educatives dels membres m\u00e9s joves de la nostra societat, coordinant i dinamitzant l\u2019acci\u00f3 educativa en els diferents \u00e0mbits de la vida dels [&hellip;]<\/p>\n","protected":false},"author":5,"featured_media":0,"parent":341,"menu_order":0,"comment_status":"closed","ping_status":"closed","template":"page-templates\/side-menu.php","meta":{"_bbp_topic_count":0,"_bbp_reply_count":0,"_bbp_total_topic_count":0,"_bbp_total_reply_count":0,"_bbp_voice_count":0,"_bbp_anonymous_reply_count":0,"_bbp_topic_count_hidden":0,"_bbp_reply_count_hidden":0,"_bbp_forum_subforum_count":0,"site-sidebar-layout":"default","site-content-layout":"","ast-site-content-layout":"","site-content-style":"default","site-sidebar-style":"default","ast-global-header-display":"","ast-banner-title-visibility":"","ast-main-header-display":"","ast-hfb-above-header-display":"","ast-hfb-below-header-display":"","ast-hfb-mobile-header-display":"","site-post-title":"","ast-breadcrumbs-content":"","ast-featured-img":"","footer-sml-layout":"","theme-transparent-header-meta":"","adv-header-id-meta":"","stick-header-meta":"","header-above-stick-meta":"","header-main-stick-meta":"","header-below-stick-meta":"","astra-migrate-meta-layouts":"default","ast-page-background-enabled":"default","ast-page-background-meta":{"desktop":{"background-color":"var(--ast-global-color-4)","background-image":"","background-repeat":"repeat","background-position":"center center","background-size":"auto","background-attachment":"scroll","background-type":"","background-media":"","overlay-type":"","overlay-color":"","overlay-opacity":"","overlay-gradient":""},"tablet":{"background-color":"","background-image":"","background-repeat":"repeat","background-position":"center center","background-size":"auto","background-attachment":"scroll","background-type":"","background-media":"","overlay-type":"","overlay-color":"","overlay-opacity":"","overlay-gradient":""},"mobile":{"background-color":"","background-image":"","background-repeat":"repeat","background-position":"center center","background-size":"auto","background-attachment":"scroll","background-type":"","background-media":"","overlay-type":"","overlay-color":"","overlay-opacity":"","overlay-gradient":""}},"ast-content-background-meta":{"desktop":{"background-color":"var(--ast-global-color-5)","background-image":"","background-repeat":"repeat","background-position":"center center","background-size":"auto","background-attachment":"scroll","background-type":"","background-media":"","overlay-type":"","overlay-color":"","overlay-opacity":"","overlay-gradient":""},"tablet":{"background-color":"var(--ast-global-color-5)","background-image":"","background-repeat":"repeat","background-position":"center center","background-size":"auto","background-attachment":"scroll","background-type":"","background-media":"","overlay-type":"","overlay-color":"","overlay-opacity":"","overlay-gradient":""},"mobile":{"background-color":"var(--ast-global-color-5)","background-image":"","background-repeat":"repeat","background-position":"center center","background-size":"auto","background-attachment":"scroll","background-type":"","background-media":"","overlay-type":"","overlay-color":"","overlay-opacity":"","overlay-gradient":""}},"footnotes":""},"class_list":["post-8304","page","type-page","status-publish","hentry"],"post_mailing_queue_ids":[],"_links":{"self":[{"href":"https:\/\/serveiseducatius.xtec.cat\/segria\/wp-json\/wp\/v2\/pages\/8304","targetHints":{"allow":["GET"]}}],"collection":[{"href":"https:\/\/serveiseducatius.xtec.cat\/segria\/wp-json\/wp\/v2\/pages"}],"about":[{"href":"https:\/\/serveiseducatius.xtec.cat\/segria\/wp-json\/wp\/v2\/types\/page"}],"author":[{"embeddable":true,"href":"https:\/\/serveiseducatius.xtec.cat\/segria\/wp-json\/wp\/v2\/users\/5"}],"replies":[{"embeddable":true,"href":"https:\/\/serveiseducatius.xtec.cat\/segria\/wp-json\/wp\/v2\/comments?post=8304"}],"version-history":[{"count":6,"href":"https:\/\/serveiseducatius.xtec.cat\/segria\/wp-json\/wp\/v2\/pages\/8304\/revisions"}],"predecessor-version":[{"id":23630,"href":"https:\/\/serveiseducatius.xtec.cat\/segria\/wp-json\/wp\/v2\/pages\/8304\/revisions\/23630"}],"up":[{"embeddable":true,"href":"https:\/\/serveiseducatius.xtec.cat\/segria\/wp-json\/wp\/v2\/pages\/341"}],"wp:attachment":[{"href":"https:\/\/serveiseducatius.xtec.cat\/segria\/wp-json\/wp\/v2\/media?parent=8304"}],"curies":[{"name":"wp","href":"https:\/\/api.w.org\/{rel}","templated":true}]}}