{"id":26814,"date":"2026-01-04T18:04:11","date_gmt":"2026-01-04T17:04:11","guid":{"rendered":"https:\/\/serveiseducatius.xtec.cat\/segria\/?page_id=26814"},"modified":"2026-01-04T18:08:51","modified_gmt":"2026-01-04T17:08:51","slug":"que-cal-saber-de-les-activitats-formatives","status":"publish","type":"page","link":"https:\/\/serveiseducatius.xtec.cat\/segria\/que-cal-saber-de-les-activitats-formatives\/","title":{"rendered":"Qu\u00e8 cal saber de les activitats formatives"},"content":{"rendered":"\n<figure class=\"wp-block-image size-full is-resized\"><a href=\"https:\/\/serveiseducatius.xtec.cat\/segria\/wp-content\/uploads\/usu679\/2025\/12\/Captura-de-pantalla-2026-01-04-180203.jpg\"><img loading=\"lazy\" decoding=\"async\" width=\"644\" height=\"567\" src=\"https:\/\/serveiseducatius.xtec.cat\/segria\/wp-content\/uploads\/usu679\/2025\/12\/Captura-de-pantalla-2026-01-04-180203.jpg\" alt=\"\" class=\"wp-image-26828\" style=\"width:209px;height:auto\" srcset=\"https:\/\/serveiseducatius.xtec.cat\/segria\/wp-content\/uploads\/usu679\/2025\/12\/Captura-de-pantalla-2026-01-04-180203.jpg 644w, https:\/\/serveiseducatius.xtec.cat\/segria\/wp-content\/uploads\/usu679\/2025\/12\/Captura-de-pantalla-2026-01-04-180203-300x264.jpg 300w\" sizes=\"auto, (max-width: 644px) 100vw, 644px\" \/><\/a><\/figure>\n\n\n\n<hr class=\"wp-block-separator has-alpha-channel-opacity\"\/>\n\n\n\n<div class=\"wp-block-getwid-accordion has-icon-left\" data-active-element=\"none\">\n<div class=\"wp-block-getwid-accordion__header-wrapper\"><span class=\"wp-block-getwid-accordion__header\"><a href=\"#\"><span class=\"wp-block-getwid-accordion__header-title\">CALENDARI I TIPOLOGIA D&#8217;ACTIVITATS <\/span><span class=\"wp-block-getwid-accordion__icon is-active\"><i class=\"fas fa-plus\"><\/i><\/span><span class=\"wp-block-getwid-accordion__icon is-passive\"><i class=\"fas fa-minus\"><\/i><\/span><\/a><\/span><\/div><div class=\"wp-block-getwid-accordion__content-wrapper\"><div class=\"wp-block-getwid-accordion__content\">\n<p><strong>Calendari d&#8217;inscripci\u00f3 curs 2025-26<\/strong><\/p>\n\n\n\n<p>La inscripci\u00f3 a les activitats de l&#8217;oferta general es realitzar\u00e0 en dos torns, un primer torn al setembre i un segon torn al gener. Al maig s&#8217;obre un altre per\u00edode d&#8217;inscripci\u00f3 per a la formaci\u00f3 d&#8217;estiu que ofereix el Departament, <strong>el PFZ del Segri\u00e0<\/strong>, no cobreix aquesta franja.<\/p>\n\n\n\n<figure class=\"wp-block-table\"><table class=\"has-fixed-layout\"><thead><tr><th>Per\u00edodes d&#8217;inscripci\u00f3<\/th><th>Sol\u00b7licitud de pla\u00e7a<\/th><th>Consulta d\u2019adjudicacions<\/th><th>Inici de les activitats<\/th><\/tr><\/thead><tbody><tr><th>Primer torn<\/th><td>del 5 al 21 de setembre<\/td><td>7 d\u2019octubre<\/td><td>a partir del 13 d&#8217;octubre<\/td><\/tr><tr><th>Segon torn<\/th><td>del 7 al 15 de gener<\/td><td>30 de gener<\/td><td>a partir del 5 de febrer<\/td><\/tr><tr><th>Formaci\u00f3 d&#8217;estiu<\/th><td>del 14 al 28 de maig<\/td><td>16 de juny<\/td><td>a partir de l&#8217;1 de juliol<\/td><\/tr><\/tbody><\/table><\/figure>\n\n\n\n<p>Aquesta oferta es pot complementar amb altres activitats de formaci\u00f3 en centre  (assessorament, FIC, taller a centre i visita a centre) i formaci\u00f3 per a centres (seminaris de coordinaci\u00f3, formaci\u00f3 d\u2019equips de centre, tallers d\u2019equips de centre&#8230;)<strong> a petici\u00f3 dels centres de la zona que s\u2019aniran publicant durant el curs.<\/strong><\/p>\n\n\n\n<p>A banda de les activitats que promociona el  <strong>PFZ del Segri\u00e0<\/strong>, el professorat pot trobar altres activitats formatives a la <strong><a href=\"https:\/\/xtec.gencat.cat\/ca\/formacio\/\">secci\u00f3 de Formaci\u00f3 de la XTEC<\/a><\/strong>. A cadascun dels diferents apartats d\u2019aquesta p\u00e0gina i a trav\u00e9s del <strong><a href=\"https:\/\/xtec.gencat.cat\/ca\/formacio\/info-general\/cercador-activitats\/\">Cercador d&#8217;activitats<\/a><\/strong> es pot accedir a la informaci\u00f3 relacionada i la inscripci\u00f3, sempre que estigui oberta, de les activitats.<\/p>\n\n\n\n<p>L\u2019entorn virtual de formaci\u00f3 de les activitats formatives del professorat \u00e9s l\u2019<strong><a href=\"https:\/\/odissea.xtec.cat\/\" target=\"_blank\" rel=\"noreferrer noopener\">Odissea<\/a><\/strong> (moodle) i, en funci\u00f3 de la proposta formativa, es poden utilitzar altres entorns virtuals com el MEET (videoconfer\u00e8ncies, webinars&#8230;). El professorat que s\u2019inscrigui a les activitats formatives en l\u00ednia haur\u00e0 de preveure la connexi\u00f3 i el treball virtual en els espais i temps sincr\u00f2nics o asincr\u00f2nics que estableixi l\u2019activitat.<\/p>\n<\/div><\/div>\n\n\n\n<div class=\"wp-block-getwid-accordion__header-wrapper\"><span class=\"wp-block-getwid-accordion__header\"><a href=\"#\"><span class=\"wp-block-getwid-accordion__header-title\">SOL\u00b7LICITUD DE PLA\u00c7A <\/span><span class=\"wp-block-getwid-accordion__icon is-active\"><i class=\"fas fa-plus\"><\/i><\/span><span class=\"wp-block-getwid-accordion__icon is-passive\"><i class=\"fas fa-minus\"><\/i><\/span><\/a><\/span><\/div><div class=\"wp-block-getwid-accordion__content-wrapper\"><div class=\"wp-block-getwid-accordion__content\">\n<p>Per sol\u00b7licitar una pla\u00e7a s&#8217;ha de disposar d\u2019usuari i contrasenya XTEC actualitzats. Si s&#8217;ha de sol\u00b7licitar o es tenen problemes amb l\u2019identificador es pot visitar la p\u00e0gina d\u2019<strong><a href=\"https:\/\/xtec.gencat.cat\/ca\/at_usuari\/gestio\/\">Atenci\u00f3 a l\u2019usuari<\/a><\/strong>. Cal tenir en compte que el mitj\u00e0 preferent de comunicaci\u00f3 \u00e9s el correu XTEC.<\/p>\n\n\n\n<p>En el cas de les formacions en l\u00ednia s\u00edncrones, cal identificar-se amb l\u2019usuari XTEC individual i connectar-se amb un dispositiu amb c\u00e0mera, altaveus\/auriculars i micr\u00f2fon operatius, que hauran d&#8217;estar activats al llarg de l&#8217;activitat formativa.<\/p>\n\n\n\n<p>Les sol\u00b7licituds realitzades es poden consultar, anul\u00b7lar o modificar a la p\u00e0gina <strong><a href=\"https:\/\/xtec.gencat.cat\/ca\/formacio\/la-meva-formacio\/les-meves-activitats\/\">Les meves activitats<\/a><\/strong>.<\/p>\n\n\n\n<p>La sol\u00b7licitud d\u2019una pla\u00e7a significa acceptar les condicions d\u2019inscripci\u00f3 i tot all\u00f2 que consta a la descripci\u00f3 de l\u2019activitat en refer\u00e8ncia a dates, horaris, objectius, continguts, persones destinat\u00e0ries i requisits d\u2019acreditaci\u00f3.<\/p>\n<\/div><\/div>\n\n\n\n<div class=\"wp-block-getwid-accordion__header-wrapper\"><span class=\"wp-block-getwid-accordion__header\"><a href=\"#\"><span class=\"wp-block-getwid-accordion__header-title\">ADJUDICACIONS <\/span><span class=\"wp-block-getwid-accordion__icon is-active\"><i class=\"fas fa-plus\"><\/i><\/span><span class=\"wp-block-getwid-accordion__icon is-passive\"><i class=\"fas fa-minus\"><\/i><\/span><\/a><\/span><\/div><div class=\"wp-block-getwid-accordion__content-wrapper\"><div class=\"wp-block-getwid-accordion__content\">\n<p>En el proc\u00e9s d&#8217;adjudicaci\u00f3 de places es tindran en compte els seg\u00fcents criteris, sense perjudici dels criteris espec\u00edfics associats a les activitats formatives.<\/p>\n\n\n\n<ul class=\"wp-block-list\">\n<li>A la formaci\u00f3 individual cal tenir un \u00edndex d\u2019assist\u00e8ncia ponderada a les activitats formatives en els darrers tres anys superior al 50% (columna PAP de l\u2019aplicaci\u00f3 GTAF).<\/li>\n\n\n\n<li>Es prioritza el professorat en actiu en un centre docent.&nbsp;<\/li>\n\n\n\n<li>A les activitats del PFZ es prioritza estar en actiu en un centre de la mateixa zona.&nbsp;<\/li>\n\n\n\n<li>El professorat substitut o inter\u00ed podr\u00e0 inscriure\u2019s tant a la zona on est\u00e0 adscrit, com a la zona on est\u00e0 exercint la doc\u00e8ncia.<\/li>\n\n\n\n<li>A les activitats amb prioritzaci\u00f3 de direcci\u00f3 es t\u00e9 en compte l\u2019ordre indicat per direcci\u00f3.<\/li>\n\n\n\n<li>Altres criteris espec\u00edfics contemplats en l\u2019activitat.&nbsp;<\/li>\n\n\n\n<li>En cas de tractar-se d\u2019una activitat de PFZ, caldr\u00e0 tenir en compte la comissi\u00f3 del PFZ.<br><br><\/li>\n<\/ul>\n\n\n\n<p>Si despr\u00e9s de tenir en compte aquests criteris \u00e9s necessari un desempat entre les sol\u00b7licituds, l\u2019adjudicaci\u00f3 es realitzar\u00e0 alfab\u00e8ticament a partir de les dues primeres lletres del primer cognom definides per sorteig.&nbsp;&nbsp;<strong>Les dues lletres s\u00f3n JX<\/strong>.<\/p>\n\n\n\n<p>S\u2019ha d\u2019evitar demanar pla\u00e7a a dues activitats en horaris coincidents.<\/p>\n\n\n\n<p>Les adjudicacions a les persones que figuren com a \u201csense centre assignat o no actius\u201d es faran una vegada s\u2019assoleixin els m\u00ednims d\u2019assistents fixats per a cada modalitat.&nbsp;<\/p>\n\n\n\n<h3 class=\"wp-block-heading\">Consulta d&#8217;adjudicacions<\/h3>\n\n\n\n<p>Un cop finalitzat el proc\u00e9s d\u2019adjudicacions cal consultar si s\u2019ha estat adm\u00e8s o no a la p\u00e0gina&nbsp;<strong><a href=\"https:\/\/xtec.gencat.cat\/ca\/formacio\/la-meva-formacio\/les-meves-activitats\/\">Les meves activitats<\/a><\/strong>.<\/p>\n<\/div><\/div>\n\n\n\n<div class=\"wp-block-getwid-accordion__header-wrapper\"><span class=\"wp-block-getwid-accordion__header\"><a href=\"#\"><span class=\"wp-block-getwid-accordion__header-title\">BAIXES i\/o NO SEGUIMENT<\/span><span class=\"wp-block-getwid-accordion__icon is-active\"><i class=\"fas fa-plus\"><\/i><\/span><span class=\"wp-block-getwid-accordion__icon is-passive\"><i class=\"fas fa-minus\"><\/i><\/span><\/a><\/span><\/div><div class=\"wp-block-getwid-accordion__content-wrapper\"><div class=\"wp-block-getwid-accordion__content\">\n<p>Baixa comunicada<\/p>\n\n\n\n<p>Si per causes de for\u00e7a major no es pot iniciar l\u2019activitat, s&#8217;ha de comunicar a les persones gestores de l\u2019activitat abans que aquesta comenci, amb la finalitat de poder adjudicar la vacant a una altra persona. Per fer-ho s&#8217;ha d&#8217;entrar a la p\u00e0gina web&nbsp;<strong><a href=\"https:\/\/xtec.gencat.cat\/ca\/formacio\/la-meva-formacio\/les-meves-activitats\/\">Les meves activitats<\/a><\/strong>&nbsp;i clicar damunt de la icona del correu de l&#8217;activitat corresponent.<\/p>\n\n\n\n<p>Si l&#8217;activitat formativa ja s&#8217;ha iniciat i per causes imprevistes no es pot continuar el seu desenvolupament, tamb\u00e9 s\u2019ha de comunicar la baixa a les persones gestores o a la persona formadora de l\u2019activitat.<\/p>\n\n\n\n<h3 class=\"wp-block-heading\">No presentat\/da \/ Abandonament<\/h3>\n\n\n\n<p>La no presentaci\u00f3 a les activitats&nbsp;o la manca de comprom\u00eds de presencialitat i participaci\u00f3 en les sessions s\u00edncrones<strong>,<\/strong>&nbsp;aix\u00ed com l\u2019abandonament de la formaci\u00f3 sense comunicar-ho, pot comportar la no adjudicaci\u00f3 a activitats formatives en sol\u00b7licituds posteriors.<\/p>\n<\/div><\/div>\n\n\n\n<div class=\"wp-block-getwid-accordion__header-wrapper\"><span class=\"wp-block-getwid-accordion__header\"><a href=\"#\"><span class=\"wp-block-getwid-accordion__header-title\">CERTIFICACIONS<\/span><span class=\"wp-block-getwid-accordion__icon is-active\"><i class=\"fas fa-plus\"><\/i><\/span><span class=\"wp-block-getwid-accordion__icon is-passive\"><i class=\"fas fa-minus\"><\/i><\/span><\/a><\/span><\/div><div class=\"wp-block-getwid-accordion__content-wrapper\"><div class=\"wp-block-getwid-accordion__content\">\n<p>El professorat t\u00e9 acc\u00e9s als certificats des de l&#8217;apartat&nbsp;<a href=\"https:\/\/xtec.gencat.cat\/ca\/formacio\/la-meva-formacio\/els-meus-certificats\/\">Els meus certificats<\/a>&nbsp;del web de la XTEC.<\/p>\n\n\n\n<p>Per obtenir el certificat d&#8217;una activitat formativa es requereix l\u2019assist\u00e8ncia m\u00ednima a un 80% de les hores s\u00edncrones (presencials o en l\u00ednia) i l&#8217;avaluaci\u00f3 positiva de totes les tasques encomanades en relaci\u00f3 amb l\u2019aprofitament.&nbsp;En el cas de les activitats telem\u00e0tiques s&#8217;han d&#8217;haver superat tots els m\u00f2duls i el projecte final.<\/p>\n\n\n\n<p>Nom\u00e9s les activitats de 5 o m\u00e9s hores s\u00f3n susceptibles de certificaci\u00f3.<\/p>\n\n\n\n<h3 class=\"wp-block-heading\">Disponibilitat<\/h3>\n\n\n\n<p>Els certificats es podran&nbsp;consultar&nbsp;des de l&#8217;apartat&nbsp;<strong><a href=\"https:\/\/xtec.gencat.cat\/ca\/formacio\/la-meva-formacio\/els-meus-certificats\/\">Els meus certificats<\/a>&nbsp;<\/strong>sis setmanes despr\u00e9s&nbsp;de la&nbsp;data de finalitzaci\u00f3&nbsp;de l&#8217;activitat.&nbsp;Si acabat aquest per\u00edode no hi apareixen, cal posar-se en contacte amb les persones gestores de l&#8217;activitat des de l&#8217;apartat&nbsp;<strong><a href=\"https:\/\/xtec.gencat.cat\/ca\/formacio\/la-meva-formacio\/les-meves-activitats\/\">Les meves activitats<\/a><\/strong>&nbsp;i clicar sobre la icona de correu de l&#8217;activitat que correspongui. Les dades que cal facilitar s\u00f3n:&nbsp;nom, cognoms i&nbsp;DNI&nbsp;de la persona interessada i&nbsp;codi, curs acad\u00e8mic i lloc de realitzaci\u00f3 de l&#8217;activitat.<\/p>\n\n\n\n<h3 class=\"wp-block-heading\">Com accedir-hi?<\/h3>\n\n\n\n<p>Per&nbsp; consultar i\/o obtenir els certificats que consten a l\u2019expedient de formaci\u00f3, s\u2019ha d\u2019accedir a:<\/p>\n\n\n\n<p><strong><a href=\"https:\/\/aplicacions.gestioeducativa.gencat.cat\/ords\/pls\/e13_cert_pub\/certificacio_formacio.menu_opcions\" target=\"_blank\" rel=\"noreferrer noopener\">Els meus certificats<\/a><\/strong><\/p>\n\n\n\n<p>Acc\u00e9s:&nbsp;&nbsp;<\/p>\n\n\n\n<ul class=\"wp-block-list\">\n<li>Docents de centres p\u00fablics:&nbsp;<em>credencials GICAR<\/em><\/li>\n\n\n\n<li>Docents de la borsa de personal docent del Departament d\u2019Educaci\u00f3 i Formaci\u00f3 Professional i docents de centres municipals:&nbsp;<em>Idcat m\u00f2bil\/certificat digital\/cl@ve<\/em><\/li>\n\n\n\n<li>Docents de centres privats i privats concertats:&nbsp;<em>Idcat m\u00f2bil\/certificat digital\/cl@ve<\/em><\/li>\n<\/ul>\n\n\n\n<p>Si teniu problemes de visualitzaci\u00f3, consulteu el&nbsp;<strong><a href=\"https:\/\/www.aoc.cat\/serveis-aoc\/t-cat\/\" target=\"_blank\" rel=\"noreferrer noopener\">Consorci d&#8217;Administraci\u00f3 Oberta de Catalunya<\/a><\/strong><\/p>\n<\/div><\/div>\n<\/div>\n\n\n\n<p><\/p>\n","protected":false},"excerpt":{"rendered":"","protected":false},"author":5,"featured_media":26828,"parent":0,"menu_order":0,"comment_status":"closed","ping_status":"close","template":"","meta":{"_bbp_topic_count":0,"_bbp_reply_count":0,"_bbp_total_topic_count":0,"_bbp_total_reply_count":0,"_bbp_voice_count":0,"_bbp_anonymous_reply_count":0,"_bbp_topic_count_hidden":0,"_bbp_reply_count_hidden":0,"_bbp_forum_subforum_count":0,"site-sidebar-layout":"default","site-content-layout":"","ast-site-content-layout":"","site-content-style":"default","site-sidebar-style":"default","ast-global-header-display":"","ast-banner-title-visibility":"","ast-main-header-display":"","ast-hfb-above-header-display":"","ast-hfb-below-header-display":"","ast-hfb-mobile-header-display":"","site-post-title":"","ast-breadcrumbs-content":"","ast-featured-img":"","footer-sml-layout":"","theme-transparent-header-meta":"","adv-header-id-meta":"","stick-header-meta":"","header-above-stick-meta":"","header-main-stick-meta":"","header-below-stick-meta":"","astra-migrate-meta-layouts":"default","ast-page-background-enabled":"default","ast-page-background-meta":{"desktop":{"background-color":"var(--ast-global-color-4)","background-image":"","background-repeat":"repeat","background-position":"center center","background-size":"auto","background-attachment":"scroll","background-type":"","background-media":"","overlay-type":"","overlay-color":"","overlay-opacity":"","overlay-gradient":""},"tablet":{"background-color":"","background-image":"","background-repeat":"repeat","background-position":"center center","background-size":"auto","background-attachment":"scroll","background-type":"","background-media":"","overlay-type":"","overlay-color":"","overlay-opacity":"","overlay-gradient":""},"mobile":{"background-color":"","background-image":"","background-repeat":"repeat","background-position":"center center","background-size":"auto","background-attachment":"scroll","background-type":"","background-media":"","overlay-type":"","overlay-color":"","overlay-opacity":"","overlay-gradient":""}},"ast-content-background-meta":{"desktop":{"background-color":"var(--ast-global-color-5)","background-image":"","background-repeat":"repeat","background-position":"center center","background-size":"auto","background-attachment":"scroll","background-type":"","background-media":"","overlay-type":"","overlay-color":"","overlay-opacity":"","overlay-gradient":""},"tablet":{"background-color":"var(--ast-global-color-5)","background-image":"","background-repeat":"repeat","background-position":"center center","background-size":"auto","background-attachment":"scroll","background-type":"","background-media":"","overlay-type":"","overlay-color":"","overlay-opacity":"","overlay-gradient":""},"mobile":{"background-color":"var(--ast-global-color-5)","background-image":"","background-repeat":"repeat","background-position":"center center","background-size":"auto","background-attachment":"scroll","background-type":"","background-media":"","overlay-type":"","overlay-color":"","overlay-opacity":"","overlay-gradient":""}},"footnotes":""},"class_list":["post-26814","page","type-page","status-publish","has-post-thumbnail","hentry"],"post_mailing_queue_ids":[],"_links":{"self":[{"href":"https:\/\/serveiseducatius.xtec.cat\/segria\/wp-json\/wp\/v2\/pages\/26814","targetHints":{"allow":["GET"]}}],"collection":[{"href":"https:\/\/serveiseducatius.xtec.cat\/segria\/wp-json\/wp\/v2\/pages"}],"about":[{"href":"https:\/\/serveiseducatius.xtec.cat\/segria\/wp-json\/wp\/v2\/types\/page"}],"author":[{"embeddable":true,"href":"https:\/\/serveiseducatius.xtec.cat\/segria\/wp-json\/wp\/v2\/users\/5"}],"replies":[{"embeddable":true,"href":"https:\/\/serveiseducatius.xtec.cat\/segria\/wp-json\/wp\/v2\/comments?post=26814"}],"version-history":[{"count":5,"href":"https:\/\/serveiseducatius.xtec.cat\/segria\/wp-json\/wp\/v2\/pages\/26814\/revisions"}],"predecessor-version":[{"id":26836,"href":"https:\/\/serveiseducatius.xtec.cat\/segria\/wp-json\/wp\/v2\/pages\/26814\/revisions\/26836"}],"wp:featuredmedia":[{"embeddable":true,"href":"https:\/\/serveiseducatius.xtec.cat\/segria\/wp-json\/wp\/v2\/media\/26828"}],"wp:attachment":[{"href":"https:\/\/serveiseducatius.xtec.cat\/segria\/wp-json\/wp\/v2\/media?parent=26814"}],"curies":[{"name":"wp","href":"https:\/\/api.w.org\/{rel}","templated":true}]}}