{"id":18260,"date":"2022-11-24T12:02:54","date_gmt":"2022-11-24T11:02:54","guid":{"rendered":"https:\/\/serveiseducatius.xtec.cat\/segria\/?page_id=18260"},"modified":"2024-04-12T13:58:39","modified_gmt":"2024-04-12T11:58:39","slug":"aula-maker-recursos","status":"publish","type":"page","link":"https:\/\/serveiseducatius.xtec.cat\/segria\/aula-maker-recursos\/","title":{"rendered":"Aula Maker &#8211; Recursos"},"content":{"rendered":"<p id=\"tw-target-text\" dir=\"ltr\" data-placeholder=\"Traducci\u00f3\"><span lang=\"ca\"><a href=\"https:\/\/serveiseducatius.xtec.cat\/segria\/wp-content\/uploads\/usu679\/2022\/11\/settings-1-1.png\"><img loading=\"lazy\" decoding=\"async\" class=\"alignleft wp-image-18263 \" src=\"https:\/\/serveiseducatius.xtec.cat\/segria\/wp-content\/uploads\/usu679\/2022\/11\/settings-1-1-150x150.png\" alt=\"\" width=\"100\" height=\"100\" \/><\/a>El moviment maker, que prov\u00e9 de la llengua anglesa i significa creador, pret\u00e9n fomentar una de les activitats humanes m\u00e9s b\u00e0siques i importants per al desenvolupament, que \u00e9s l&#8217;acte de crear i produir. La cultura maker es desenvolupa de diferents maneres, amb la participaci\u00f3 de grups que s&#8217;ajunten per aprendre, desenvolupar i aplicar diferents tecnologies, ja siguin anal\u00f2giques o digitals. A les escoles es tradueix ens espais adaptats per a poder desenvolupar les ci\u00e8ncies i la tecnologia amb les destreses manuals.\u00a0<\/span><\/p>\n<p style=\"text-align: center;\"><strong>Prototip Aula Makert:<\/strong><\/p>\n<table style=\"border-collapse: collapse; width: 100%;\">\n<tbody>\n<tr>\n<td style=\"width: 50%;\"><a href=\"https:\/\/serveiseducatius.xtec.cat\/segria\/wp-content\/uploads\/usu679\/2022\/11\/robotschool_0029_30.jpg\"><img loading=\"lazy\" decoding=\"async\" class=\"size-medium wp-image-18302 alignright\" src=\"https:\/\/serveiseducatius.xtec.cat\/segria\/wp-content\/uploads\/usu679\/2022\/11\/robotschool_0029_30-300x169.jpg\" alt=\"\" width=\"300\" height=\"169\" srcset=\"https:\/\/serveiseducatius.xtec.cat\/segria\/wp-content\/uploads\/usu679\/2022\/11\/robotschool_0029_30-300x169.jpg 300w, https:\/\/serveiseducatius.xtec.cat\/segria\/wp-content\/uploads\/usu679\/2022\/11\/robotschool_0029_30-1024x576.jpg 1024w, https:\/\/serveiseducatius.xtec.cat\/segria\/wp-content\/uploads\/usu679\/2022\/11\/robotschool_0029_30-768x432.jpg 768w, https:\/\/serveiseducatius.xtec.cat\/segria\/wp-content\/uploads\/usu679\/2022\/11\/robotschool_0029_30.jpg 1366w\" sizes=\"auto, (max-width: 300px) 100vw, 300px\" \/><\/a><\/td>\n<td style=\"width: 50%;\"><a href=\"https:\/\/serveiseducatius.xtec.cat\/segria\/wp-content\/uploads\/usu679\/2022\/11\/2f5b1a10cc2e881dc2adec04d65d4328.jpg\"><img loading=\"lazy\" decoding=\"async\" class=\"alignleft size-medium wp-image-18303\" src=\"https:\/\/serveiseducatius.xtec.cat\/segria\/wp-content\/uploads\/usu679\/2022\/11\/2f5b1a10cc2e881dc2adec04d65d4328-300x208.jpg\" alt=\"\" width=\"300\" height=\"208\" srcset=\"https:\/\/serveiseducatius.xtec.cat\/segria\/wp-content\/uploads\/usu679\/2022\/11\/2f5b1a10cc2e881dc2adec04d65d4328-300x208.jpg 300w, https:\/\/serveiseducatius.xtec.cat\/segria\/wp-content\/uploads\/usu679\/2022\/11\/2f5b1a10cc2e881dc2adec04d65d4328.jpg 615w\" sizes=\"auto, (max-width: 300px) 100vw, 300px\" \/><\/a><\/td>\n<\/tr>\n<\/tbody>\n<\/table>\n<p><strong><a href=\"https:\/\/serveiseducatius.xtec.cat\/cesire\/faig-fent-per-aprendre-imaginant-globalment\/\" target=\"_blank\" rel=\"noopener\">Projecte FAIG del Departament d&#8217;Educaci\u00f3<\/a><\/strong><\/p>\n<p><a href=\"https:\/\/serveiseducatius.xtec.cat\/segria\/wp-content\/uploads\/usu679\/2024\/04\/FireShot-Capture-078-2-CESIRE-@cesirecat-_-X-twitter.com_.png\"><img loading=\"lazy\" decoding=\"async\" class=\"aligncenter  wp-image-22559\" src=\"https:\/\/serveiseducatius.xtec.cat\/segria\/wp-content\/uploads\/usu679\/2024\/04\/FireShot-Capture-078-2-CESIRE-@cesirecat-_-X-twitter.com_.png\" alt=\"\" width=\"419\" height=\"333\" srcset=\"https:\/\/serveiseducatius.xtec.cat\/segria\/wp-content\/uploads\/usu679\/2024\/04\/FireShot-Capture-078-2-CESIRE-@cesirecat-_-X-twitter.com_.png 498w, https:\/\/serveiseducatius.xtec.cat\/segria\/wp-content\/uploads\/usu679\/2024\/04\/FireShot-Capture-078-2-CESIRE-@cesirecat-_-X-twitter.com_-300x239.png 300w\" sizes=\"auto, (max-width: 419px) 100vw, 419px\" \/><\/a><\/p>\n<p><iframe loading=\"lazy\" src=\"\/\/www.youtube.com\/embed\/3Jv36LoF-7s\" width=\"560\" height=\"314\" allowfullscreen=\"allowfullscreen\"><\/iframe><\/p>\n<p>&nbsp;<\/p>\n<p>&nbsp;<\/p>\n<div style=\"width: 100%;\">\n<div style=\"position: relative; padding-bottom: 56.25%; padding-top: 0; height: 0;\"><\/div>\n<\/div>\n<p>&nbsp;<\/p>\n<hr \/>\n<p><strong>EINES:<\/strong><\/p>\n<p>editor onlline 3D &#8211; <a href=\"https:\/\/www.blockscad3d.com\/editor\/\" target=\"_blank\" rel=\"noopener\">BLOCKSCAD<\/a><\/p>\n<p>editor online 3D &#8211; <a href=\"https:\/\/www.tinkercad.com\/dashboard\" target=\"_blank\" rel=\"noopener\">TINKERCAD<\/a><\/p>\n","protected":false},"excerpt":{"rendered":"<p>El moviment maker, que prov\u00e9 de la llengua anglesa i significa creador, pret\u00e9n fomentar una de les activitats humanes m\u00e9s b\u00e0siques i importants per al desenvolupament, que \u00e9s l&#8217;acte de crear i produir. La cultura maker es desenvolupa de diferents maneres, amb la participaci\u00f3 de grups que s&#8217;ajunten per aprendre, desenvolupar i aplicar diferents tecnologies, [&hellip;]<\/p>\n","protected":false},"author":5,"featured_media":0,"parent":0,"menu_order":0,"comment_status":"closed","ping_status":"closed","template":"","meta":{"_bbp_topic_count":0,"_bbp_reply_count":0,"_bbp_total_topic_count":0,"_bbp_total_reply_count":0,"_bbp_voice_count":0,"_bbp_anonymous_reply_count":0,"_bbp_topic_count_hidden":0,"_bbp_reply_count_hidden":0,"_bbp_forum_subforum_count":0,"site-sidebar-layout":"default","site-content-layout":"","ast-site-content-layout":"","site-content-style":"default","site-sidebar-style":"default","ast-global-header-display":"","ast-banner-title-visibility":"","ast-main-header-display":"","ast-hfb-above-header-display":"","ast-hfb-below-header-display":"","ast-hfb-mobile-header-display":"","site-post-title":"","ast-breadcrumbs-content":"","ast-featured-img":"","footer-sml-layout":"","theme-transparent-header-meta":"","adv-header-id-meta":"","stick-header-meta":"","header-above-stick-meta":"","header-main-stick-meta":"","header-below-stick-meta":"","astra-migrate-meta-layouts":"default","ast-page-background-enabled":"default","ast-page-background-meta":{"desktop":{"background-color":"var(--ast-global-color-4)","background-image":"","background-repeat":"repeat","background-position":"center center","background-size":"auto","background-attachment":"scroll","background-type":"","background-media":"","overlay-type":"","overlay-color":"","overlay-opacity":"","overlay-gradient":""},"tablet":{"background-color":"","background-image":"","background-repeat":"repeat","background-position":"center center","background-size":"auto","background-attachment":"scroll","background-type":"","background-media":"","overlay-type":"","overlay-color":"","overlay-opacity":"","overlay-gradient":""},"mobile":{"background-color":"","background-image":"","background-repeat":"repeat","background-position":"center center","background-size":"auto","background-attachment":"scroll","background-type":"","background-media":"","overlay-type":"","overlay-color":"","overlay-opacity":"","overlay-gradient":""}},"ast-content-background-meta":{"desktop":{"background-color":"var(--ast-global-color-5)","background-image":"","background-repeat":"repeat","background-position":"center center","background-size":"auto","background-attachment":"scroll","background-type":"","background-media":"","overlay-type":"","overlay-color":"","overlay-opacity":"","overlay-gradient":""},"tablet":{"background-color":"var(--ast-global-color-5)","background-image":"","background-repeat":"repeat","background-position":"center center","background-size":"auto","background-attachment":"scroll","background-type":"","background-media":"","overlay-type":"","overlay-color":"","overlay-opacity":"","overlay-gradient":""},"mobile":{"background-color":"var(--ast-global-color-5)","background-image":"","background-repeat":"repeat","background-position":"center center","background-size":"auto","background-attachment":"scroll","background-type":"","background-media":"","overlay-type":"","overlay-color":"","overlay-opacity":"","overlay-gradient":""}},"footnotes":""},"class_list":["post-18260","page","type-page","status-publish","hentry"],"post_mailing_queue_ids":[],"_links":{"self":[{"href":"https:\/\/serveiseducatius.xtec.cat\/segria\/wp-json\/wp\/v2\/pages\/18260","targetHints":{"allow":["GET"]}}],"collection":[{"href":"https:\/\/serveiseducatius.xtec.cat\/segria\/wp-json\/wp\/v2\/pages"}],"about":[{"href":"https:\/\/serveiseducatius.xtec.cat\/segria\/wp-json\/wp\/v2\/types\/page"}],"author":[{"embeddable":true,"href":"https:\/\/serveiseducatius.xtec.cat\/segria\/wp-json\/wp\/v2\/users\/5"}],"replies":[{"embeddable":true,"href":"https:\/\/serveiseducatius.xtec.cat\/segria\/wp-json\/wp\/v2\/comments?post=18260"}],"version-history":[{"count":6,"href":"https:\/\/serveiseducatius.xtec.cat\/segria\/wp-json\/wp\/v2\/pages\/18260\/revisions"}],"predecessor-version":[{"id":22560,"href":"https:\/\/serveiseducatius.xtec.cat\/segria\/wp-json\/wp\/v2\/pages\/18260\/revisions\/22560"}],"wp:attachment":[{"href":"https:\/\/serveiseducatius.xtec.cat\/segria\/wp-json\/wp\/v2\/media?parent=18260"}],"curies":[{"name":"wp","href":"https:\/\/api.w.org\/{rel}","templated":true}]}}