{"id":15851,"date":"2022-01-26T13:08:03","date_gmt":"2022-01-26T12:08:03","guid":{"rendered":"https:\/\/serveiseducatius.xtec.cat\/segria\/?page_id=15851"},"modified":"2022-01-28T20:45:52","modified_gmt":"2022-01-28T19:45:52","slug":"ab-0_6-laboratori-de-ciencia-per-infants","status":"publish","type":"page","link":"https:\/\/serveiseducatius.xtec.cat\/segria\/ab-0_6-laboratori-de-ciencia-per-infants\/","title":{"rendered":"LAB 0_6 | Laboratori de Ci\u00e8ncia per infants"},"content":{"rendered":"<p>El Lab \u00e9s un espai de ci\u00e8ncia en lliure elecci\u00f3 en el que totes les propostes afavoreixen la mobilitzaci\u00f3 d\u2019idees cient\u00edfiques en els infants conjuntament amb les seves fam\u00edlies.<\/p>\n<h6><span style=\"color: #000000;\">Escolliu quin torn de participaci\u00f3 us va millor i <strong>inscriviu online el vostre fill\/a:<\/strong><\/span><\/h6>\n<h3 style=\"text-align: center;\"><strong>PLACES EXAHURIDES!<\/strong><\/h3>\n<div style=\"position: relative; width: 100%; height: 0; padding-top: 56.2500%; padding-bottom: 48px; box-shadow: 0 2px 8px 0 rgba(63,69,81,0.16); margin-top: 1.6em; margin-bottom: 0.9em; overflow: hidden; border-radius: 8px; will-change: transform;\"><iframe style=\"position: absolute; width: 100%; height: 100%; top: 0; left: 0; border: none; padding: 0; margin: 0;\" src=\"https:\/\/www.canva.com\/design\/DAE2jHbA4LI\/view?embed\" allowfullscreen=\"allowfullscreen\"><br \/>\n<\/iframe><\/div>\n<p>Col\u00b7laboren:<\/p>\n<p><a href=\"https:\/\/serveiseducatius.xtec.cat\/segria\/wp-content\/uploads\/usu679\/2022\/01\/FEPTS.jpg\"><img loading=\"lazy\" decoding=\"async\" class=\"alignright wp-image-15853\" src=\"https:\/\/serveiseducatius.xtec.cat\/segria\/wp-content\/uploads\/usu679\/2022\/01\/FEPTS.jpg\" alt=\"\" width=\"137\" height=\"94\" srcset=\"https:\/\/serveiseducatius.xtec.cat\/segria\/wp-content\/uploads\/usu679\/2022\/01\/FEPTS.jpg 203w, https:\/\/serveiseducatius.xtec.cat\/segria\/wp-content\/uploads\/usu679\/2022\/01\/FEPTS-200x139.jpg 200w\" sizes=\"auto, (max-width: 137px) 100vw, 137px\" \/><\/a><a href=\"https:\/\/serveiseducatius.xtec.cat\/segria\/wp-content\/uploads\/usu679\/2022\/01\/iei.jpg\"><img loading=\"lazy\" decoding=\"async\" class=\"alignright wp-image-15855\" src=\"https:\/\/serveiseducatius.xtec.cat\/segria\/wp-content\/uploads\/usu679\/2022\/01\/iei-300x107.jpg\" alt=\"\" width=\"250\" height=\"89\" srcset=\"https:\/\/serveiseducatius.xtec.cat\/segria\/wp-content\/uploads\/usu679\/2022\/01\/iei-300x107.jpg 300w, https:\/\/serveiseducatius.xtec.cat\/segria\/wp-content\/uploads\/usu679\/2022\/01\/iei.jpg 336w\" sizes=\"auto, (max-width: 250px) 100vw, 250px\" \/><\/a><a href=\"https:\/\/serveiseducatius.xtec.cat\/segria\/wp-content\/uploads\/usu679\/2022\/01\/logo-SE-CRP_educacio.png\"><img loading=\"lazy\" decoding=\"async\" class=\"alignright wp-image-15856\" src=\"https:\/\/serveiseducatius.xtec.cat\/segria\/wp-content\/uploads\/usu679\/2022\/01\/logo-SE-CRP_educacio-300x80.png\" alt=\"\" width=\"240\" height=\"64\" srcset=\"https:\/\/serveiseducatius.xtec.cat\/segria\/wp-content\/uploads\/usu679\/2022\/01\/logo-SE-CRP_educacio-300x80.png 300w, https:\/\/serveiseducatius.xtec.cat\/segria\/wp-content\/uploads\/usu679\/2022\/01\/logo-SE-CRP_educacio-768x205.png 768w, https:\/\/serveiseducatius.xtec.cat\/segria\/wp-content\/uploads\/usu679\/2022\/01\/logo-SE-CRP_educacio.png 794w\" sizes=\"auto, (max-width: 240px) 100vw, 240px\" \/><\/a><a href=\"https:\/\/serveiseducatius.xtec.cat\/segria\/wp-content\/uploads\/usu679\/2022\/01\/Logo_Ajuntament_de_Lleida.svg_.png\"><img loading=\"lazy\" decoding=\"async\" class=\"alignright wp-image-15854\" src=\"https:\/\/serveiseducatius.xtec.cat\/segria\/wp-content\/uploads\/usu679\/2022\/01\/Logo_Ajuntament_de_Lleida.svg_-300x151.png\" alt=\"\" width=\"183\" height=\"92\" srcset=\"https:\/\/serveiseducatius.xtec.cat\/segria\/wp-content\/uploads\/usu679\/2022\/01\/Logo_Ajuntament_de_Lleida.svg_-300x151.png 300w, https:\/\/serveiseducatius.xtec.cat\/segria\/wp-content\/uploads\/usu679\/2022\/01\/Logo_Ajuntament_de_Lleida.svg_-1024x517.png 1024w, https:\/\/serveiseducatius.xtec.cat\/segria\/wp-content\/uploads\/usu679\/2022\/01\/Logo_Ajuntament_de_Lleida.svg_-768x388.png 768w, https:\/\/serveiseducatius.xtec.cat\/segria\/wp-content\/uploads\/usu679\/2022\/01\/Logo_Ajuntament_de_Lleida.svg_.png 1280w\" sizes=\"auto, (max-width: 183px) 100vw, 183px\" \/><\/a><\/p>\n","protected":false},"excerpt":{"rendered":"<p>El Lab \u00e9s un espai de ci\u00e8ncia en lliure elecci\u00f3 en el que totes les propostes afavoreixen la mobilitzaci\u00f3 d\u2019idees cient\u00edfiques en els infants conjuntament amb les seves fam\u00edlies.<br \/>\nEscolliu quin torn de participaci\u00f3 us va millor i inscriviu online el vostre fill\/a:<br \/>\nPLACES EXAHURIDES!<\/p>\n<p>Col\u00b7laboren:<br \/>\n<a href=\"https:\/\/serveiseducatius.xtec.cat\/segria\/wp-content\/uploads\/usu679\/2022\/01\/FEPTS.jpg\"><\/a><a href=\"https:\/\/serveiseducatius.xtec.cat\/segria\/wp-content\/uploads\/usu679\/2022\/01\/iei.jpg\"><\/a><a&hellip;  <a href=\"https:\/\/serveiseducatius.xtec.cat\/segria\/ab-0_6-laboratori-de-ciencia-per-infants\/\" title=\"Read LAB 0_6 | Laboratori de Ci\u00e8ncia per infants\">Llegeix m\u00e9s\u00bb<\/a><\/p>\n","protected":false},"author":5,"featured_media":0,"parent":0,"menu_order":0,"comment_status":"closed","ping_status":"closed","template":"","meta":{"_bbp_topic_count":0,"_bbp_reply_count":0,"_bbp_total_topic_count":0,"_bbp_total_reply_count":0,"_bbp_voice_count":0,"_bbp_anonymous_reply_count":0,"_bbp_topic_count_hidden":0,"_bbp_reply_count_hidden":0,"_bbp_forum_subforum_count":0,"footnotes":""},"class_list":["post-15851","page","type-page","status-publish","hentry"],"post_mailing_queue_ids":[],"_links":{"self":[{"href":"https:\/\/serveiseducatius.xtec.cat\/segria\/wp-json\/wp\/v2\/pages\/15851","targetHints":{"allow":["GET"]}}],"collection":[{"href":"https:\/\/serveiseducatius.xtec.cat\/segria\/wp-json\/wp\/v2\/pages"}],"about":[{"href":"https:\/\/serveiseducatius.xtec.cat\/segria\/wp-json\/wp\/v2\/types\/page"}],"author":[{"embeddable":true,"href":"https:\/\/serveiseducatius.xtec.cat\/segria\/wp-json\/wp\/v2\/users\/5"}],"replies":[{"embeddable":true,"href":"https:\/\/serveiseducatius.xtec.cat\/segria\/wp-json\/wp\/v2\/comments?post=15851"}],"version-history":[{"count":3,"href":"https:\/\/serveiseducatius.xtec.cat\/segria\/wp-json\/wp\/v2\/pages\/15851\/revisions"}],"predecessor-version":[{"id":15880,"href":"https:\/\/serveiseducatius.xtec.cat\/segria\/wp-json\/wp\/v2\/pages\/15851\/revisions\/15880"}],"wp:attachment":[{"href":"https:\/\/serveiseducatius.xtec.cat\/segria\/wp-json\/wp\/v2\/media?parent=15851"}],"curies":[{"name":"wp","href":"https:\/\/api.w.org\/{rel}","templated":true}]}}