{"id":8750,"date":"2019-01-30T00:20:20","date_gmt":"2019-01-29T23:20:20","guid":{"rendered":"http:\/\/serveiseducatius.xtec.cat\/segarra\/?page_id=8750"},"modified":"2023-09-11T21:25:02","modified_gmt":"2023-09-11T19:25:02","slug":"els-centres-fan","status":"publish","type":"page","link":"https:\/\/serveiseducatius.xtec.cat\/segarra\/els-centres-fan\/","title":{"rendered":"Els centres fan &#8230;"},"content":{"rendered":"<p style=\"text-align: left;\"><a href=\"https:\/\/sinapsi.xtec.cat\/ca\/\" target=\"_blank\" rel=\"noopener noreferrer\"><strong>Sinapsi<\/strong> <\/a>\u00e9s un agregador de not\u00edcies centrat en l&#8217;ecosistema educatiu catal\u00e0.<a href=\"https:\/\/sinapsi.xtec.cat\/ca\/\" target=\"_blank\" rel=\"noopener noreferrer\"><img loading=\"lazy\" decoding=\"async\" class=\"alignleft wp-image-11821 size-full\" src=\"https:\/\/serveiseducatius.xtec.cat\/segarra\/wp-content\/uploads\/usu1148\/2021\/01\/sinapsi.jpg\" alt=\"\" width=\"200\" height=\"176\" \/><\/a><\/p>\n<p style=\"text-align: left;\">Els seus principals objectius s\u00f3n:<\/p>\n<ul>\n<li style=\"text-align: left;\">Fer visible tot el que fan els centres educatius.<\/li>\n<li style=\"text-align: left;\">Afavorir sinergies entre ells.<\/li>\n<\/ul>\n<p style=\"text-align: left;\">Passegeu-vos per les activitats que es duen a terme als centres:<\/p>\n<table class=\"sensevora\" style=\"width: 100%;\">\n<tbody>\n<tr>\n<td style=\"width: 30%;\"><a href=\"https:\/\/sinapsi.xtec.cat\/ca\/?st=LLE&amp;se=25870607&amp;s=4658,4313,4295,4297,4660,4402,4296,4474,4314,4401,4404,4405,5887,4378,4432&amp;page=1&amp;author_id=1931&amp;author_id=2459&amp;author_id=2231&amp;author_id=3202&amp;author_id=3523&amp;author_id=3062&amp;author_id=3301&amp;author_id=4509&amp;author_id=2663&amp;author_id=750&amp;author_id=2381&amp;author_id=1585&amp;author_id=5637&amp;author_id=1607&amp;author_id=2980&amp;author_id=2289&amp;author_id=2766&amp;author_id=4089&amp;author_id=2080&amp;author_id=4278\" target=\"_blank\" rel=\"noopener noreferrer\"><img loading=\"lazy\" decoding=\"async\" class=\"size-full wp-image-11815 aligncenter\" src=\"https:\/\/serveiseducatius.xtec.cat\/segarra\/wp-content\/uploads\/usu1148\/2021\/01\/segar.jpg\" alt=\"\" width=\"220\" height=\"326\" srcset=\"https:\/\/serveiseducatius.xtec.cat\/segarra\/wp-content\/uploads\/usu1148\/2021\/01\/segar.jpg 220w, https:\/\/serveiseducatius.xtec.cat\/segarra\/wp-content\/uploads\/usu1148\/2021\/01\/segar-202x300.jpg 202w\" sizes=\"auto, (max-width: 220px) 100vw, 220px\" \/><\/a><\/td>\n<td style=\"width: 29.861%;\"><a href=\"https:\/\/sinapsi.xtec.cat\/ca\/synapses\/serveis-educatius?page=1&amp;tag_id=16600&amp;territory_id=5&amp;territory_id=42&amp;municipality_id=171&amp;municipality_id=270&amp;municipality_id=552&amp;municipality_id=651&amp;municipality_id=226&amp;municipality_id=592&amp;municipality_id=497&amp;category_id=5&amp;category_id=7&amp;category_id=8&amp;category_id=12&amp;category_id=13&amp;category_id=14&amp;category_id=16&amp;author_id=3202&amp;author_id=3523&amp;author_id=3301&amp;author_id=3062&amp;author_id=4509&amp;author_id=2663&amp;author_id=750&amp;author_id=2381&amp;author_id=323&amp;author_id=433&amp;author_id=2231&amp;author_id=1931&amp;author_id=3901&amp;author_id=552&amp;author_id=793&amp;author_id=2459&amp;author_id=5417\" target=\"_blank\" rel=\"noopener noreferrer\"><img loading=\"lazy\" decoding=\"async\" class=\"wp-image-11816 aligncenter\" src=\"https:\/\/serveiseducatius.xtec.cat\/segarra\/wp-content\/uploads\/usu1148\/2021\/01\/servei-sin.jpg\" alt=\"\" width=\"234\" height=\"347\" srcset=\"https:\/\/serveiseducatius.xtec.cat\/segarra\/wp-content\/uploads\/usu1148\/2021\/01\/servei-sin.jpg 220w, https:\/\/serveiseducatius.xtec.cat\/segarra\/wp-content\/uploads\/usu1148\/2021\/01\/servei-sin-202x300.jpg 202w\" sizes=\"auto, (max-width: 234px) 100vw, 234px\" \/><\/a><\/td>\n<td style=\"width: 104.383%;\"><a href=\"https:\/\/serveiseducatius.xtec.cat\/segarra\/recursos\/revistes-centres-escolars-de-la-segarra\/\" target=\"_blank\" rel=\"noopener\"><img loading=\"lazy\" decoding=\"async\" class=\"aligncenter wp-image-16152 size-full\" src=\"https:\/\/serveiseducatius.xtec.cat\/segarra\/wp-content\/uploads\/usu1148\/2022\/04\/REVISTES-ESCOLARS.jpg\" alt=\"\" width=\"234\" height=\"347\" srcset=\"https:\/\/serveiseducatius.xtec.cat\/segarra\/wp-content\/uploads\/usu1148\/2022\/04\/REVISTES-ESCOLARS.jpg 234w, https:\/\/serveiseducatius.xtec.cat\/segarra\/wp-content\/uploads\/usu1148\/2022\/04\/REVISTES-ESCOLARS-202x300.jpg 202w\" sizes=\"auto, (max-width: 234px) 100vw, 234px\" \/><\/a><\/td>\n<\/tr>\n<tr>\n<td style=\"text-align: center; width: 30%;\"><strong><a href=\"https:\/\/sinapsi.xtec.cat\/ca\/?st=LLE&amp;se=25870607&amp;s=4658,4313,4295,4297,4660,4402,4296,4474,4314,4401,4404,4405,5887,4378,4432&amp;page=1&amp;author_id=1931&amp;author_id=2459&amp;author_id=2231&amp;author_id=3202&amp;author_id=3523&amp;author_id=3062&amp;author_id=3301&amp;author_id=4509&amp;author_id=2663&amp;author_id=750&amp;author_id=2381&amp;author_id=1585&amp;author_id=5637&amp;author_id=1607&amp;author_id=2980&amp;author_id=2289&amp;author_id=2766&amp;author_id=4089&amp;author_id=2080&amp;author_id=4278\" target=\"_blank\" rel=\"noopener noreferrer\">Activitats dels centres<\/a><\/strong><\/td>\n<td style=\"text-align: center; width: 30%;\"><strong><a href=\"https:\/\/sinapsi.xtec.cat\/ca\/synapses\/serveis-educatius?page=1&amp;tag_id=16600&amp;territory_id=5&amp;territory_id=42&amp;municipality_id=171&amp;municipality_id=270&amp;municipality_id=552&amp;municipality_id=651&amp;municipality_id=226&amp;municipality_id=592&amp;municipality_id=497&amp;category_id=5&amp;category_id=7&amp;category_id=8&amp;category_id=12&amp;category_id=13&amp;category_id=14&amp;category_id=16&amp;author_id=3202&amp;author_id=3523&amp;author_id=3301&amp;author_id=3062&amp;author_id=4509&amp;author_id=2663&amp;author_id=750&amp;author_id=2381&amp;author_id=323&amp;author_id=433&amp;author_id=2231&amp;author_id=1931&amp;author_id=3901&amp;author_id=552&amp;author_id=793&amp;author_id=2459&amp;author_id=5417\" target=\"_blank\" rel=\"noopener noreferrer\">Publicacions del Servei Educatiu<\/a><\/strong><\/td>\n<td style=\"text-align: center; width: 104.383%;\"><a href=\"https:\/\/serveiseducatius.xtec.cat\/segarra\/recursos\/revistes-centres-escolars-de-la-segarra\/\" target=\"_blank\" rel=\"noopener\"><strong>Revistes Centres escolars de la Segarra<\/strong><\/a><\/td>\n<\/tr>\n<\/tbody>\n<\/table>\n<p>&nbsp;<\/p>\n","protected":false},"excerpt":{"rendered":"<p><a href=\"https:\/\/sinapsi.xtec.cat\/ca\/\" target=\"_blank\" rel=\"noopener noreferrer\">Sinapsi <\/a>\u00e9s un agregador de not\u00edcies centrat en l&#8217;ecosistema educatiu catal\u00e0.<a href=\"https:\/\/sinapsi.xtec.cat\/ca\/\" target=\"_blank\" rel=\"noopener noreferrer\"><\/a><br \/>\nEls seus principals objectius s\u00f3n:<\/p>\n<ul>\n<li style=\"text-align: left;\">Fer visible tot el que fan els centres educatius.<\/li>\n<li style=\"text-align: left;\">Afavorir sinergies entre ells.<\/li>\n<\/ul>\n<p>Passegeu-vos per les activitats que es duen a&hellip;  <a href=\"https:\/\/serveiseducatius.xtec.cat\/segarra\/els-centres-fan\/\" title=\"Read Els centres fan &#8230;\">Llegeix m\u00e9s\u00bb<\/a><\/p>\n","protected":false},"author":1,"featured_media":0,"parent":0,"menu_order":10,"comment_status":"closed","ping_status":"closed","template":"","meta":{"_bbp_topic_count":0,"_bbp_reply_count":0,"_bbp_total_topic_count":0,"_bbp_total_reply_count":0,"_bbp_voice_count":0,"_bbp_anonymous_reply_count":0,"_bbp_topic_count_hidden":0,"_bbp_reply_count_hidden":0,"_bbp_forum_subforum_count":0,"footnotes":""},"class_list":["post-8750","page","type-page","status-publish","hentry"],"post_mailing_queue_ids":[],"_links":{"self":[{"href":"https:\/\/serveiseducatius.xtec.cat\/segarra\/wp-json\/wp\/v2\/pages\/8750","targetHints":{"allow":["GET"]}}],"collection":[{"href":"https:\/\/serveiseducatius.xtec.cat\/segarra\/wp-json\/wp\/v2\/pages"}],"about":[{"href":"https:\/\/serveiseducatius.xtec.cat\/segarra\/wp-json\/wp\/v2\/types\/page"}],"author":[{"embeddable":true,"href":"https:\/\/serveiseducatius.xtec.cat\/segarra\/wp-json\/wp\/v2\/users\/1"}],"replies":[{"embeddable":true,"href":"https:\/\/serveiseducatius.xtec.cat\/segarra\/wp-json\/wp\/v2\/comments?post=8750"}],"version-history":[{"count":4,"href":"https:\/\/serveiseducatius.xtec.cat\/segarra\/wp-json\/wp\/v2\/pages\/8750\/revisions"}],"predecessor-version":[{"id":16165,"href":"https:\/\/serveiseducatius.xtec.cat\/segarra\/wp-json\/wp\/v2\/pages\/8750\/revisions\/16165"}],"wp:attachment":[{"href":"https:\/\/serveiseducatius.xtec.cat\/segarra\/wp-json\/wp\/v2\/media?parent=8750"}],"curies":[{"name":"wp","href":"https:\/\/api.w.org\/{rel}","templated":true}]}}