{"id":8480,"date":"2019-11-05T09:39:44","date_gmt":"2019-11-05T08:39:44","guid":{"rendered":"http:\/\/serveiseducatius.xtec.cat\/segarra\/?page_id=8480"},"modified":"2026-02-12T12:56:30","modified_gmt":"2026-02-12T11:56:30","slug":"pla-dinamica-educativa","status":"publish","type":"page","link":"https:\/\/serveiseducatius.xtec.cat\/segarra\/els-centres-fan\/pla-dinamica-educativa\/","title":{"rendered":"Cat\u00e0leg d&#8217;activitats educatives CC de la Segarra 2025-2026"},"content":{"rendered":"<h5 class=\"documentDescription description text-gray\"><strong>El Consell Comarcal de la Segarra ofereix als centres educatius un nou Cat\u00e0leg d\u2019activitats educatives.<\/strong><\/h5>\n<p>El nou Cat\u00e0leg impulsat pel <strong>Consell Comarcal<\/strong> amb la col\u00b7laboraci\u00f3 del <strong>Centre de Recursos Pedag\u00f2gics de la Segarra <\/strong>presenta m\u00e9s de 90 activitats, adre\u00e7ades a tot l&#8217;alumnat de la comarca.<\/p>\n<p>Activitats que s\u2019ofereixen des del mateix Consell Comarcal de la Segarra i d\u2019altres institucions, entitats i empreses que treballen a la comarca, amb l\u2019objectiu de donar a con\u00e8ixer i entendre el nostre entorn, les instal\u00b7lacions comarcals i els serveis que s\u2019ofereixen des d&#8217;un punt de vista pedag\u00f2gic.<\/p>\n<p><a href=\"https:\/\/drive.google.com\/file\/d\/1QJF1eUfccdy_dz-5L1j91OwLACGyZKOe\/view?usp=sharing\" target=\"_blank\" rel=\"noopener\">En aquest enlla\u00e7 <\/a>us podeu descarregar el cat\u00e0leg.<\/p>\n<p><a href=\"https:\/\/serveiseducatius.xtec.cat\/segarra\/wp-content\/uploads\/usu1148\/2026\/02\/CAE-2025-2026-portada.png\"><img loading=\"lazy\" decoding=\"async\" class=\"alignnone wp-image-22604 size-medium\" src=\"https:\/\/serveiseducatius.xtec.cat\/segarra\/wp-content\/uploads\/usu1148\/2026\/02\/CAE-2025-2026-portada-213x300.png\" alt=\"\" width=\"213\" height=\"300\" srcset=\"https:\/\/serveiseducatius.xtec.cat\/segarra\/wp-content\/uploads\/usu1148\/2026\/02\/CAE-2025-2026-portada-213x300.png 213w, https:\/\/serveiseducatius.xtec.cat\/segarra\/wp-content\/uploads\/usu1148\/2026\/02\/CAE-2025-2026-portada.png 637w\" sizes=\"auto, (max-width: 213px) 100vw, 213px\" \/><\/a><\/p>\n","protected":false},"excerpt":{"rendered":"<p>El Consell Comarcal de la Segarra ofereix als centres educatius un nou Cat\u00e0leg d\u2019activitats educatives.<br \/>\nEl nou Cat\u00e0leg impulsat pel Consell Comarcal amb la col\u00b7laboraci\u00f3 del Centre de Recursos Pedag\u00f2gics de la Segarra presenta m\u00e9s de 90 activitats, adre\u00e7ades a tot l&#8217;alumnat de la comarca.<br \/>\nActivitats que&hellip;  <a href=\"https:\/\/serveiseducatius.xtec.cat\/segarra\/els-centres-fan\/pla-dinamica-educativa\/\" title=\"Read Cat\u00e0leg d&#8217;activitats educatives CC de la Segarra 2025-2026\">Llegeix m\u00e9s\u00bb<\/a><\/p>\n","protected":false},"author":4,"featured_media":0,"parent":8750,"menu_order":20,"comment_status":"closed","ping_status":"closed","template":"","meta":{"_bbp_topic_count":0,"_bbp_reply_count":0,"_bbp_total_topic_count":0,"_bbp_total_reply_count":0,"_bbp_voice_count":0,"_bbp_anonymous_reply_count":0,"_bbp_topic_count_hidden":0,"_bbp_reply_count_hidden":0,"_bbp_forum_subforum_count":0,"footnotes":""},"class_list":["post-8480","page","type-page","status-publish","hentry"],"post_mailing_queue_ids":[],"_links":{"self":[{"href":"https:\/\/serveiseducatius.xtec.cat\/segarra\/wp-json\/wp\/v2\/pages\/8480","targetHints":{"allow":["GET"]}}],"collection":[{"href":"https:\/\/serveiseducatius.xtec.cat\/segarra\/wp-json\/wp\/v2\/pages"}],"about":[{"href":"https:\/\/serveiseducatius.xtec.cat\/segarra\/wp-json\/wp\/v2\/types\/page"}],"author":[{"embeddable":true,"href":"https:\/\/serveiseducatius.xtec.cat\/segarra\/wp-json\/wp\/v2\/users\/4"}],"replies":[{"embeddable":true,"href":"https:\/\/serveiseducatius.xtec.cat\/segarra\/wp-json\/wp\/v2\/comments?post=8480"}],"version-history":[{"count":6,"href":"https:\/\/serveiseducatius.xtec.cat\/segarra\/wp-json\/wp\/v2\/pages\/8480\/revisions"}],"predecessor-version":[{"id":22605,"href":"https:\/\/serveiseducatius.xtec.cat\/segarra\/wp-json\/wp\/v2\/pages\/8480\/revisions\/22605"}],"up":[{"embeddable":true,"href":"https:\/\/serveiseducatius.xtec.cat\/segarra\/wp-json\/wp\/v2\/pages\/8750"}],"wp:attachment":[{"href":"https:\/\/serveiseducatius.xtec.cat\/segarra\/wp-json\/wp\/v2\/media?parent=8480"}],"curies":[{"name":"wp","href":"https:\/\/api.w.org\/{rel}","templated":true}]}}