{"id":13781,"date":"2021-07-30T17:52:38","date_gmt":"2021-07-30T15:52:38","guid":{"rendered":"https:\/\/serveiseducatius.xtec.cat\/segarra\/?page_id=13781"},"modified":"2024-07-15T11:43:04","modified_gmt":"2024-07-15T09:43:04","slug":"code-master","status":"publish","type":"page","link":"https:\/\/serveiseducatius.xtec.cat\/segarra\/cultura_digital\/pensament-computacional-i-robotica\/code-master\/","title":{"rendered":"Code Master"},"content":{"rendered":"<table class=\"sensevora\" style=\"border-collapse: collapse; width: 100%; height: 639px;\">\n<tbody>\n<tr style=\"height: 575px;\">\n<td style=\"width: 70%; height: 575px;\"><span style=\"font-size: 14pt;\"><strong>VIDEO EXPLICATIU \u00abContingut caixa i instruccions jo<\/strong><strong>c\u00bb<\/strong><\/span><\/p>\n<p><iframe loading=\"lazy\" title=\"YouTube video player\" src=\"https:\/\/www.youtube.com\/embed\/ueY6-HpkxOc\" width=\"760\" height=\"515\" frameborder=\"0\" allowfullscreen=\"allowfullscreen\"><\/iframe><\/p>\n<p style=\"text-align: left;\">\n<\/td>\n<td style=\"width: 30%; vertical-align: middle;\"><strong><span style=\"font-family: helvetica, arial, sans-serif; font-size: 14pt;\"><a href=\"https:\/\/drive.google.com\/drive\/folders\/1uNhI_9-bicRUkA5xggsz5FOwqqfUJ9Ql\" target=\"_blank\" rel=\"noopener\">\ud83d\udd17<\/a><\/span><a href=\"https:\/\/drive.google.com\/file\/d\/1yhTczsKyZrbksm4XOkurYzLG5b8kpzUo\/view?usp=sharing\" target=\"_blank\" rel=\"noopener\"><span style=\"font-family: helvetica, arial, sans-serif; font-size: 14pt;\">MALETA<\/span><span style=\"font-family: helvetica, arial, sans-serif; font-size: 14pt;\"> N\u00ba<\/span><span style=\"font-family: helvetica, arial, sans-serif; font-size: 14pt;\"> 76<\/span><\/a><\/strong><\/p>\n<p style=\"text-align: left;\"><span style=\"font-family: helvetica, arial, sans-serif; font-size: 12pt;\"><strong>\u00c9s interessant perqu\u00e8<\/strong>:<\/span><\/p>\n<ul>\n<li style=\"text-align: left;\">S&#8217;apr\u00e8n els conceptes b\u00e0sics de programaci\u00f3 sense ordinador.<\/li>\n<li style=\"text-align: left;\">Desenvolupa el pensament cr\u00edtic.<\/li>\n<li style=\"text-align: left;\">Fomenta el treball cooperatiu.<\/li>\n<\/ul>\n<p>&nbsp;<\/p>\n<p><strong><img loading=\"lazy\" decoding=\"async\" class=\"alignleft wp-image-13679\" src=\"https:\/\/serveiseducatius.xtec.cat\/segarra\/wp-content\/uploads\/usu1148\/2021\/07\/pdf-48.png\" alt=\"\" width=\"39\" height=\"39\" \/><\/strong><\/p>\n<p><strong><a href=\"https:\/\/drive.google.com\/file\/d\/1CBiz81AMkN-vmuhnZkWwiVJuPUJiUxMu\/view\" target=\"_blank\" rel=\"noopener\">Manual instruccions (PDF)<\/a><\/strong><\/p>\n<p>&nbsp;<\/p>\n<p><span style=\"font-family: helvetica, arial, sans-serif; font-size: 12pt;\"><strong>Demana-la al CRP:<\/strong><\/span><\/p>\n<p><span style=\"font-family: helvetica, arial, sans-serif; font-size: 12pt;\"> <strong><a class=\"css-button-2\" href=\"https:\/\/forms.gle\/fgRwP8fsJA3QHyav7\" target=\"_blank\" rel=\"noopener\"><span class=\"css-button-2-text\">Fitxa Pr\u00e9stec<\/span><\/a><\/strong><\/span><\/td>\n<\/tr>\n<\/tbody>\n<\/table>\n","protected":false},"excerpt":{"rendered":"<p>VIDEO EXPLICATIU \u00abContingut caixa i instruccions joc\u00bb<\/p>\n<p><a href=\"https:\/\/drive.google.com\/drive\/folders\/1uNhI_9-bicRUkA5xggsz5FOwqqfUJ9Ql\" target=\"_blank\" rel=\"noopener\">\ud83d\udd17<\/a><a href=\"https:\/\/drive.google.com\/file\/d\/1yhTczsKyZrbksm4XOkurYzLG5b8kpzUo\/view?usp=sharing\" target=\"_blank\" rel=\"noopener\">MALETA N\u00ba 76<\/a><br \/>\n\u00c9s interessant perqu\u00e8:<\/p>\n<ul>\n<li style=\"text-align: left;\">S&#8217;apr\u00e8n els conceptes b\u00e0sics de programaci\u00f3 sense ordinador.<\/li>\n<li style=\"text-align: left;\">Desenvolupa el pensament cr\u00edtic.<\/li>\n<li style=\"text-align: left;\">Fomenta el treball cooperatiu.<\/li>\n<\/ul>\n<p>&nbsp;<\/p>\n<p><a href=\"https:\/\/drive.google.com\/file\/d\/1CBiz81AMkN-vmuhnZkWwiVJuPUJiUxMu\/view\" target=\"_blank\" rel=\"noopener\">Manual instruccions (PDF)<\/a><br \/>\n&nbsp;<br \/>\nDemana-la al CRP:<br \/>\n <a class=\"css-button-2\"&hellip;  <a href=\"https:\/\/serveiseducatius.xtec.cat\/segarra\/cultura_digital\/pensament-computacional-i-robotica\/code-master\/\" title=\"Read Code Master\">Llegeix m\u00e9s\u00bb<\/a><\/p>\n","protected":false},"author":4,"featured_media":0,"parent":13719,"menu_order":5,"comment_status":"closed","ping_status":"closed","template":"page-templates\/side-menu.php","meta":{"_bbp_topic_count":0,"_bbp_reply_count":0,"_bbp_total_topic_count":0,"_bbp_total_reply_count":0,"_bbp_voice_count":0,"_bbp_anonymous_reply_count":0,"_bbp_topic_count_hidden":0,"_bbp_reply_count_hidden":0,"_bbp_forum_subforum_count":0,"footnotes":""},"class_list":["post-13781","page","type-page","status-publish","hentry"],"post_mailing_queue_ids":[],"_links":{"self":[{"href":"https:\/\/serveiseducatius.xtec.cat\/segarra\/wp-json\/wp\/v2\/pages\/13781","targetHints":{"allow":["GET"]}}],"collection":[{"href":"https:\/\/serveiseducatius.xtec.cat\/segarra\/wp-json\/wp\/v2\/pages"}],"about":[{"href":"https:\/\/serveiseducatius.xtec.cat\/segarra\/wp-json\/wp\/v2\/types\/page"}],"author":[{"embeddable":true,"href":"https:\/\/serveiseducatius.xtec.cat\/segarra\/wp-json\/wp\/v2\/users\/4"}],"replies":[{"embeddable":true,"href":"https:\/\/serveiseducatius.xtec.cat\/segarra\/wp-json\/wp\/v2\/comments?post=13781"}],"version-history":[{"count":4,"href":"https:\/\/serveiseducatius.xtec.cat\/segarra\/wp-json\/wp\/v2\/pages\/13781\/revisions"}],"predecessor-version":[{"id":20968,"href":"https:\/\/serveiseducatius.xtec.cat\/segarra\/wp-json\/wp\/v2\/pages\/13781\/revisions\/20968"}],"up":[{"embeddable":true,"href":"https:\/\/serveiseducatius.xtec.cat\/segarra\/wp-json\/wp\/v2\/pages\/13719"}],"wp:attachment":[{"href":"https:\/\/serveiseducatius.xtec.cat\/segarra\/wp-json\/wp\/v2\/media?parent=13781"}],"curies":[{"name":"wp","href":"https:\/\/api.w.org\/{rel}","templated":true}]}}