{"id":9,"date":"2014-09-12T10:15:01","date_gmt":"2014-09-12T10:15:01","guid":{"rendered":"http:\/\/serveiseducatius.xtec.cat\/se-index\/?page_id=9"},"modified":"2021-08-27T07:54:34","modified_gmt":"2021-08-27T05:54:34","slug":"pagina-dinici-buida","status":"publish","type":"page","link":"https:\/\/serveiseducatius.xtec.cat\/se-index\/","title":{"rendered":"Inici"},"content":{"rendered":"<div class=\"sec_gris\" class=\"row\">\n<div>\n<div id=\"fila1\" class=\"row\">\n<div class=\"columns small-12 large-8\" style=\"padding-left: 0;\">\n<h1 class=\"big\"><span style=\"font-weight: 450;\">serveiseducatius<\/span><span style=\"font-weight: 100;\">.xtec.cat<\/span><\/h1>\n<p><input id=\"cercador\" type=\"text\" placeholder=\"Cerca per paraula clau...\" \/><span class=\"lupa\"><img decoding=\"async\" alt=\"lupa\" src=\"https:\/\/projectes.xtec.cat\/index\/wp-content\/uploads\/usu2418\/2021\/03\/lupa.png\" \/><\/span><\/p>\n<p>Comarques: #<a class=\"tag comarca\" data-desc=\"BCO\">Barcelona comarques<\/a> #<a data-desc=\"BLL\" class=\"tag comarca\">Baix Llobregat<\/a> #<a class=\"tag comarca\" data-desc=\"CEB\">CE Barcelona<\/a> #<a class=\"tag comarca\" data-desc=\"CCE\">Catalunya central<\/a> #<a data-desc=\"GIR\" class=\"tag comarca\">Girona<\/a> #<a data-desc=\"LLE\" class=\"tag comarca\">Lleida<\/a> #<a data-desc=\"MVO\" class=\"tag comarca\">Maresme-Vall\u00e8s oriental<\/a> #<a class=\"tag comarca\" data-desc=\"TAR\">Tarragona<\/a> #<a class=\"tag comarca\" data-desc=\"TEB\">Terres de l&#8217;Ebre<\/a> #<a class=\"tag comarca\" data-desc=\"VOC\">Vall\u00e8s occidental<\/a><br \/>\nTipus: #<a class=\"tag tipus\" data-desc=\"SEZ\">Serveis educatius de zona<\/a> #<a class=\"tag tipus\" data-desc=\"CdA\">Camps i entorns d&#8217;aprenentatge<\/a> #<a class=\"tag tipus\" data-desc=\"CREDA\">CREDA<\/a> #<a class=\"tag tipus\" data-desc=\"Cesire\">Cesire<\/a>\n<\/div>\n<div class=\"columns small-12 large-4\" style=\"padding-left: 0;\">\n<div class=\"info\">\n<p>Els <strong>serveis educatius<\/strong> s\u00f3n equips multiprofessionals que donen suport i assessorament a docents, alumnes i fam\u00edlies de centres educatius p\u00fablics i privats concertats de nivells educatius no universitaris.<\/p>\n<p>Aqu\u00ed podeu consultar les dades i accedir a les seves webs <a target=\"_blank\" href=\"https:\/\/agora.xtec.cat\/nodes\" rel=\"noopener noreferrer\">Nodes<\/a>.<\/p>\n<\/div>\n<\/div>\n<\/div>\n<\/div>\n<\/div>\n<div class=\"index_homepage\">\n<div id=\"fila2\">\n<div style=\"text-align:right\"> Visualitza: <a id=\"format_taula\"><span class=\"dashicons dashicons-editor-justify\"><\/span><\/a> <a id=\"format_targetes\"><span class=\"dashicons dashicons-screenoptions\"><\/span><\/a> <\/div>\n<table id=\"serveiseducatius\" class=\"display\" style=\"width: 100%;\">\n<thead>\n<tr>\n<th><\/th>\n<th>Servei<\/th>\n<th>Tipus<\/th>\n<th>Codi<\/th>\n<th>Adre\u00e7a<\/th>\n<th>Municipi<\/th>\n<th>Comarca<\/th>\n<th>ST<\/th>\n<th>Tel\u00e8fons<\/th>\n<th>Publicacions<\/th>\n<th>Actualitzat<\/th>\n<\/tr>\n<\/thead>\n<\/table>\n<\/div>\n<\/div>\n","protected":false},"excerpt":{"rendered":"<p>serveiseducatius.xtec.cat<\/p>\n<p>Comarques: #<a class=\"tag comarca\" data-desc=\"BCO\">Barcelona comarques<\/a> #<a data-desc=\"BLL\" class=\"tag comarca\">Baix Llobregat<\/a> #<a class=\"tag comarca\" data-desc=\"CEB\">CE Barcelona<\/a> #<a class=\"tag comarca\" data-desc=\"CCE\">Catalunya central<\/a> #<a data-desc=\"GIR\" class=\"tag comarca\">Girona<\/a> #<a data-desc=\"LLE\" class=\"tag comarca\">Lleida<\/a> #<a data-desc=\"MVO\" class=\"tag comarca\">Maresme-Vall\u00e8s oriental<\/a> #<a class=\"tag comarca\" data-desc=\"TAR\">Tarragona<\/a> #<a class=\"tag comarca\" data-desc=\"TEB\">Terres de l&#8217;Ebre<\/a> #<a&hellip;  <a href=\"https:\/\/serveiseducatius.xtec.cat\/se-index\/\" title=\"Read Inici\">Llegeix m\u00e9s\u00bb<\/a><\/p>\n","protected":false},"author":1,"featured_media":0,"parent":7,"menu_order":0,"comment_status":"closed","ping_status":"closed","template":"page-templates\/front-page.php","meta":{"footnotes":""},"class_list":["post-9","page","type-page","status-publish","hentry"],"post_mailing_queue_ids":[],"_links":{"self":[{"href":"https:\/\/serveiseducatius.xtec.cat\/se-index\/wp-json\/wp\/v2\/pages\/9","targetHints":{"allow":["GET"]}}],"collection":[{"href":"https:\/\/serveiseducatius.xtec.cat\/se-index\/wp-json\/wp\/v2\/pages"}],"about":[{"href":"https:\/\/serveiseducatius.xtec.cat\/se-index\/wp-json\/wp\/v2\/types\/page"}],"author":[{"embeddable":true,"href":"https:\/\/serveiseducatius.xtec.cat\/se-index\/wp-json\/wp\/v2\/users\/1"}],"replies":[{"embeddable":true,"href":"https:\/\/serveiseducatius.xtec.cat\/se-index\/wp-json\/wp\/v2\/comments?post=9"}],"version-history":[{"count":3,"href":"https:\/\/serveiseducatius.xtec.cat\/se-index\/wp-json\/wp\/v2\/pages\/9\/revisions"}],"predecessor-version":[{"id":8284,"href":"https:\/\/serveiseducatius.xtec.cat\/se-index\/wp-json\/wp\/v2\/pages\/9\/revisions\/8284"}],"up":[{"embeddable":true,"href":"https:\/\/serveiseducatius.xtec.cat\/se-index\/wp-json\/wp\/v2\/pages\/7"}],"wp:attachment":[{"href":"https:\/\/serveiseducatius.xtec.cat\/se-index\/wp-json\/wp\/v2\/media?parent=9"}],"curies":[{"name":"wp","href":"https:\/\/api.w.org\/{rel}","templated":true}]}}