{"id":9078,"date":"2018-12-18T10:32:05","date_gmt":"2018-12-18T09:32:05","guid":{"rendered":"http:\/\/serveiseducatius.xtec.cat\/sarria-santgervasi\/?page_id=9078"},"modified":"2018-12-18T12:09:02","modified_gmt":"2018-12-18T11:09:02","slug":"tac-a-les-aules","status":"publish","type":"page","link":"https:\/\/serveiseducatius.xtec.cat\/sarria-santgervasi\/innovacio\/tac-a-les-aules\/","title":{"rendered":"TAC a les aules"},"content":{"rendered":"<div>\u00a0 \u00a0\u00a0<a href=\"https:\/\/sites.google.com\/a\/xtec.cat\/crp-sarria-sant-gervasi\/plans-i-projectes-innovacio\/tac-al-centres\/tac.png?attredirects=0\"><img loading=\"lazy\" decoding=\"async\" class=\"alignleft\" src=\"https:\/\/sites.google.com\/a\/xtec.cat\/crp-sarria-sant-gervasi\/_\/rsrc\/1475435686243\/plans-i-projectes-innovacio\/tac-al-centres\/tac.png?height=145&amp;width=400\" width=\"476\" height=\"173\" border=\"0\" \/><\/a><\/div>\n<div>\n<div>\n<div><\/div>\n<div><span style=\"font-size: small;\"><span style=\"font-family: Arial, Helvetica, sans-serif;\">Dins de les actuacions de suport a la\u00a0<\/span><a class=\"disabled\" href=\"https:\/\/sites.google.com\/a\/xtec.cat\/crp-sarria-sant-gervasi\/system\/errors\/NodeNotFound?suri=wuid:gx:1266206972a7ebe2\" target=\"_blank\" rel=\"noopener\">innovaci\u00f3 educativa,<\/a><span style=\"font-family: Arial, Helvetica, sans-serif;\">\u00a0el nostre servei educatiu presta especial atenci\u00f3 a facilitar als centres la incorporaci\u00f3 i la integra<\/span><span style=\"font-family: arial, sans-serif;\">ci\u00f3\u00a0<\/span><span style=\"font-family: arial, sans-serif;\"><span style=\"color: #444444;\">de les\u00a0n<\/span><span style=\"color: #000000;\">oves tecnologies en el curr\u00edculum\u00a0ordinar<\/span><span style=\"color: #444444;\">i. \u00a0<\/span>El nostr<\/span>e suport es centra en tres objectius principals:<\/span><\/div>\n<div>\n<ul>\n<li><span style=\"color: #000000; font-size: small;\">\u00a0Acompanyament\u00a0i\u00a0orientaci\u00f3\u00a0en el desenvolupament d&#8217;estrat\u00e8gies per a la incorporaci\u00f3 eficient de les TIC a l&#8217;aula<\/span><\/li>\n<li><span style=\"color: #000000; font-size: small;\">Oferir formaci\u00f3 al professorat\u00a0per garantir la millora dels resultats educatius de l&#8217;alumnat, i en particular, l&#8217;assoliment de la compet\u00e8ncia digital, tant de l&#8217;alumnat com del professorat.\u00a0<\/span><\/li>\n<li><span style=\"color: #000000; font-size: small;\">Oferir recursos materials en pr\u00e9stec per a l&#8217;alumnat (maletes pedag\u00f2giques, tallers de dinamitzaci\u00f3&#8230;)<\/span><\/li>\n<\/ul>\n<\/div>\n<\/div>\n<\/div>\n<div><span style=\"color: #000000; font-family: arial, sans-serif; font-size: medium;\">\u00a0<\/span><\/div>\n<div><span style=\"color: #000000; font-family: arial, sans-serif; font-size: medium;\">Actualment, donem suport a les accions seg\u00fcents:<\/span><\/div>\n<div><\/div>\n<div>\n<div>\n<div>\n<table style=\"border-collapse: collapse; width: 100%;\" border=\"1\">\n<tbody>\n<tr>\n<td style=\"width: 50%;\"><b style=\"background-color: #f9f9f9;\"><span lang=\"CA\"><span style=\"font-size: medium;\">Suport TAC al centres<br \/>\n<\/span><\/span><\/b><span style=\"font-size: small;\"><b><a href=\"http:\/\/xtec.gencat.cat\/ca\/centres\/projeducatiu\/platac\/\" target=\"_blank\" rel=\"nofollow noopener\">Tecnologies per a l&#8217;aprenentatge i el coneixement<\/a><\/b><\/span><\/p>\n<p>Conjunt d&#8217;accions del\u00a0<a style=\"font-size: small; background-color: #f9f9f9;\" href=\"http:\/\/xtec.gencat.cat\/ca\/formacio\/formaciogeneralprofessorat\/tecnologia_aprenentatge_coneixement\/\" target=\"_blank\" rel=\"nofollow noopener\">Departament<\/a><span style=\"font-size: small; background-color: #f9f9f9;\">,el\u00a0<\/span><a style=\"font-size: small; background-color: #f9f9f9;\" href=\"http:\/\/www.edubcn.cat\/tecnologiaeducativa\/\" target=\"_blank\" rel=\"nofollow noopener\">CEB<\/a><span style=\"font-size: small; background-color: #f9f9f9;\">\u00a0i els CRP per afavorir la integraci\u00f3 pedag\u00f2gica de les TIC a les aules.<\/span><\/td>\n<td style=\"width: 50%;\">\n<ul style=\"font-size: 14px; font-family: 'Helvetica Neue', Helvetica, Helvetica, Arial, sans-serif; background-color: #f9f9f9;\">\n<li>Formaci\u00f3\u00a0<span lang=\"CA\">i coordinaci\u00f3 en TAC a prim\u00e0ria:\u00a0 \u00a0<\/span><b><span style=\"font-size: small;\"><a href=\"https:\/\/sites.google.com\/a\/xtec.cat\/seminari-tac-gracia-sarria-sant-gervasi\/\" target=\"_blank\" rel=\"nofollow noopener\">Seminari TAC de Gr\u00e0cia i Sarria-Sant Gervasi<\/a><\/span><\/b><\/li>\n<\/ul>\n<ul style=\"font-size: 14px; font-family: 'Helvetica Neue', Helvetica, Helvetica, Arial, sans-serif; background-color: #f9f9f9;\">\n<li style=\"list-style-type: none;\"><\/li>\n<li>\u00a0<span lang=\"CA\">Suport elaboraci\u00f3\u00a0<a href=\"http:\/\/xtec.gencat.cat\/ca\/centres\/projeducatiu\/platac\/\" target=\"_blank\" rel=\"nofollow noopener\">Pla TAC\u00a0<\/a>de centre<\/span><\/li>\n<li>\u00a0<span lang=\"CA\">Suport a la participaci\u00f3 al<a href=\"http:\/\/xtec.gencat.cat\/ca\/projectes\/mschools\/mhm\/\" target=\"_blank\" rel=\"nofollow noopener\">\u00a0Mobile History Map<\/a>\u00a0i\u00a0<a href=\"http:\/\/xtec.gencat.cat\/ca\/projectes\/mschools\/\" target=\"_blank\" rel=\"nofollow noopener\">mSchools<\/a><\/span><\/li>\n<li>Suport \u00a0a la participaci\u00f3 en projectes de<a href=\"http:\/\/www.edubcn.cat\/ca\/suport_educatiu_recursos\/plans_programes\/laboratori_de_fabricacio\" target=\"_blank\" rel=\"nofollow noopener\">\u00a0fabricaci\u00f3 digital<\/a><\/li>\n<li>Actuacions puntuals a demanda dels centres<\/li>\n<li>Selecci\u00f3 de recursos TAC<\/li>\n<\/ul>\n<\/td>\n<\/tr>\n<\/tbody>\n<\/table>\n<\/div>\n<\/div>\n<\/div>\n","protected":false},"excerpt":{"rendered":"<p>\u00a0 \u00a0\u00a0 Dins de les actuacions de suport a la\u00a0innovaci\u00f3 educativa,\u00a0el nostre servei educatiu presta especial atenci\u00f3 a facilitar als centres la incorporaci\u00f3 i la integraci\u00f3\u00a0de les\u00a0noves tecnologies en el curr\u00edculum\u00a0ordinari. \u00a0El nostre suport es centra en tres objectius principals: \u00a0Acompanyament\u00a0i\u00a0orientaci\u00f3\u00a0en el desenvolupament d&#8217;estrat\u00e8gies per a la incorporaci\u00f3 eficient de les TIC a l&#8217;aula Oferir [&hellip;]<\/p>\n","protected":false},"author":5,"featured_media":0,"parent":8819,"menu_order":7,"comment_status":"closed","ping_status":"closed","template":"","meta":{"_bbp_topic_count":0,"_bbp_reply_count":0,"_bbp_total_topic_count":0,"_bbp_total_reply_count":0,"_bbp_voice_count":0,"_bbp_anonymous_reply_count":0,"_bbp_topic_count_hidden":0,"_bbp_reply_count_hidden":0,"_bbp_forum_subforum_count":0,"site-sidebar-layout":"default","site-content-layout":"","ast-site-content-layout":"","site-content-style":"default","site-sidebar-style":"default","ast-global-header-display":"","ast-banner-title-visibility":"","ast-main-header-display":"","ast-hfb-above-header-display":"","ast-hfb-below-header-display":"","ast-hfb-mobile-header-display":"","site-post-title":"","ast-breadcrumbs-content":"","ast-featured-img":"","footer-sml-layout":"","theme-transparent-header-meta":"","adv-header-id-meta":"","stick-header-meta":"","header-above-stick-meta":"","header-main-stick-meta":"","header-below-stick-meta":"","astra-migrate-meta-layouts":"default","ast-page-background-enabled":"default","ast-page-background-meta":{"desktop":{"background-color":"var(--ast-global-color-4)","background-image":"","background-repeat":"repeat","background-position":"center center","background-size":"auto","background-attachment":"scroll","background-type":"","background-media":"","overlay-type":"","overlay-color":"","overlay-opacity":"","overlay-gradient":""},"tablet":{"background-color":"","background-image":"","background-repeat":"repeat","background-position":"center center","background-size":"auto","background-attachment":"scroll","background-type":"","background-media":"","overlay-type":"","overlay-color":"","overlay-opacity":"","overlay-gradient":""},"mobile":{"background-color":"","background-image":"","background-repeat":"repeat","background-position":"center center","background-size":"auto","background-attachment":"scroll","background-type":"","background-media":"","overlay-type":"","overlay-color":"","overlay-opacity":"","overlay-gradient":""}},"ast-content-background-meta":{"desktop":{"background-color":"var(--ast-global-color-5)","background-image":"","background-repeat":"repeat","background-position":"center center","background-size":"auto","background-attachment":"scroll","background-type":"","background-media":"","overlay-type":"","overlay-color":"","overlay-opacity":"","overlay-gradient":""},"tablet":{"background-color":"var(--ast-global-color-5)","background-image":"","background-repeat":"repeat","background-position":"center center","background-size":"auto","background-attachment":"scroll","background-type":"","background-media":"","overlay-type":"","overlay-color":"","overlay-opacity":"","overlay-gradient":""},"mobile":{"background-color":"var(--ast-global-color-5)","background-image":"","background-repeat":"repeat","background-position":"center center","background-size":"auto","background-attachment":"scroll","background-type":"","background-media":"","overlay-type":"","overlay-color":"","overlay-opacity":"","overlay-gradient":""}},"footnotes":""},"class_list":["post-9078","page","type-page","status-publish","hentry"],"post_mailing_queue_ids":[],"_links":{"self":[{"href":"https:\/\/serveiseducatius.xtec.cat\/sarria-santgervasi\/wp-json\/wp\/v2\/pages\/9078","targetHints":{"allow":["GET"]}}],"collection":[{"href":"https:\/\/serveiseducatius.xtec.cat\/sarria-santgervasi\/wp-json\/wp\/v2\/pages"}],"about":[{"href":"https:\/\/serveiseducatius.xtec.cat\/sarria-santgervasi\/wp-json\/wp\/v2\/types\/page"}],"author":[{"embeddable":true,"href":"https:\/\/serveiseducatius.xtec.cat\/sarria-santgervasi\/wp-json\/wp\/v2\/users\/5"}],"replies":[{"embeddable":true,"href":"https:\/\/serveiseducatius.xtec.cat\/sarria-santgervasi\/wp-json\/wp\/v2\/comments?post=9078"}],"version-history":[{"count":3,"href":"https:\/\/serveiseducatius.xtec.cat\/sarria-santgervasi\/wp-json\/wp\/v2\/pages\/9078\/revisions"}],"predecessor-version":[{"id":9138,"href":"https:\/\/serveiseducatius.xtec.cat\/sarria-santgervasi\/wp-json\/wp\/v2\/pages\/9078\/revisions\/9138"}],"up":[{"embeddable":true,"href":"https:\/\/serveiseducatius.xtec.cat\/sarria-santgervasi\/wp-json\/wp\/v2\/pages\/8819"}],"wp:attachment":[{"href":"https:\/\/serveiseducatius.xtec.cat\/sarria-santgervasi\/wp-json\/wp\/v2\/media?parent=9078"}],"curies":[{"name":"wp","href":"https:\/\/api.w.org\/{rel}","templated":true}]}}