{"id":8649,"date":"2018-10-25T16:00:59","date_gmt":"2018-10-25T14:00:59","guid":{"rendered":"http:\/\/serveiseducatius.xtec.cat\/sarria-santgervasi\/?page_id=8649"},"modified":"2024-10-29T11:54:39","modified_gmt":"2024-10-29T10:54:39","slug":"crp","status":"publish","type":"page","link":"https:\/\/serveiseducatius.xtec.cat\/sarria-santgervasi\/el-servei-educatiu\/equip\/crp\/","title":{"rendered":"CRP"},"content":{"rendered":"<p>Els\u00a0<strong>centres de recursos pedag\u00f2gics\u00a0<\/strong>som serveis educatius creats pel Departament d\u2019Educaci\u00f3 de la Generalitat de Catalunya, per a donar suport a l&#8217;activitat pedag\u00f2gica dels centres i a la tasca docent del professorat\u00a0especialment, en temes de formaci\u00f3 permanent, de recursos pedag\u00f2gics i de dinamitzaci\u00f3 de projectes de centre i de la zona.\u00a0\u00a0Els CRP formem part dels\u00a0<a href=\"http:\/\/xtec.gencat.cat\/ca\/serveis\/sez\/\">serveis educatius de zona\u00a0(SEZ)<\/a> conjuntament amb\u00a0els equips d\u2019assessorament psicopegag\u00f2gic (<a href=\"https:\/\/sites.google.com\/a\/xtec.cat\/crp-sarria-sant-gervasi\/inici\/eap\">EAP<\/a>) i\u00a0els equips de suport i assessorament en llengua, interculturalitat i cohesi\u00f3 social (<a href=\"https:\/\/sites.google.com\/a\/xtec.cat\/crp-sarria-sant-gervasi\/inici\/elic\">ELIC<\/a>).<\/p>\n<div>\n<div><\/div>\n<div>\n<p>Els\u00a0<strong>centres de recursos pedag\u00f2gics de la ciutat de Barcelona<\/strong>\u00a0s\u00f3n fruit d\u2019un conveni entre el\u00a0<a href=\"http:\/\/xtec.gencat.cat\/ca\/serveis\/sez\/crp\/\">Departament d\u2019Ensenyament<\/a>\u00a0de la Generalitat de Catalunya i l&#8217;Ajuntament de Barcelona (<a href=\"http:\/\/www.edubcn.cat\/ca\/centres_serveis_educatius\/serveis_educatius\/serveis_educatius_de_zona\">Consorci d&#8217;Educaci\u00f3 de Barcelona<\/a>).\u00a0Els CRP de Barcelona actuem territorialment atenent tots els centres educatius del nostre districte. \u00a0Estem integrats en els sistema educatiu p\u00fablic i depenem del Consorci d\u2019Educaci\u00f3 de Barcelona.\u00a0Actualment, hi ha 75 CRP i 5 extensions que cobreixen l\u2019atenci\u00f3 a tot Catalunya i 10 CRP (un per cada Districte) a la ciutat de Barcelona.<\/p>\n<h2><b><span style=\"color: #351c75; font-size: medium;\">L\u00ednies principals d&#8217;actuaci\u00f3 del CRP de Sarri\u00e0-Sant Gervasi<br \/>\n<\/span><\/b><\/h2>\n<p>En funci\u00f3 dels objectius i serveis que ens atorga la normativa vigent, al\u00a0CRP de Sarri\u00e0 Sant Gervasi\u00a0focalitzem les nostres actuacions en\u00a04 eixos\u00a0principals de treball:<\/p>\n<ol>\n<li>Suport\u00a0i\u00a0assessorament\u00a0al centres en\u00a0plans, programes o projectes de centre d&#8217;<a href=\"https:\/\/sites.google.com\/a\/xtec.cat\/crp-sarria-sant-gervasi\/plans-i-projectes-innovacio\">innovaci\u00f3 educativa<\/a>\u00a0\u00a0i millora de les\u00a0compet\u00e8ncies b\u00e0siques\u00a0(c.b.).<\/li>\n<li>Suport\u00a0a\u00a0la comunitat de centres docents i els seu alumnat, fomentant i organitzant activitats\u00a0<a href=\"https:\/\/sites.google.com\/a\/xtec.cat\/crp-sarria-sant-gervasi\/dinamitzacio-educativa\">dinamitzaci\u00f3\u00a0educativa<\/a>\u00a0de cohesi\u00f3 i\u00a0intercanvi, ja siguin curriculars, l\u00fadiques, culturals o esportives.<\/li>\n<li>Impuls, organitzaci\u00f3 i gesti\u00f3\u00a0en l&#8217;execuci\u00f3\u00a0i el seguiment de les activitats de\u00a0<a href=\"https:\/\/sites.google.com\/a\/xtec.cat\/crp-sarria-sant-gervasi\/pfz\">formaci\u00f3 permanent<\/a>\u00a0mitjan\u00e7ant el\u00a0<a href=\"https:\/\/sites.google.com\/a\/xtec.cat\/crp-sarria-sant-gervasi\/arxiu-d-activitats\/arxiu-2016-17\/pfz-2016-17\">Pla de Formaci\u00f3 de Zona\u00a0<\/a>i\u00a0afavorir\u00a0l&#8217;intercanvi d&#8217;experi\u00e8ncies educatives, per tal de fomentar la reflexi\u00f3 del professorat sobre la millora de la pr\u00e0ctica docent.<\/li>\n<li>\u00a0Oferta i assessorament\u00a0en\u00a0<a href=\"https:\/\/sites.google.com\/a\/xtec.cat\/crp-sarria-sant-gervasi\/recursos\">recursos pedag\u00f2gics<\/a>\u00a0a centres, docents i comunitat educativa per mitj\u00e0 de diferents accions: Elaboraci\u00f3, adquisici\u00f3 o recull de materials espec\u00edfics:\u00a0maletes i conjunts pedag\u00f2gics, publicacions especialitzades i aparells tecnol\u00f2gics.<\/li>\n<\/ol>\n<p>Les professionals del CRP de Sarri\u00e0-Sant Gervasi som:<\/p>\n<ul>\n<li>Helena Palomares &#8211; Direcci\u00f3 CRP<\/li>\n<li>Xavier Belanche &#8211; T\u00e8cnic CRP<\/li>\n<li>Cristina Montero &#8211; T\u00e8cnica CRP<\/li>\n<\/ul>\n<div>\n<hr \/>\n<\/div>\n<div><\/div>\n<h3>Normativa<\/h3>\n<p><a href=\"http:\/\/educacio.gencat.net\/extranet\/dogc\/decret_155_1994.html\" target=\"_blank\" rel=\"nofollow noopener\">DECRET 155\/1994<\/a>, d<span style=\"color: #000000;\">e 28 de juny, pel qual es regulen els serveis educatius del Departament d&#8217;Ensenyament.<\/span><\/p>\n<\/div>\n<\/div>\n","protected":false},"excerpt":{"rendered":"<p>Els\u00a0centres de recursos pedag\u00f2gics\u00a0som serveis educatius creats pel Departament d\u2019Educaci\u00f3 de la Generalitat de Catalunya, per a donar suport a l&#8217;activitat pedag\u00f2gica dels centres i a la tasca docent del professorat\u00a0especialment, en temes de formaci\u00f3 permanent, de recursos pedag\u00f2gics i de dinamitzaci\u00f3 de projectes de centre i de la zona.\u00a0\u00a0Els CRP formem part dels\u00a0serveis educatius [&hellip;]<\/p>\n","protected":false},"author":4,"featured_media":0,"parent":306,"menu_order":1,"comment_status":"closed","ping_status":"closed","template":"page-templates\/side-menu.php","meta":{"_bbp_topic_count":0,"_bbp_reply_count":0,"_bbp_total_topic_count":0,"_bbp_total_reply_count":0,"_bbp_voice_count":0,"_bbp_anonymous_reply_count":0,"_bbp_topic_count_hidden":0,"_bbp_reply_count_hidden":0,"_bbp_forum_subforum_count":0,"site-sidebar-layout":"default","site-content-layout":"","ast-site-content-layout":"","site-content-style":"default","site-sidebar-style":"default","ast-global-header-display":"","ast-banner-title-visibility":"","ast-main-header-display":"","ast-hfb-above-header-display":"","ast-hfb-below-header-display":"","ast-hfb-mobile-header-display":"","site-post-title":"","ast-breadcrumbs-content":"","ast-featured-img":"","footer-sml-layout":"","theme-transparent-header-meta":"","adv-header-id-meta":"","stick-header-meta":"","header-above-stick-meta":"","header-main-stick-meta":"","header-below-stick-meta":"","astra-migrate-meta-layouts":"default","ast-page-background-enabled":"default","ast-page-background-meta":{"desktop":{"background-color":"var(--ast-global-color-4)","background-image":"","background-repeat":"repeat","background-position":"center center","background-size":"auto","background-attachment":"scroll","background-type":"","background-media":"","overlay-type":"","overlay-color":"","overlay-opacity":"","overlay-gradient":""},"tablet":{"background-color":"","background-image":"","background-repeat":"repeat","background-position":"center center","background-size":"auto","background-attachment":"scroll","background-type":"","background-media":"","overlay-type":"","overlay-color":"","overlay-opacity":"","overlay-gradient":""},"mobile":{"background-color":"","background-image":"","background-repeat":"repeat","background-position":"center center","background-size":"auto","background-attachment":"scroll","background-type":"","background-media":"","overlay-type":"","overlay-color":"","overlay-opacity":"","overlay-gradient":""}},"ast-content-background-meta":{"desktop":{"background-color":"var(--ast-global-color-5)","background-image":"","background-repeat":"repeat","background-position":"center center","background-size":"auto","background-attachment":"scroll","background-type":"","background-media":"","overlay-type":"","overlay-color":"","overlay-opacity":"","overlay-gradient":""},"tablet":{"background-color":"var(--ast-global-color-5)","background-image":"","background-repeat":"repeat","background-position":"center center","background-size":"auto","background-attachment":"scroll","background-type":"","background-media":"","overlay-type":"","overlay-color":"","overlay-opacity":"","overlay-gradient":""},"mobile":{"background-color":"var(--ast-global-color-5)","background-image":"","background-repeat":"repeat","background-position":"center center","background-size":"auto","background-attachment":"scroll","background-type":"","background-media":"","overlay-type":"","overlay-color":"","overlay-opacity":"","overlay-gradient":""}},"footnotes":""},"class_list":["post-8649","page","type-page","status-publish","hentry"],"post_mailing_queue_ids":[],"_links":{"self":[{"href":"https:\/\/serveiseducatius.xtec.cat\/sarria-santgervasi\/wp-json\/wp\/v2\/pages\/8649","targetHints":{"allow":["GET"]}}],"collection":[{"href":"https:\/\/serveiseducatius.xtec.cat\/sarria-santgervasi\/wp-json\/wp\/v2\/pages"}],"about":[{"href":"https:\/\/serveiseducatius.xtec.cat\/sarria-santgervasi\/wp-json\/wp\/v2\/types\/page"}],"author":[{"embeddable":true,"href":"https:\/\/serveiseducatius.xtec.cat\/sarria-santgervasi\/wp-json\/wp\/v2\/users\/4"}],"replies":[{"embeddable":true,"href":"https:\/\/serveiseducatius.xtec.cat\/sarria-santgervasi\/wp-json\/wp\/v2\/comments?post=8649"}],"version-history":[{"count":6,"href":"https:\/\/serveiseducatius.xtec.cat\/sarria-santgervasi\/wp-json\/wp\/v2\/pages\/8649\/revisions"}],"predecessor-version":[{"id":14615,"href":"https:\/\/serveiseducatius.xtec.cat\/sarria-santgervasi\/wp-json\/wp\/v2\/pages\/8649\/revisions\/14615"}],"up":[{"embeddable":true,"href":"https:\/\/serveiseducatius.xtec.cat\/sarria-santgervasi\/wp-json\/wp\/v2\/pages\/306"}],"wp:attachment":[{"href":"https:\/\/serveiseducatius.xtec.cat\/sarria-santgervasi\/wp-json\/wp\/v2\/media?parent=8649"}],"curies":[{"name":"wp","href":"https:\/\/api.w.org\/{rel}","templated":true}]}}