{"id":8397,"date":"2017-10-25T15:24:08","date_gmt":"2017-10-25T13:24:08","guid":{"rendered":"http:\/\/serveiseducatius.xtec.cat\/sarria-santgervasi\/?page_id=8397"},"modified":"2022-09-07T12:49:14","modified_gmt":"2022-09-07T10:49:14","slug":"un-passeig-de-percepcions","status":"publish","type":"page","link":"https:\/\/serveiseducatius.xtec.cat\/sarria-santgervasi\/dinamitzacio\/un-passeig-de-percepcions\/","title":{"rendered":"Monestir Pedralbes. Percepcions"},"content":{"rendered":"<p><a href=\"https:\/\/serveiseducatius.xtec.cat\/sarria-santgervasi\/wp-content\/uploads\/usu1168\/2019\/01\/monestir.png\"><img loading=\"lazy\" decoding=\"async\" class=\"size-full wp-image-9756 aligncenter\" src=\"https:\/\/serveiseducatius.xtec.cat\/sarria-santgervasi\/wp-content\/uploads\/usu1168\/2019\/01\/monestir.png\" alt=\"\" width=\"645\" height=\"178\" srcset=\"https:\/\/serveiseducatius.xtec.cat\/sarria-santgervasi\/wp-content\/uploads\/usu1168\/2019\/01\/monestir.png 645w, https:\/\/serveiseducatius.xtec.cat\/sarria-santgervasi\/wp-content\/uploads\/usu1168\/2019\/01\/monestir-300x83.png 300w\" sizes=\"auto, (max-width: 645px) 100vw, 645px\" \/><\/a><b><\/b><\/p>\n<p>&nbsp;<\/p>\n<h3>Monestir de Pedralbes. Un passeig de percepcions<\/h3>\n<p><b>Activitat adre\u00e7ada a:<\/b><\/p>\n<ul>\n<li>Educaci\u00f3 Infantil\u00a02n cicle<\/li>\n<li>Educaci\u00f3 especial<\/li>\n<\/ul>\n<p>&nbsp;<\/p>\n<p>Veieu l&#8217;activitat d&#8217;enguany\u00a0\u00a0<strong><a href=\"https:\/\/serveiseducatius.xtec.cat\/sarria-santgervasi\/categoria\/dinamitzacio\/\">Actualitat Dinamitzaci\u00f3<\/a><\/strong><\/p>\n<p><b>Objectius de l\u2019activitat<\/b><\/p>\n<ul>\n<li style=\"font-weight: 400;\"><span style=\"font-weight: 400;\">Descobrir el Monestir als infants i familiaritzar-los amb els espais i les sensacions que transmeten a trav\u00e9s d\u2019una visita-concert.<\/span><\/li>\n<li style=\"font-weight: 400;\"><span style=\"font-weight: 400;\">Despertar les percepcions auditives, visuals i t\u00e0ctils dels infants, aix\u00ed com experimentar la possibilitat de viure el silenci, la calma i la tranquil\u00b7litat, tot passejant pels espais del Monestir<\/span><\/li>\n<li style=\"font-weight: 400;\"><span style=\"font-weight: 400;\">Con\u00e8ixer alguns instruments musicals relacionats amb la hist\u00f2ria del Monestir: sac de gemecs, clavicordi i orgue, aix\u00ed com la veu i \u00a0aprendre un seguit de propostes musicals, corporals i pl\u00e0stiques.<\/span><\/li>\n<li style=\"font-weight: 400;\"><span style=\"font-weight: 400;\">Proporcionar material als centres, aix\u00ed com recursos did\u00e0ctics per a treballar amb els infants. <\/span><\/li>\n<li style=\"font-weight: 400;\"><span style=\"font-weight: 400;\">Implicar al professorat de les escoles en el projecte, oferint la possibilitat de compartir idees, experi\u00e8ncies i bones pr\u00e0ctiques.<\/span><\/li>\n<\/ul>\n<p><b>Sessions de formaci\u00f3 per al professorat: <\/b><\/p>\n<p>Es determinaran cada curs escolar<\/p>\n<p><b>*\u00c9s obligat\u00f2ria l\u2019assist\u00e8ncia a les sessions de formaci\u00f3 per poder realitzar la visita-concert amb l\u2019alumnat.<\/b><\/p>\n<p>Lloc: Reial Monestir de Pedralbes (Baixada del Monestir, 9).<\/p>\n<p>&nbsp;<\/p>\n<p>&nbsp;<\/p>\n<p><b>\u00a0 \u00a0 \u00a0 \u00a0 \u00a0 \u00a0 \u00a0 \u00a0 \u00a0<\/b><\/p>\n","protected":false},"excerpt":{"rendered":"<p>&nbsp; Monestir de Pedralbes. Un passeig de percepcions Activitat adre\u00e7ada a: Educaci\u00f3 Infantil\u00a02n cicle Educaci\u00f3 especial &nbsp; Veieu l&#8217;activitat d&#8217;enguany\u00a0\u00a0Actualitat Dinamitzaci\u00f3 Objectius de l\u2019activitat Descobrir el Monestir als infants i familiaritzar-los amb els espais i les sensacions que transmeten a trav\u00e9s d\u2019una visita-concert. Despertar les percepcions auditives, visuals i t\u00e0ctils dels infants, aix\u00ed com experimentar [&hellip;]<\/p>\n","protected":false},"author":4,"featured_media":0,"parent":8361,"menu_order":3,"comment_status":"closed","ping_status":"closed","template":"","meta":{"_bbp_topic_count":0,"_bbp_reply_count":0,"_bbp_total_topic_count":0,"_bbp_total_reply_count":0,"_bbp_voice_count":0,"_bbp_anonymous_reply_count":0,"_bbp_topic_count_hidden":0,"_bbp_reply_count_hidden":0,"_bbp_forum_subforum_count":0,"site-sidebar-layout":"default","site-content-layout":"","ast-site-content-layout":"","site-content-style":"default","site-sidebar-style":"default","ast-global-header-display":"","ast-banner-title-visibility":"","ast-main-header-display":"","ast-hfb-above-header-display":"","ast-hfb-below-header-display":"","ast-hfb-mobile-header-display":"","site-post-title":"","ast-breadcrumbs-content":"","ast-featured-img":"","footer-sml-layout":"","theme-transparent-header-meta":"","adv-header-id-meta":"","stick-header-meta":"","header-above-stick-meta":"","header-main-stick-meta":"","header-below-stick-meta":"","astra-migrate-meta-layouts":"default","ast-page-background-enabled":"default","ast-page-background-meta":{"desktop":{"background-color":"var(--ast-global-color-4)","background-image":"","background-repeat":"repeat","background-position":"center center","background-size":"auto","background-attachment":"scroll","background-type":"","background-media":"","overlay-type":"","overlay-color":"","overlay-opacity":"","overlay-gradient":""},"tablet":{"background-color":"","background-image":"","background-repeat":"repeat","background-position":"center center","background-size":"auto","background-attachment":"scroll","background-type":"","background-media":"","overlay-type":"","overlay-color":"","overlay-opacity":"","overlay-gradient":""},"mobile":{"background-color":"","background-image":"","background-repeat":"repeat","background-position":"center center","background-size":"auto","background-attachment":"scroll","background-type":"","background-media":"","overlay-type":"","overlay-color":"","overlay-opacity":"","overlay-gradient":""}},"ast-content-background-meta":{"desktop":{"background-color":"var(--ast-global-color-5)","background-image":"","background-repeat":"repeat","background-position":"center center","background-size":"auto","background-attachment":"scroll","background-type":"","background-media":"","overlay-type":"","overlay-color":"","overlay-opacity":"","overlay-gradient":""},"tablet":{"background-color":"var(--ast-global-color-5)","background-image":"","background-repeat":"repeat","background-position":"center center","background-size":"auto","background-attachment":"scroll","background-type":"","background-media":"","overlay-type":"","overlay-color":"","overlay-opacity":"","overlay-gradient":""},"mobile":{"background-color":"var(--ast-global-color-5)","background-image":"","background-repeat":"repeat","background-position":"center center","background-size":"auto","background-attachment":"scroll","background-type":"","background-media":"","overlay-type":"","overlay-color":"","overlay-opacity":"","overlay-gradient":""}},"footnotes":""},"class_list":["post-8397","page","type-page","status-publish","hentry"],"post_mailing_queue_ids":[],"_links":{"self":[{"href":"https:\/\/serveiseducatius.xtec.cat\/sarria-santgervasi\/wp-json\/wp\/v2\/pages\/8397","targetHints":{"allow":["GET"]}}],"collection":[{"href":"https:\/\/serveiseducatius.xtec.cat\/sarria-santgervasi\/wp-json\/wp\/v2\/pages"}],"about":[{"href":"https:\/\/serveiseducatius.xtec.cat\/sarria-santgervasi\/wp-json\/wp\/v2\/types\/page"}],"author":[{"embeddable":true,"href":"https:\/\/serveiseducatius.xtec.cat\/sarria-santgervasi\/wp-json\/wp\/v2\/users\/4"}],"replies":[{"embeddable":true,"href":"https:\/\/serveiseducatius.xtec.cat\/sarria-santgervasi\/wp-json\/wp\/v2\/comments?post=8397"}],"version-history":[{"count":4,"href":"https:\/\/serveiseducatius.xtec.cat\/sarria-santgervasi\/wp-json\/wp\/v2\/pages\/8397\/revisions"}],"predecessor-version":[{"id":13622,"href":"https:\/\/serveiseducatius.xtec.cat\/sarria-santgervasi\/wp-json\/wp\/v2\/pages\/8397\/revisions\/13622"}],"up":[{"embeddable":true,"href":"https:\/\/serveiseducatius.xtec.cat\/sarria-santgervasi\/wp-json\/wp\/v2\/pages\/8361"}],"wp:attachment":[{"href":"https:\/\/serveiseducatius.xtec.cat\/sarria-santgervasi\/wp-json\/wp\/v2\/media?parent=8397"}],"curies":[{"name":"wp","href":"https:\/\/api.w.org\/{rel}","templated":true}]}}