{"id":306,"date":"2015-11-24T18:02:44","date_gmt":"2015-11-24T17:02:44","guid":{"rendered":"http:\/\/serveiseducatius.xtec.cat\/sarria-santgervasi\/?page_id=306"},"modified":"2025-10-01T12:46:42","modified_gmt":"2025-10-01T10:46:42","slug":"equip","status":"publish","type":"page","link":"https:\/\/serveiseducatius.xtec.cat\/sarria-santgervasi\/el-servei-educatiu\/equip\/","title":{"rendered":"Equip"},"content":{"rendered":"<p>Cada servei educatiu est\u00e0 format per un equip multidisciplinar:<\/p>\n<ul>\n<li><strong>CRP <\/strong>(Centre de recursos pedag\u00f2gics):\u00a0equip que d\u00f3na\u00a0<strong>suport a l\u2019activitat pedag\u00f2gica dels centres<\/strong> i\u00a0a la tasca docent de mestres i professorat, especialm<img loading=\"lazy\" decoding=\"async\" class=\" size-full wp-image-185 alignright\" src=\"http:\/\/serveiseducatius.xtec.cat\/sarria-santgervasi\/wp-content\/uploads\/usu1168\/2014\/09\/ampa.png\" alt=\"ampa\" width=\"315\" height=\"126\" srcset=\"https:\/\/serveiseducatius.xtec.cat\/sarria-santgervasi\/wp-content\/uploads\/usu1168\/2014\/09\/ampa.png 315w, https:\/\/serveiseducatius.xtec.cat\/sarria-santgervasi\/wp-content\/uploads\/usu1168\/2014\/09\/ampa-300x120.png 300w\" sizes=\"auto, (max-width: 315px) 100vw, 315px\" \/>ent, en temes de formaci\u00f3 permanent, de recursos pedag\u00f2gics i de dinamitzaci\u00f3 de projectes de centre i de la zona. Podeu consultar les activitats, recursos i not\u00edcies a l&#8217;apartat din\u00e0mic del<a href=\"https:\/\/serveiseducatius.xtec.cat\/sarria-santgervasi\/el-servei-educatiu\/equip\/crp\/\">\u00a0CRP<\/a>.<\/li>\n<li><strong>EAP <\/strong>(Equip d\u2019assessorament i orientaci\u00f3 psicopedag\u00f2gic)<span class=\"Apple-converted-space\">: equip<\/span>\u00a0que d\u00f3na\u00a0suport al professorat i als centres educatius en la resposta a la <strong>diversitat de l\u2019alumnat<\/strong> i en relaci\u00f3 als alumnes que presenten <strong>necessitats educatives especials<\/strong>, aix\u00ed com a les seves fam\u00edlies. Podeu consultar les activitats, recursos i not\u00edcies a l&#8217;apartat din\u00e0mic de l&#8217;<a href=\"https:\/\/serveiseducatius.xtec.cat\/sarria-santgervasi\/el-servei-educatiu\/equip\/eap\/\">EAP<\/a>.<\/li>\n<li><strong>ELIC <\/strong>(Equip d\u2019assessorament i orientaci\u00f3 en llengua, interculturalitat i cohesi\u00f3 social): que donen suport al professorat en l\u2019atenci\u00f3 a la diversitat relacionada amb l\u2019alumnat, especialment procedent de la immigraci\u00f3 i\/o amb l\u2019alumnat amb risc d\u2019exclusi\u00f3 social, en l\u2019\u00e0mbit dels centres educatius i els plans educatius d\u2019entorn.\u00a0Podeu consultar les activitats, recursos i not\u00edcies a l&#8217;apartat din\u00e0mic de l&#8217;<a href=\"https:\/\/serveiseducatius.xtec.cat\/sarria-santgervasi\/el-servei-educatiu\/equip\/elic\/\">ELIC<\/a>.<\/li>\n<li><strong>TGT<\/strong> (T\u00e8cnic\/a de Gesti\u00f3 Territorial): elabora propostes de millora de l\u2019oferta educativa del districte, gestiona la campanya de preinscripci\u00f3, dona suport en la implementaci\u00f3 i disseny de programes fora de l\u2019horari lectiu amb impacte als centres educatius i representa al CEB davant dels \u00f2rgans competents en mat\u00e8ria educativa en l\u2019\u00e0mbit de districte i ciutat. Aix\u00ed mateix, dona suport als centres educatius de Sarri\u00e0 &#8211; Sant Gervasi en la seva gesti\u00f3 i promou l\u2019equival\u00e8ncia entre els centres educatius del districte.<\/li>\n<\/ul>\n<p>El Servei Educatiu tamb\u00e9 treballa de forma coordinada amb el <a href=\"https:\/\/serveiseducatius.xtec.cat\/credac-perebarnils\/\">CREDA<\/a> (Centre de Recursos Educatius per a Deficients Auditius) de Barcelona i amb el professorat que at\u00e9n l\u2019alumnat amb discapacitat visual. Igualment, col\u00b7labora amb el <a href=\"https:\/\/blocs.xtec.cat\/cdabarcelona\/\">Camp d\u2019Aprenentatge de Barcelona<\/a><a href=\"http:\/\/blocs.xtec.cat\/cdabages\/\">\u00a0<\/a>en diverses iniciatives.<\/p>\n<div><\/div>\n<div><span style=\"color: #000000;\"><span style=\"color: #000000;\">Els equips del Servei Educatiu de Sarri\u00e0-Sant Gervasi estan formats per:<\/span><\/span><\/p>\n<hr \/>\n<\/div>\n<div>\n<table style=\"border-collapse: collapse; width: 100%; height: 629px;\">\n<tbody>\n<tr style=\"height: 30px;\">\n<th style=\"width: 20.8531%; height: 30px; border-style: solid; background-color: #f7e4e4; border-color: #0d0b0b;\">Centre de Recursos Pedag\u00f2gics (CRP)<\/th>\n<th style=\"width: 25.0276%; height: 30px; border-style: solid; background-color: #f7e4e4; border-color: #0d0b0b;\">Equip d&#8217;Assessorament Psicopedag\u00f2gic (EAP)<\/th>\n<th style=\"width: 18.6323%; height: 30px; border-style: solid; background-color: #f7e4e4; border-color: #0d0b0b;\">Equip de Llengua i Cohesi\u00f3 social (ELIC)<\/th>\n<th style=\"width: 10.6756%; height: 30px; border-style: solid; background-color: #f7e4e4; border-color: #0d0b0b;\">T\u00e8cnica de gesti\u00f3 territorial (TGT)<\/th>\n<th style=\"width: 11.5457%; border-style: solid; background-color: #f7e4e4; border-color: #0d0b0b;\">Pla Jove<\/th>\n<th style=\"width: 13.1227%; height: 30px; border-style: solid; background-color: #f7e4e4; border-color: #0d0b0b;\">Auxiliar administrativa<\/th>\n<\/tr>\n<tr style=\"height: 33px;\">\n<td style=\"width: 20.8531%; height: 33px; border-style: solid; border-color: #0d0b0b;\"><strong>Direcci\u00f3:\u00a0<\/strong><\/p>\n<ul>\n<li>Palomares, Helena (T\u00e8cnica docent)<\/li>\n<\/ul>\n<\/td>\n<td style=\"width: 25.0276%; height: 33px; border-style: solid; border-color: #0d0b0b;\"><strong>Direcci\u00f3:\u00a0<\/strong><\/p>\n<ul>\n<li>Puigardeu, \u00d2scar (Psicopedagog)<\/li>\n<\/ul>\n<\/td>\n<td style=\"width: 18.6323%; height: 33px; border-style: solid; border-color: #0d0b0b;\"><\/td>\n<td style=\"width: 10.6756%; height: 33px; border-style: solid; border-color: #0d0b0b;\"><\/td>\n<td style=\"width: 11.5457%; border-style: solid; border-color: #0d0b0b;\"><\/td>\n<td style=\"width: 13.1227%; height: 33px; border-style: solid; border-color: #0d0b0b;\"><\/td>\n<\/tr>\n<tr style=\"height: 207px;\">\n<td style=\"width: 20.8531%; height: 207px; border-style: solid; border-color: #0d0b0b;\"><strong>T\u00e8cniques docents<\/strong><\/p>\n<ul>\n<li>Belanche, Xavier<\/li>\n<li>Montero, Cristina<\/li>\n<\/ul>\n<\/td>\n<td style=\"width: 25.0276%; height: 207px; border-style: solid; border-color: #0d0b0b;\"><strong>Psicopedagogues<\/strong><\/p>\n<ul>\n<li>Men\u00e9ndez, Bel\u00e9n<\/li>\n<li>Rodr\u00edguez, Eva<\/li>\n<li>Gualis, Carme<\/li>\n<li>Joaniquet, Ely<\/li>\n<li>Goicoechea, Nina<\/li>\n<li>Andreu, Judit<\/li>\n<li>Benmokthar, Mireia<\/li>\n<li>Ruiz, Mireia<\/li>\n<\/ul>\n<\/td>\n<td style=\"width: 18.6323%; height: 207px; border-style: solid; border-color: #0d0b0b;\"><strong>Assessor Llengua i Cohesi\u00f3 social<\/strong><\/p>\n<ul>\n<li>Vidal, Joan<\/li>\n<\/ul>\n<\/td>\n<td style=\"width: 10.6756%; height: 207px; border-style: solid; border-color: #0d0b0b;\">\n<ul>\n<li>Mozas, Berta<\/li>\n<\/ul>\n<\/td>\n<td style=\"width: 11.5457%; border-style: solid; border-color: #0d0b0b;\">\n<ul>\n<li>Fern\u00e1ndez, Miquel<\/li>\n<\/ul>\n<\/td>\n<td style=\"width: 13.1227%; height: 207px; border-style: solid; border-color: #0d0b0b;\">\n<ul>\n<li>D\u00edaz, Marina<\/li>\n<\/ul>\n<\/td>\n<\/tr>\n<tr style=\"height: 95px;\">\n<td style=\"width: 20.8531%; height: 95px; border-style: solid; border-color: #0d0b0b;\"><strong>Mentoria 4.0<\/strong><\/p>\n<ul>\n<li>Forn\u00e9, Ester<\/li>\n<\/ul>\n<\/td>\n<td style=\"width: 25.0276%; height: 95px; border-style: solid; border-color: #0d0b0b;\"><strong>Fisioterapeutes<\/strong><\/p>\n<ul>\n<li>Monedero, Anna<\/li>\n<li>Salvany, Maite<\/li>\n<li>L\u00f3pez, Alba<\/li>\n<li>Rico, Maria Josep<\/li>\n<\/ul>\n<\/td>\n<td style=\"width: 18.6323%; height: 95px; border-style: solid; border-color: #0d0b0b;\"><\/td>\n<td style=\"width: 10.6756%; height: 95px; border-style: solid; border-color: #0d0b0b;\"><\/td>\n<td style=\"width: 11.5457%; border-style: solid; border-color: #0d0b0b;\"><\/td>\n<td style=\"width: 13.1227%; height: 95px; border-style: solid; border-color: #0d0b0b;\"><\/td>\n<\/tr>\n<tr style=\"height: 73px;\">\n<td style=\"width: 20.8531%; height: 73px; border-style: solid; border-color: #0d0b0b;\"><\/td>\n<td style=\"width: 25.0276%; height: 73px; border-style: solid; border-color: #0d0b0b;\"><strong>Treballadores socials<\/strong><\/p>\n<ul>\n<li>Fort, Natalia<\/li>\n<li>Palacios, Aitana<\/li>\n<li>Clemente, S\u00f2nia<\/li>\n<\/ul>\n<\/td>\n<td style=\"width: 18.6323%; height: 73px; border-style: solid; border-color: #0d0b0b;\"><\/td>\n<td style=\"width: 10.6756%; height: 73px; border-style: solid; border-color: #0d0b0b;\"><\/td>\n<td style=\"width: 11.5457%; border-style: solid; border-color: #0d0b0b;\"><\/td>\n<td style=\"width: 13.1227%; height: 73px; border-style: solid; border-color: #0d0b0b;\"><\/td>\n<\/tr>\n<tr style=\"height: 118px;\">\n<td style=\"width: 20.8531%; height: 118px; border-style: solid; border-color: #0d0b0b; background-color: #f7e4e4;\"><strong>Tel\u00e8fon de contacte<\/strong>:<\/p>\n<p>93 212 27 55<\/p>\n<p><strong>Correu electr\u00f2nic: <\/strong><\/p>\n<p>crp-sarria-santgervasi@xtec.cat<\/td>\n<td style=\"width: 25.0276%; height: 118px; border-style: solid; border-color: #0d0b0b; background-color: #f7e4e4;\"><strong>Tel\u00e8fon de contacte<\/strong>:<\/p>\n<p>93 212 27 55<\/p>\n<p><strong>Correu electr\u00f2nic:<\/strong><\/p>\n<p>a8900405@xtec.cat<\/td>\n<td style=\"width: 18.6323%; height: 118px; border-style: solid; border-color: #0d0b0b; background-color: #f7e4e4;\"><\/td>\n<td style=\"width: 10.6756%; height: 118px; border-style: solid; border-color: #0d0b0b; background-color: #f7e4e4;\"><\/td>\n<td style=\"width: 11.5457%; border-style: solid; border-color: #0d0b0b; background-color: #f7e4e4;\"><\/td>\n<td style=\"width: 13.1227%; height: 118px; border-style: solid; border-color: #0d0b0b; background-color: #f7e4e4;\"><\/td>\n<\/tr>\n<\/tbody>\n<\/table>\n<\/div>\n<div><\/div>\n<div><\/div>\n<div>\n<hr \/>\n<p>&nbsp;<\/p>\n<\/div>\n","protected":false},"excerpt":{"rendered":"<p>Cada servei educatiu est\u00e0 format per un equip multidisciplinar: CRP (Centre de recursos pedag\u00f2gics):\u00a0equip que d\u00f3na\u00a0suport a l\u2019activitat pedag\u00f2gica dels centres i\u00a0a la tasca docent de mestres i professorat, especialment, en temes de formaci\u00f3 permanent, de recursos pedag\u00f2gics i de dinamitzaci\u00f3 de projectes de centre i de la zona. Podeu consultar les activitats, recursos i [&hellip;]<\/p>\n","protected":false},"author":1,"featured_media":0,"parent":806,"menu_order":2,"comment_status":"closed","ping_status":"closed","template":"page-templates\/side-menu.php","meta":{"_bbp_topic_count":0,"_bbp_reply_count":0,"_bbp_total_topic_count":0,"_bbp_total_reply_count":0,"_bbp_voice_count":0,"_bbp_anonymous_reply_count":0,"_bbp_topic_count_hidden":0,"_bbp_reply_count_hidden":0,"_bbp_forum_subforum_count":0,"site-sidebar-layout":"default","site-content-layout":"","ast-site-content-layout":"","site-content-style":"default","site-sidebar-style":"default","ast-global-header-display":"","ast-banner-title-visibility":"","ast-main-header-display":"","ast-hfb-above-header-display":"","ast-hfb-below-header-display":"","ast-hfb-mobile-header-display":"","site-post-title":"","ast-breadcrumbs-content":"","ast-featured-img":"","footer-sml-layout":"","theme-transparent-header-meta":"","adv-header-id-meta":"","stick-header-meta":"","header-above-stick-meta":"","header-main-stick-meta":"","header-below-stick-meta":"","astra-migrate-meta-layouts":"default","ast-page-background-enabled":"default","ast-page-background-meta":{"desktop":{"background-color":"var(--ast-global-color-4)","background-image":"","background-repeat":"repeat","background-position":"center center","background-size":"auto","background-attachment":"scroll","background-type":"","background-media":"","overlay-type":"","overlay-color":"","overlay-opacity":"","overlay-gradient":""},"tablet":{"background-color":"","background-image":"","background-repeat":"repeat","background-position":"center center","background-size":"auto","background-attachment":"scroll","background-type":"","background-media":"","overlay-type":"","overlay-color":"","overlay-opacity":"","overlay-gradient":""},"mobile":{"background-color":"","background-image":"","background-repeat":"repeat","background-position":"center center","background-size":"auto","background-attachment":"scroll","background-type":"","background-media":"","overlay-type":"","overlay-color":"","overlay-opacity":"","overlay-gradient":""}},"ast-content-background-meta":{"desktop":{"background-color":"var(--ast-global-color-5)","background-image":"","background-repeat":"repeat","background-position":"center center","background-size":"auto","background-attachment":"scroll","background-type":"","background-media":"","overlay-type":"","overlay-color":"","overlay-opacity":"","overlay-gradient":""},"tablet":{"background-color":"var(--ast-global-color-5)","background-image":"","background-repeat":"repeat","background-position":"center center","background-size":"auto","background-attachment":"scroll","background-type":"","background-media":"","overlay-type":"","overlay-color":"","overlay-opacity":"","overlay-gradient":""},"mobile":{"background-color":"var(--ast-global-color-5)","background-image":"","background-repeat":"repeat","background-position":"center center","background-size":"auto","background-attachment":"scroll","background-type":"","background-media":"","overlay-type":"","overlay-color":"","overlay-opacity":"","overlay-gradient":""}},"footnotes":""},"class_list":["post-306","page","type-page","status-publish","hentry"],"post_mailing_queue_ids":[],"_links":{"self":[{"href":"https:\/\/serveiseducatius.xtec.cat\/sarria-santgervasi\/wp-json\/wp\/v2\/pages\/306","targetHints":{"allow":["GET"]}}],"collection":[{"href":"https:\/\/serveiseducatius.xtec.cat\/sarria-santgervasi\/wp-json\/wp\/v2\/pages"}],"about":[{"href":"https:\/\/serveiseducatius.xtec.cat\/sarria-santgervasi\/wp-json\/wp\/v2\/types\/page"}],"author":[{"embeddable":true,"href":"https:\/\/serveiseducatius.xtec.cat\/sarria-santgervasi\/wp-json\/wp\/v2\/users\/1"}],"replies":[{"embeddable":true,"href":"https:\/\/serveiseducatius.xtec.cat\/sarria-santgervasi\/wp-json\/wp\/v2\/comments?post=306"}],"version-history":[{"count":6,"href":"https:\/\/serveiseducatius.xtec.cat\/sarria-santgervasi\/wp-json\/wp\/v2\/pages\/306\/revisions"}],"predecessor-version":[{"id":15027,"href":"https:\/\/serveiseducatius.xtec.cat\/sarria-santgervasi\/wp-json\/wp\/v2\/pages\/306\/revisions\/15027"}],"up":[{"embeddable":true,"href":"https:\/\/serveiseducatius.xtec.cat\/sarria-santgervasi\/wp-json\/wp\/v2\/pages\/806"}],"wp:attachment":[{"href":"https:\/\/serveiseducatius.xtec.cat\/sarria-santgervasi\/wp-json\/wp\/v2\/media?parent=306"}],"curies":[{"name":"wp","href":"https:\/\/api.w.org\/{rel}","templated":true}]}}