{"id":9259,"date":"2023-03-21T14:05:15","date_gmt":"2023-03-21T13:05:15","guid":{"rendered":"https:\/\/serveiseducatius.xtec.cat\/santmarti\/?page_id=9259"},"modified":"2023-03-21T14:05:15","modified_gmt":"2023-03-21T13:05:15","slug":"pda-35-kits-arduino","status":"publish","type":"page","link":"https:\/\/serveiseducatius.xtec.cat\/santmarti\/pda-35-kits-arduino\/","title":{"rendered":"PdA. 35 Kits Arduino"},"content":{"rendered":"<p><a href=\"https:\/\/serveiseducatius.xtec.cat\/santmarti\/wp-content\/uploads\/usu785\/2023\/03\/2023-03-21-14_04_07-TIC7_Kits_Arduino.pdf-Google-Drive.png\"><img loading=\"lazy\" decoding=\"async\" class=\"alignnone size-full wp-image-9260\" src=\"https:\/\/serveiseducatius.xtec.cat\/santmarti\/wp-content\/uploads\/usu785\/2023\/03\/2023-03-21-14_04_07-TIC7_Kits_Arduino.pdf-Google-Drive.png\" alt=\"\" width=\"158\" height=\"111\" \/><\/a><\/p>\n<p>Adre\u00e7ada a: Alumnat.<br \/>\nNivell: Educaci\u00f3 Prim\u00e0ria i Secund\u00e0ria.<br \/>\nModalitat: Pr\u00e9stec de material TIC.<\/p>\n<p>Descripci\u00f3: Lot de 3 Kits d\u2019iniciaci\u00f3 Arduino adre\u00e7ats a alumnes de (10 \u2013<\/p>\n<p>16).<br \/>\nCaracter\u00edstiques:<br \/>\n\u2022 Material amb una gran diversitat de peces de mida<br \/>\npetita.<br \/>\n\u2022 Despr\u00e9s de crear el circuit cal programar-lo.<br \/>\n\u2022 Cal endollar-lo amb el cable USB a l\u2019ordinador perqu\u00e8<br \/>\nfuncioni.<br \/>\n\u2022 El kit cont\u00e9: un microcontrolador, motors, bateria,<br \/>\ncables, comandament, pantalla LCD, diversos<br \/>\nsensors, un cable USB,diferents lets, etc.<br \/>\nArduino \u00e9s un material amb una gran versalitat ja que permet<br \/>\ncrear infinitats de propostes obertes i per a diferents nivells<br \/>\neducatius.<\/p>\n<p>Organitza: Servei Educatiu de Sant Mart\u00ed \u2013 CRP.<br \/>\nPropostes d\u2019\u00fas: Els alumnes construeixen circuits el\u00e8ctrics en els quals<br \/>\npoden connectar una s\u00e8rie de sensors. Una vegada, han<br \/>\ncreat el circuit, programen la seq\u00fc\u00e8ncia al programa Scratch<br \/>\nfor Arduino per tal d\u2019executar all\u00f2 desitjat.<br \/>\nWebs d\u2019experi\u00e8ncies en centres i de recursos:<br \/>\n\u2022<a href=\"http:\/\/s4a.cat\/\"> http:\/\/s4a.cat\/<\/a><br \/>\n\u2022 <a href=\"https:\/\/sites.google.com\/site\/s4avoramar\/\">https:\/\/sites.google.com\/site\/s4avoramar\/<\/a><\/p>\n","protected":false},"excerpt":{"rendered":"<p>Adre\u00e7ada a: Alumnat. Nivell: Educaci\u00f3 Prim\u00e0ria i Secund\u00e0ria. Modalitat: Pr\u00e9stec de material TIC. Descripci\u00f3: Lot de 3 Kits d\u2019iniciaci\u00f3 Arduino adre\u00e7ats a alumnes de (10 \u2013 16). Caracter\u00edstiques: \u2022 Material amb una gran diversitat de peces de mida petita. \u2022 Despr\u00e9s de crear el circuit cal programar-lo. \u2022 Cal endollar-lo amb el cable USB a [&hellip;]<\/p>\n","protected":false},"author":14,"featured_media":0,"parent":0,"menu_order":0,"comment_status":"closed","ping_status":"closed","template":"","meta":{"_bbp_topic_count":0,"_bbp_reply_count":0,"_bbp_total_topic_count":0,"_bbp_total_reply_count":0,"_bbp_voice_count":0,"_bbp_anonymous_reply_count":0,"_bbp_topic_count_hidden":0,"_bbp_reply_count_hidden":0,"_bbp_forum_subforum_count":0,"site-sidebar-layout":"default","site-content-layout":"","ast-site-content-layout":"","site-content-style":"default","site-sidebar-style":"default","ast-global-header-display":"","ast-banner-title-visibility":"","ast-main-header-display":"","ast-hfb-above-header-display":"","ast-hfb-below-header-display":"","ast-hfb-mobile-header-display":"","site-post-title":"","ast-breadcrumbs-content":"","ast-featured-img":"","footer-sml-layout":"","theme-transparent-header-meta":"","adv-header-id-meta":"","stick-header-meta":"","header-above-stick-meta":"","header-main-stick-meta":"","header-below-stick-meta":"","astra-migrate-meta-layouts":"default","ast-page-background-enabled":"default","ast-page-background-meta":{"desktop":{"background-color":"var(--ast-global-color-4)","background-image":"","background-repeat":"repeat","background-position":"center center","background-size":"auto","background-attachment":"scroll","background-type":"","background-media":"","overlay-type":"","overlay-color":"","overlay-opacity":"","overlay-gradient":""},"tablet":{"background-color":"","background-image":"","background-repeat":"repeat","background-position":"center center","background-size":"auto","background-attachment":"scroll","background-type":"","background-media":"","overlay-type":"","overlay-color":"","overlay-opacity":"","overlay-gradient":""},"mobile":{"background-color":"","background-image":"","background-repeat":"repeat","background-position":"center center","background-size":"auto","background-attachment":"scroll","background-type":"","background-media":"","overlay-type":"","overlay-color":"","overlay-opacity":"","overlay-gradient":""}},"ast-content-background-meta":{"desktop":{"background-color":"var(--ast-global-color-5)","background-image":"","background-repeat":"repeat","background-position":"center center","background-size":"auto","background-attachment":"scroll","background-type":"","background-media":"","overlay-type":"","overlay-color":"","overlay-opacity":"","overlay-gradient":""},"tablet":{"background-color":"var(--ast-global-color-5)","background-image":"","background-repeat":"repeat","background-position":"center center","background-size":"auto","background-attachment":"scroll","background-type":"","background-media":"","overlay-type":"","overlay-color":"","overlay-opacity":"","overlay-gradient":""},"mobile":{"background-color":"var(--ast-global-color-5)","background-image":"","background-repeat":"repeat","background-position":"center center","background-size":"auto","background-attachment":"scroll","background-type":"","background-media":"","overlay-type":"","overlay-color":"","overlay-opacity":"","overlay-gradient":""}},"footnotes":""},"class_list":["post-9259","page","type-page","status-publish","hentry"],"post_mailing_queue_ids":[],"_links":{"self":[{"href":"https:\/\/serveiseducatius.xtec.cat\/santmarti\/wp-json\/wp\/v2\/pages\/9259","targetHints":{"allow":["GET"]}}],"collection":[{"href":"https:\/\/serveiseducatius.xtec.cat\/santmarti\/wp-json\/wp\/v2\/pages"}],"about":[{"href":"https:\/\/serveiseducatius.xtec.cat\/santmarti\/wp-json\/wp\/v2\/types\/page"}],"author":[{"embeddable":true,"href":"https:\/\/serveiseducatius.xtec.cat\/santmarti\/wp-json\/wp\/v2\/users\/14"}],"replies":[{"embeddable":true,"href":"https:\/\/serveiseducatius.xtec.cat\/santmarti\/wp-json\/wp\/v2\/comments?post=9259"}],"version-history":[{"count":1,"href":"https:\/\/serveiseducatius.xtec.cat\/santmarti\/wp-json\/wp\/v2\/pages\/9259\/revisions"}],"predecessor-version":[{"id":9261,"href":"https:\/\/serveiseducatius.xtec.cat\/santmarti\/wp-json\/wp\/v2\/pages\/9259\/revisions\/9261"}],"wp:attachment":[{"href":"https:\/\/serveiseducatius.xtec.cat\/santmarti\/wp-json\/wp\/v2\/media?parent=9259"}],"curies":[{"name":"wp","href":"https:\/\/api.w.org\/{rel}","templated":true}]}}