{"id":9045,"date":"2023-03-07T13:14:45","date_gmt":"2023-03-07T12:14:45","guid":{"rendered":"https:\/\/serveiseducatius.xtec.cat\/santmarti\/?page_id=9045"},"modified":"2023-03-07T14:27:03","modified_gmt":"2023-03-07T13:27:03","slug":"pda-21-sentits","status":"publish","type":"page","link":"https:\/\/serveiseducatius.xtec.cat\/santmarti\/pda-21-sentits\/","title":{"rendered":"PdA.21 Sentits"},"content":{"rendered":"<p><a href=\"https:\/\/serveiseducatius.xtec.cat\/santmarti\/wp-content\/uploads\/usu785\/2023\/03\/scrnli_7_3_2023-13-11-30.png\"><img loading=\"lazy\" decoding=\"async\" class=\"alignnone size-full wp-image-9046\" src=\"https:\/\/serveiseducatius.xtec.cat\/santmarti\/wp-content\/uploads\/usu785\/2023\/03\/scrnli_7_3_2023-13-11-30.png\" alt=\"\" width=\"132\" height=\"102\" \/><\/a><\/p>\n<p><strong>Adre\u00e7ada a<\/strong>: Professorat i alumnat.<br \/>\n<strong>Nivell<\/strong>: Educaci\u00f3 Infantil i Cicle Inicial d\u2019Educaci\u00f3 Prim\u00e0ria.<br \/>\n<strong>Modalitat<\/strong>: Pr\u00e9stec de material did\u00e0ctic.<br \/>\n<strong>Tem\u00e0tica<\/strong>: Educaci\u00f3 sensorial i perceptiva.<br \/>\n<strong>Descripci\u00f3:<\/strong> La maleta dels Sentits cont\u00e9 1 dossier did\u00e0ctic pel mestre i 5 capses amb diversos materials que facilitaran la descoberta, d\u2019una manera manipulativa i l\u00fadica, dels sentits corporals: la vista, l\u2019o\u00efda, el gust, l\u2019olfacte i el tacte.<\/p>\n<p><strong>La maleta dels Sentits<\/strong> afavoreix la creaci\u00f3 d\u2019 un espai d\u2019observaci\u00f3 i experimentaci\u00f3 on la interacci\u00f3 que fan els infants amb els objectes \u00e9s una pr\u00e0ctica constant, resulta un suport molt important per a la descoberta de l\u2019entorn, a m\u00e9s de facilitar l\u2019establiment de relacions entre el pensament i el llenguatge, entre el significat, el mot i l\u2019objecte.<br \/>\nA m\u00e9s, aquesta maleta permet als infants descobrir all\u00f2 que els envolta estimulant els sentits i ajudant-los a descobrir totes seves les possibilitats, i alhora anar construint diferents conceptes (suau, tou, agradable, aspre, dur, etc).<\/p>\n<p>Objectius:<br \/>\n\u2022 Fomentar la descoberta de tots els sentits.<br \/>\n\u2022 Explorar les diferents possibilitats dels sentits.<br \/>\n\u2022 Vivenciar i gaudir de les percepcions dels sentits.<br \/>\n\u2022 Potenciar la creativitat i les possibilitats del propi cos.<br \/>\n\u2022 Manipular amb respecte i sense por diferents tipus de materials.<br \/>\nContingut:<br \/>\nLa maleta dels Sentits cont\u00e9 1 dossier did\u00e0ctic pel mestre i 5 capses amb diversos materials<br \/>\nque facilitaran la descoberta, d\u2019una manera manipulativa i l\u00fadica, dels sentits corporals: la<br \/>\nvista, l\u2019o\u00efda, el gust, l\u2019olfacte i el tacte.<\/p>\n<p><img loading=\"lazy\" decoding=\"async\" class=\"aligncenter wp-image-9075 size-full\" src=\"https:\/\/serveiseducatius.xtec.cat\/santmarti\/wp-content\/uploads\/usu785\/2023\/03\/sentits-1.png\" alt=\"\" width=\"768\" height=\"748\" srcset=\"https:\/\/serveiseducatius.xtec.cat\/santmarti\/wp-content\/uploads\/usu785\/2023\/03\/sentits-1.png 768w, https:\/\/serveiseducatius.xtec.cat\/santmarti\/wp-content\/uploads\/usu785\/2023\/03\/sentits-1-300x292.png 300w\" sizes=\"auto, (max-width: 768px) 100vw, 768px\" \/><\/p>\n<p><strong>\u00a0 Organitza:<\/strong> Servei Educatiu de Sant Mart\u00ed \u2013 CRP.<\/p>\n","protected":false},"excerpt":{"rendered":"<p>Adre\u00e7ada a: Professorat i alumnat. Nivell: Educaci\u00f3 Infantil i Cicle Inicial d\u2019Educaci\u00f3 Prim\u00e0ria. Modalitat: Pr\u00e9stec de material did\u00e0ctic. Tem\u00e0tica: Educaci\u00f3 sensorial i perceptiva. Descripci\u00f3: La maleta dels Sentits cont\u00e9 1 dossier did\u00e0ctic pel mestre i 5 capses amb diversos materials que facilitaran la descoberta, d\u2019una manera manipulativa i l\u00fadica, dels sentits corporals: la vista, l\u2019o\u00efda, [&hellip;]<\/p>\n","protected":false},"author":14,"featured_media":0,"parent":0,"menu_order":0,"comment_status":"closed","ping_status":"closed","template":"","meta":{"_bbp_topic_count":0,"_bbp_reply_count":0,"_bbp_total_topic_count":0,"_bbp_total_reply_count":0,"_bbp_voice_count":0,"_bbp_anonymous_reply_count":0,"_bbp_topic_count_hidden":0,"_bbp_reply_count_hidden":0,"_bbp_forum_subforum_count":0,"site-sidebar-layout":"default","site-content-layout":"","ast-site-content-layout":"","site-content-style":"default","site-sidebar-style":"default","ast-global-header-display":"","ast-banner-title-visibility":"","ast-main-header-display":"","ast-hfb-above-header-display":"","ast-hfb-below-header-display":"","ast-hfb-mobile-header-display":"","site-post-title":"","ast-breadcrumbs-content":"","ast-featured-img":"","footer-sml-layout":"","theme-transparent-header-meta":"","adv-header-id-meta":"","stick-header-meta":"","header-above-stick-meta":"","header-main-stick-meta":"","header-below-stick-meta":"","astra-migrate-meta-layouts":"default","ast-page-background-enabled":"default","ast-page-background-meta":{"desktop":{"background-color":"var(--ast-global-color-4)","background-image":"","background-repeat":"repeat","background-position":"center center","background-size":"auto","background-attachment":"scroll","background-type":"","background-media":"","overlay-type":"","overlay-color":"","overlay-opacity":"","overlay-gradient":""},"tablet":{"background-color":"","background-image":"","background-repeat":"repeat","background-position":"center center","background-size":"auto","background-attachment":"scroll","background-type":"","background-media":"","overlay-type":"","overlay-color":"","overlay-opacity":"","overlay-gradient":""},"mobile":{"background-color":"","background-image":"","background-repeat":"repeat","background-position":"center center","background-size":"auto","background-attachment":"scroll","background-type":"","background-media":"","overlay-type":"","overlay-color":"","overlay-opacity":"","overlay-gradient":""}},"ast-content-background-meta":{"desktop":{"background-color":"var(--ast-global-color-5)","background-image":"","background-repeat":"repeat","background-position":"center center","background-size":"auto","background-attachment":"scroll","background-type":"","background-media":"","overlay-type":"","overlay-color":"","overlay-opacity":"","overlay-gradient":""},"tablet":{"background-color":"var(--ast-global-color-5)","background-image":"","background-repeat":"repeat","background-position":"center center","background-size":"auto","background-attachment":"scroll","background-type":"","background-media":"","overlay-type":"","overlay-color":"","overlay-opacity":"","overlay-gradient":""},"mobile":{"background-color":"var(--ast-global-color-5)","background-image":"","background-repeat":"repeat","background-position":"center center","background-size":"auto","background-attachment":"scroll","background-type":"","background-media":"","overlay-type":"","overlay-color":"","overlay-opacity":"","overlay-gradient":""}},"footnotes":""},"class_list":["post-9045","page","type-page","status-publish","hentry"],"post_mailing_queue_ids":[],"_links":{"self":[{"href":"https:\/\/serveiseducatius.xtec.cat\/santmarti\/wp-json\/wp\/v2\/pages\/9045","targetHints":{"allow":["GET"]}}],"collection":[{"href":"https:\/\/serveiseducatius.xtec.cat\/santmarti\/wp-json\/wp\/v2\/pages"}],"about":[{"href":"https:\/\/serveiseducatius.xtec.cat\/santmarti\/wp-json\/wp\/v2\/types\/page"}],"author":[{"embeddable":true,"href":"https:\/\/serveiseducatius.xtec.cat\/santmarti\/wp-json\/wp\/v2\/users\/14"}],"replies":[{"embeddable":true,"href":"https:\/\/serveiseducatius.xtec.cat\/santmarti\/wp-json\/wp\/v2\/comments?post=9045"}],"version-history":[{"count":2,"href":"https:\/\/serveiseducatius.xtec.cat\/santmarti\/wp-json\/wp\/v2\/pages\/9045\/revisions"}],"predecessor-version":[{"id":9076,"href":"https:\/\/serveiseducatius.xtec.cat\/santmarti\/wp-json\/wp\/v2\/pages\/9045\/revisions\/9076"}],"wp:attachment":[{"href":"https:\/\/serveiseducatius.xtec.cat\/santmarti\/wp-json\/wp\/v2\/media?parent=9045"}],"curies":[{"name":"wp","href":"https:\/\/api.w.org\/{rel}","templated":true}]}}