{"id":6143,"date":"2024-01-08T15:30:10","date_gmt":"2024-01-08T14:30:10","guid":{"rendered":"http:\/\/serveiseducatius.xtec.cat\/santmarti\/?page_id=6143"},"modified":"2024-05-14T09:45:33","modified_gmt":"2024-05-14T07:45:33","slug":"competencies-basiques-6e-primaria-2023-2024","status":"publish","type":"page","link":"https:\/\/serveiseducatius.xtec.cat\/santmarti\/competencies-basiques-6e-primaria-2023-2024\/","title":{"rendered":"Compet\u00e8ncies B\u00e0siques 6\u00e8 Prim\u00e0ria. Curs 2023-2024"},"content":{"rendered":"<p><img loading=\"lazy\" decoding=\"async\" class=\" wp-image-6145 aligncenter\" src=\"https:\/\/serveiseducatius.xtec.cat\/santmarti\/wp-content\/uploads\/usu785\/2021\/04\/6primaria.jpg\" alt=\"\" width=\"589\" height=\"162\" srcset=\"https:\/\/serveiseducatius.xtec.cat\/santmarti\/wp-content\/uploads\/usu785\/2021\/04\/6primaria.jpg 400w, https:\/\/serveiseducatius.xtec.cat\/santmarti\/wp-content\/uploads\/usu785\/2021\/04\/6primaria-300x83.jpg 300w\" sizes=\"auto, (max-width: 589px) 100vw, 589px\" \/><\/p>\n<hr \/>\n<h3 style=\"text-align: center;\">Les proves s\u2019aplicaran els dies <strong>16, 17<\/strong> i<strong> 18 d&#8217;abril<\/strong> de 2024<\/h3>\n<hr \/>\n<div>\n<table style=\"border-collapse: collapse; width: 100%;\">\n<tbody>\n<tr>\n<td style=\"width: 100%;\">\n<h2 style=\"text-align: center;\"><strong><span style=\"color: #ff0000;\">NOVETATS 2024<\/span><\/strong><\/h2>\n<ul>\n<li style=\"text-align: left;\">\n<h6><span class=\"m_-5337860773545919192xcontentpasted0\">Enguany <span style=\"text-decoration: underline;\"><span style=\"color: #ff0000; text-decoration: underline;\">NO hi haur\u00e0 preguntes obertes<\/span><\/span> en la compet\u00e8ncia de <span style=\"color: #ff0000;\">matem\u00e0tiques<\/span> ni en la <span style=\"color: #ff0000;\">compet\u00e8ncia cientificotecnol\u00f2gica<\/span>. Per tant, no hi haur\u00e0 correcci\u00f3 externa i no cal indicar disponibilitat de correcci\u00f3 ni proposar correctors en aquestes compet\u00e8ncies.<u><\/u><u><\/u><\/span><\/h6>\n<\/li>\n<li style=\"text-align: left;\">\n<h6><u><\/u><span class=\"m_-5337860773545919192xcontentpasted0\">Els enunciats de les proves es lliuraran en <span style=\"text-decoration: underline;\"><span style=\"color: #ff0000; text-decoration: underline;\">arxiu PDF<\/span><\/span>.<u><\/u><u><\/u><\/span><\/h6>\n<\/li>\n<li style=\"text-align: left;\">\n<h6><u><\/u><span class=\"m_-5337860773545919192xcontentpasted0\">Hi haur\u00e0 una <span style=\"color: #ff0000;\">mostra<\/span> de centres que, de forma <span style=\"color: #ff0000;\">volunt\u00e0ria<\/span>, faran <span style=\"color: #ff0000;\">la prova en format totalment digital <span style=\"text-decoration: underline;\">en l\u00ednia<\/span><\/span>. M\u00e9s endavant us informarem de la relaci\u00f3 d\u2019aquests centres<\/span><span class=\"m_-5337860773545919192xcontentpasted0\">.<\/span><span class=\"m_-5337860773545919192xcontentpasted0\"> El contingut de la prova \u00e9s el mateix que la que faran els centres amb enunciats en PDF i fulls de resposta en paper<i>.<\/i><\/span><\/h6>\n<\/li>\n<\/ul>\n<\/td>\n<\/tr>\n<\/tbody>\n<\/table>\n<\/div>\n<div>\n<hr \/>\n<\/div>\n<h3 style=\"text-align: center;\"><strong><span style=\"color: #3366ff;\"><a style=\"color: #3366ff;\" href=\"https:\/\/drive.google.com\/drive\/folders\/1X4BOGBw-MODgKYYbhgbNJ6rhfKlM5BzO?usp=sharing\" target=\"_blank\" rel=\"noopener\">Repositori de proves en cursos anteriors<\/a><\/span><\/strong><\/h3>\n<hr \/>\n<div><\/div>\n<div><strong>Informacions i documents previs a les proves<\/strong><\/div>\n<div><\/div>\n<div><\/div>\n<ul>\n<li><a href=\"https:\/\/drive.google.com\/file\/d\/1ZoVieK-GEJNDivOQKT6gZv_GGASYfnLs\/view?usp=drive_link\" target=\"_blank\" rel=\"noopener\"><strong>Resoluci\u00f3 mitjan\u00e7ant la qual s&#8217;aproven les directrius per dur a terme la prova d&#8217;avaluaci\u00f3 de sis\u00e8 curs de l&#8217;educaci\u00f3 prim\u00e0ria i es convoca la prova per al curs 2023-2024<\/strong><\/a>.<\/li>\n<li><a href=\"https:\/\/drive.google.com\/file\/d\/1a47xU2aXSu57ES-Ex_Fusk8GisdxtrDR\/view?usp=drive_link\" target=\"_blank\" rel=\"noopener\"><strong>Infografia: pautes i consells<\/strong><\/a>.<\/li>\n<li><a href=\"https:\/\/drive.google.com\/file\/d\/1xwJ5L0ZvYHIpZYxC6vFayi7yU0ary5nC\/view?usp=drive_link\" target=\"_blank\" rel=\"noopener\"><strong>Guia d\u2019aplicaci\u00f3 de la prova<\/strong><\/a>.<\/li>\n<li><a href=\"https:\/\/drive.google.com\/file\/d\/1i8_QzrQFNlwoaYpBAt_nXbXrhpB_ZjA6\/view?usp=sharing\" target=\"_blank\" rel=\"noopener\"><strong>L\u00ednia del temps<\/strong><\/a>.<\/li>\n<li><strong><a href=\"https:\/\/drive.google.com\/file\/d\/1i8_QzrQFNlwoaYpBAt_nXbXrhpB_ZjA6\/view?usp=drive_link\" target=\"_blank\" rel=\"noopener\">Gesti\u00f3 i fases de les avaluacions de final d&#8217;etapa<\/a><\/strong>.<\/li>\n<li><a href=\"https:\/\/drive.google.com\/file\/d\/123ix68sB9Ouv34nnQs523U3s8uWSzVg3\/view?usp=sharing\" target=\"_blank\" rel=\"noopener\"><strong>Franges hor\u00e0ries per a la recepci\u00f3 de les proves<\/strong><\/a>.<br \/>\n<hr \/>\n<\/li>\n<\/ul>\n<div>\n<p><strong>Informacions per a les Direccions del centre<\/strong><\/p>\n<ul>\n<li>Annex I: Aclariment per a l&#8217;obertura de les proves.<\/li>\n<li><strong><a href=\"https:\/\/docs.google.com\/document\/d\/1xr25msyEIBVSdaTwAsXrFJN9wcBratPx\/edit?usp=sharing&amp;ouid=101936909635062909047&amp;rtpof=true&amp;sd=true\" target=\"_blank\" rel=\"noopener\">Annex IV: Acta d&#8217;aplicaci\u00f3<\/a><\/strong>.<\/li>\n<li><strong><a href=\"https:\/\/drive.google.com\/file\/d\/18QjrdgOdefyXhH3yTIttx_jWtlxe4-9k\/view?usp=drive_link\" target=\"_blank\" rel=\"noopener\">Instrucci\u00f3 complement\u00e0ria 1 &#8211; Formaci\u00f3 dels correctors<\/a>.<\/strong><\/li>\n<li><a href=\"https:\/\/drive.google.com\/file\/d\/1RBgwPr0PyWYBXBzRATL1K7QaIEdJKCFG\/view?usp=drive_link\" target=\"_blank\" rel=\"noopener\"><strong>Instrucci\u00f3 complement\u00e0ria 2 &#8211; Dieta pel lliurament dels fulls de resposta<\/strong><\/a>.\n<ul>\n<li><a href=\"https:\/\/drive.google.com\/file\/d\/1uffyy3Dh3JHiDMu5WNYFKjtDHRaPwc9u\/view?usp=sharing\" target=\"_blank\" rel=\"noopener\"><strong>Guia per donar d&#8217;alta i trametre una dieta a ATRI<\/strong><\/a><\/li>\n<\/ul>\n<\/li>\n<li><a href=\"https:\/\/drive.google.com\/file\/d\/1nNkFj2zLYOViy5TcW09HDzkdwr-32iPE\/view?usp=sharing\" target=\"_blank\" rel=\"noopener\"><strong>Instrucci\u00f3 complement\u00e0ria 3 &#8211; Pagament als correctors<\/strong><\/a>.<\/li>\n<li><strong><a href=\"https:\/\/drive.google.com\/file\/d\/1I33is0ibMkZW43dEtDhosQpdfeM5GEYF\/view?usp=drive_link\" target=\"_blank\" rel=\"noopener\">Instrucci\u00f3 complement\u00e0ria 4 &#8211; Alumnat amb discapacitat visual amb procediment de correcci\u00f3 externa.<\/a><\/strong><\/li>\n<li><a href=\"https:\/\/drive.google.com\/file\/d\/1yxmZhMMbGjOPmjOjDV7Efy02QOJLBYCA\/view?usp=sharing\" target=\"_blank\" rel=\"noopener\"><strong>Informaci\u00f3 per a les fam\u00edlies del centre<\/strong><\/a>.<br \/>\n<hr \/>\n<\/li>\n<\/ul>\n<\/div>\n<p><strong>Informacions per a les persones aplicadores<\/strong><\/p>\n<ul style=\"font-size: 16px; font-family: 'Helvetica Neue', Helvetica, Helvetica, Arial, sans-serif;\">\n<li><a href=\"https:\/\/drive.google.com\/file\/d\/1lfp1lMPTxnTyR4AyEQD9ybDi5h6kz3H7\/view?usp=drive_link\" target=\"_blank\" rel=\"noopener\"><strong>Instruccions per a les persones aplicadores de les proves<\/strong><\/a>. (Tamb\u00e9 en l\u00ednia <strong><a href=\"http:\/\/www.consaval.cat\/aplicadors\" target=\"_blank\" rel=\"noopener\">aqu\u00ed<\/a><\/strong>.)<\/li>\n<\/ul>\n<p><strong>Documents a emprar durant l&#8217;aplicaci\u00f3 de les proves<\/strong><\/p>\n<ul>\n<li><a href=\"https:\/\/drive.google.com\/file\/d\/1-exY5SF6QM7jtPq8kmwuYlUiNiATBMfc\/view?usp=drive_link\" target=\"_blank\" rel=\"noopener\"><strong>Quadern d&#8217;enunciats de llengua catalana<\/strong><\/a>.<\/li>\n<li><a href=\"https:\/\/drive.google.com\/file\/d\/1Euae8GVwmyKZEZFVsiYggvx1AqvjB0fK\/view?usp=drive_link\" target=\"_blank\" rel=\"noopener\"><strong>Quadern d&#8217;enunciats de llengua castellana<\/strong><\/a>.<\/li>\n<li><a href=\"https:\/\/drive.google.com\/file\/d\/1AM82sQHhQjaERuxBefPjLUc7WGpYvITP\/view?usp=drive_link\" target=\"_blank\" rel=\"noopener\"><strong>Quadern d&#8217;enunciats de matem\u00e0tiques<\/strong><\/a>.<\/li>\n<li><a href=\"https:\/\/drive.google.com\/file\/d\/1o1CgtfA9L1sW8JvuXhHo81QCYiW4adJe\/view?usp=drive_link\" target=\"_blank\" rel=\"noopener\"><strong>Quadern d&#8217;enunciats de ci\u00e8ncia, tecnologia i enginyeria<\/strong><\/a><\/li>\n<li><strong><a href=\"https:\/\/drive.google.com\/file\/d\/1y5wFSV7r0TNi_QXHwn9HmzdwE60LHQnV\/view?usp=drive_link\" target=\"_blank\" rel=\"noopener\">Quadern d&#8217;enunciats de llengua anglesa<\/a>.<\/strong><\/li>\n<li><a href=\"https:\/\/drive.google.com\/file\/d\/1OyPdPnUAILzDSH2aRytM1ywhL5HrJYtm\/view?usp=drive_link\" target=\"_blank\" rel=\"noopener\"><strong>Fulls de respostes de llengua catalana<\/strong><\/a>.<\/li>\n<li><a href=\"https:\/\/drive.google.com\/file\/d\/1Ek4XLaTrsawJNDxkFlX5KWx2Bb2QUVs1\/view?usp=drive_link\" target=\"_blank\" rel=\"noopener\"><strong>Fulls de respostes de llengua castellana<\/strong><\/a>.<\/li>\n<li><a href=\"https:\/\/drive.google.com\/file\/d\/1dIpX4wmo_x2eyNXWIr7tzZwFf3GUEpLg\/view?usp=drive_link\" target=\"_blank\" rel=\"noopener\"><strong>Fulls de respostes de matem\u00e0tiques<\/strong><\/a>.<\/li>\n<li><a href=\"https:\/\/drive.google.com\/file\/d\/1NZym78NwiprKcX6uFWCRt6wjv0Elx8TO\/view?usp=drive_link\" target=\"_blank\" rel=\"noopener\"><strong>Fulls de respostes de ci\u00e8ncia, tecnologia i enginyeria<\/strong><\/a>.<\/li>\n<li><a href=\"https:\/\/drive.google.com\/file\/d\/1__yvUURWA1vSjOlEI5TpNbgY3dGmn6E1\/view?usp=drive_link\" target=\"_blank\" rel=\"noopener\"><strong>Fulls de respostes de llengua anglesa<\/strong><\/a>.<\/li>\n<li><a href=\"https:\/\/drive.google.com\/file\/d\/1s4OOkbfEV0nYb2NU87wC1i7-vl3F8YMa\/view?usp=drive_link\" target=\"_blank\" rel=\"noopener\"><strong>Pista d&#8217;\u00e0udio per a la prova de llengua catalana<\/strong><\/a>.<\/li>\n<li><a href=\"https:\/\/drive.google.com\/file\/d\/1Aqe-XiD1lVQngA84u-ZzKNyy0NcFN7Hz\/view?usp=drive_link\" target=\"_blank\" rel=\"noopener\"><strong>Pista d&#8217;\u00e0udio per a la prova de llengua anglesa<\/strong><\/a>.<\/li>\n<li><a href=\"https:\/\/drive.google.com\/file\/d\/1Iwu38K0fBnASyIKB99i3cPcCXPj6aQ7J\/view?usp=drive_link\" target=\"_blank\" rel=\"noopener\"><strong>Pista d&#8217;\u00e0udio per a la prova de llengua castellana<\/strong><\/a>.<br \/>\n<hr \/>\n<\/li>\n<\/ul>\n<p><strong>Documents a empra<\/strong><strong>r amb posterioritat a les proves<\/strong><\/p>\n<ul>\n<li><strong><a href=\"https:\/\/drive.google.com\/file\/d\/1rpC8gTKo2e1skfWoEwt3L4AWNpDfgf3_\/view?usp=drive_link\" target=\"_blank\" rel=\"noopener\">Proc\u00e9s de correcci\u00f3. Manual d&#8217;\u00fas<\/a><\/strong>. (Tamb\u00e9 en l\u00ednia <strong><a href=\"http:\/\/www.consaval.cat\/correctorsA6P\" target=\"_blank\" rel=\"noopener\">aqu\u00ed<\/a><\/strong>.)<\/li>\n<li><strong><a href=\"https:\/\/drive.google.com\/file\/d\/1gQo7UU221QC6J1gv-kzfPJsDC4rmzLaR\/view?usp=sharing\" target=\"_blank\" rel=\"noopener\">Criteris de correcci\u00f3 externa en els \u00e0mbits de llengua catalana i llengua castellana<\/a><\/strong>.<\/li>\n<li><a href=\"https:\/\/drive.google.com\/file\/d\/1dR38TEUdlLbZrmXCm4kE_FRQUu_Xx88g\/view?usp=sharing\" target=\"_blank\" rel=\"noopener\"><strong>Criteris de correcci\u00f3 externa en l&#8217;\u00e0mbit de llengua anglesa<\/strong><\/a>.<\/li>\n<li><a href=\"https:\/\/drive.google.com\/file\/d\/1KuRePlUoBYsfI7p6i1_1cmhr5IquBJqY\/view?usp=sharing\" target=\"_blank\" rel=\"noopener\"><strong>Preguntes Freq\u00fcents. Infografia<\/strong><\/a>.<\/li>\n<\/ul>\n","protected":false},"excerpt":{"rendered":"<p>Les proves s\u2019aplicaran els dies 16, 17 i 18 d&#8217;abril de 2024 NOVETATS 2024 Enguany NO hi haur\u00e0 preguntes obertes en la compet\u00e8ncia de matem\u00e0tiques ni en la compet\u00e8ncia cientificotecnol\u00f2gica. Per tant, no hi haur\u00e0 correcci\u00f3 externa i no cal indicar disponibilitat de correcci\u00f3 ni proposar correctors en aquestes compet\u00e8ncies. Els enunciats de les proves [&hellip;]<\/p>\n","protected":false},"author":1,"featured_media":0,"parent":0,"menu_order":0,"comment_status":"closed","ping_status":"closed","template":"","meta":{"_bbp_topic_count":0,"_bbp_reply_count":0,"_bbp_total_topic_count":0,"_bbp_total_reply_count":0,"_bbp_voice_count":0,"_bbp_anonymous_reply_count":0,"_bbp_topic_count_hidden":0,"_bbp_reply_count_hidden":0,"_bbp_forum_subforum_count":0,"site-sidebar-layout":"default","site-content-layout":"","ast-site-content-layout":"","site-content-style":"default","site-sidebar-style":"default","ast-global-header-display":"","ast-banner-title-visibility":"","ast-main-header-display":"","ast-hfb-above-header-display":"","ast-hfb-below-header-display":"","ast-hfb-mobile-header-display":"","site-post-title":"","ast-breadcrumbs-content":"","ast-featured-img":"","footer-sml-layout":"","theme-transparent-header-meta":"","adv-header-id-meta":"","stick-header-meta":"","header-above-stick-meta":"","header-main-stick-meta":"","header-below-stick-meta":"","astra-migrate-meta-layouts":"default","ast-page-background-enabled":"default","ast-page-background-meta":{"desktop":{"background-color":"var(--ast-global-color-4)","background-image":"","background-repeat":"repeat","background-position":"center center","background-size":"auto","background-attachment":"scroll","background-type":"","background-media":"","overlay-type":"","overlay-color":"","overlay-opacity":"","overlay-gradient":""},"tablet":{"background-color":"","background-image":"","background-repeat":"repeat","background-position":"center center","background-size":"auto","background-attachment":"scroll","background-type":"","background-media":"","overlay-type":"","overlay-color":"","overlay-opacity":"","overlay-gradient":""},"mobile":{"background-color":"","background-image":"","background-repeat":"repeat","background-position":"center center","background-size":"auto","background-attachment":"scroll","background-type":"","background-media":"","overlay-type":"","overlay-color":"","overlay-opacity":"","overlay-gradient":""}},"ast-content-background-meta":{"desktop":{"background-color":"var(--ast-global-color-5)","background-image":"","background-repeat":"repeat","background-position":"center center","background-size":"auto","background-attachment":"scroll","background-type":"","background-media":"","overlay-type":"","overlay-color":"","overlay-opacity":"","overlay-gradient":""},"tablet":{"background-color":"var(--ast-global-color-5)","background-image":"","background-repeat":"repeat","background-position":"center center","background-size":"auto","background-attachment":"scroll","background-type":"","background-media":"","overlay-type":"","overlay-color":"","overlay-opacity":"","overlay-gradient":""},"mobile":{"background-color":"var(--ast-global-color-5)","background-image":"","background-repeat":"repeat","background-position":"center center","background-size":"auto","background-attachment":"scroll","background-type":"","background-media":"","overlay-type":"","overlay-color":"","overlay-opacity":"","overlay-gradient":""}},"footnotes":""},"class_list":["post-6143","page","type-page","status-publish","hentry"],"post_mailing_queue_ids":[],"_links":{"self":[{"href":"https:\/\/serveiseducatius.xtec.cat\/santmarti\/wp-json\/wp\/v2\/pages\/6143","targetHints":{"allow":["GET"]}}],"collection":[{"href":"https:\/\/serveiseducatius.xtec.cat\/santmarti\/wp-json\/wp\/v2\/pages"}],"about":[{"href":"https:\/\/serveiseducatius.xtec.cat\/santmarti\/wp-json\/wp\/v2\/types\/page"}],"author":[{"embeddable":true,"href":"https:\/\/serveiseducatius.xtec.cat\/santmarti\/wp-json\/wp\/v2\/users\/1"}],"replies":[{"embeddable":true,"href":"https:\/\/serveiseducatius.xtec.cat\/santmarti\/wp-json\/wp\/v2\/comments?post=6143"}],"version-history":[{"count":6,"href":"https:\/\/serveiseducatius.xtec.cat\/santmarti\/wp-json\/wp\/v2\/pages\/6143\/revisions"}],"predecessor-version":[{"id":10844,"href":"https:\/\/serveiseducatius.xtec.cat\/santmarti\/wp-json\/wp\/v2\/pages\/6143\/revisions\/10844"}],"wp:attachment":[{"href":"https:\/\/serveiseducatius.xtec.cat\/santmarti\/wp-json\/wp\/v2\/media?parent=6143"}],"curies":[{"name":"wp","href":"https:\/\/api.w.org\/{rel}","templated":true}]}}