{"id":391,"date":"2015-11-25T14:31:04","date_gmt":"2015-11-25T13:31:04","guid":{"rendered":"http:\/\/serveiseducatius.xtec.cat\/se-santmarti\/?page_id=391"},"modified":"2024-05-13T13:08:06","modified_gmt":"2024-05-13T11:08:06","slug":"educacio-especial","status":"publish","type":"page","link":"https:\/\/serveiseducatius.xtec.cat\/santmarti\/centres-educatius\/educacio-especial\/","title":{"rendered":"Formaci\u00f3 d&#8217;adults"},"content":{"rendered":"<table style=\"border-collapse: collapse; width: 571px;\" border=\"0\" cellspacing=\"0\" cellpadding=\"0\">\n<tbody>\n<tr>\n<td style=\"width: 281px; border: 1pt solid black; background: #cccccc; padding: 2.25pt; text-align: left;\" valign=\"top\">\n<p style=\"margin: 0cm; margin-bottom: .0001pt; text-align: center; line-height: 150%;\" align=\"center\"><strong><span lang=\"PT-BR\" style=\"font-size: 10pt; line-height: 150%; font-family: Arial;\">CENTRES P\u00daBLICS D&#8217;ADULTS<\/span><\/strong><\/p>\n<\/td>\n<td style=\"width: 187px; border-top: 1pt solid black; border-right: 1pt solid black; border-bottom: 1pt solid black; border-image: initial; border-left: none; background: #cccccc; padding: 2.25pt;\" valign=\"top\">\n<p style=\"margin: 0cm; margin-bottom: .0001pt; text-align: center; line-height: 150%;\" align=\"center\"><span style=\"white-space: pre-wrap;\"><b><span style=\"font-size: 10pt; line-height: 150%; font-family: Arial;\">ADRE\u00c7A<\/span><\/b><\/span><\/p>\n<\/td>\n<td style=\"width: 102px; border-top: 1pt solid black; border-right: 1pt solid black; border-bottom: 1pt solid black; border-image: initial; border-left: none; background: #cccccc; padding: 2.25pt;\" valign=\"top\">\n<p style=\"margin: 0cm; margin-bottom: .0001pt; text-align: center; line-height: 150%;\" align=\"center\"><span style=\"white-space: pre-wrap;\"><b><span style=\"font-size: 10pt; line-height: 150%; font-family: Arial;\">TEL\u00c8FON<\/span><\/b><\/span><\/p>\n<\/td>\n<\/tr>\n<tr>\n<td style=\"width: 281px; border-right: 1pt solid black; border-bottom: 1pt solid black; border-left: 1pt solid black; border-image: initial; border-top: none; padding: 2.25pt;\" valign=\"top\">\n<p style=\"margin: 0cm; margin-bottom: .0001pt; line-height: 150%;\">CFA Concepci\u00f3 Arenal<\/p>\n<\/td>\n<td style=\"width: 187px; border-top: none; border-left: none; border-bottom: 1pt solid black; border-right: 1pt solid black; padding: 2.25pt;\" valign=\"top\">\n<p style=\"margin: 0cm 0cm 0.0001pt; line-height: 150%; text-align: left;\" align=\"center\">Doctor Trueta, 76-98<\/p>\n<\/td>\n<td style=\"width: 102px; border-top: none; border-left: none; border-bottom: 1pt solid black; border-right: 1pt solid black; padding: 2.25pt;\" valign=\"top\">\n<p style=\"margin: 0cm 0cm 0.0001pt; line-height: 150%; text-align: left;\" align=\"center\">932 250 884<\/p>\n<\/td>\n<\/tr>\n<tr>\n<td style=\"width: 281px; border-right: 1pt solid black; border-bottom: 1pt solid black; border-left: 1pt solid black; border-image: initial; border-top: none; padding: 2.25pt;\" valign=\"top\">\n<p style=\"margin: 0cm; margin-bottom: .0001pt; line-height: 150%;\"><span style=\"font-size: 10pt; line-height: 150%; font-family: Arial;\"><span style=\"color: #333333;\"><span style=\"white-space: pre-wrap;\">CFA El <\/span><\/span><\/span>Clot<\/p>\n<\/td>\n<td style=\"width: 187px; border-top: none; border-left: none; border-bottom: 1pt solid black; border-right: 1pt solid black; padding: 2.25pt;\" valign=\"top\">\n<p style=\"margin: 0cm 0cm 0.0001pt; line-height: 150%; text-align: left;\" align=\"center\">Bilbao, 214<\/p>\n<\/td>\n<td style=\"width: 102px; border-top: none; border-left: none; border-bottom: 1pt solid black; border-right: 1pt solid black; padding: 2.25pt;\" valign=\"top\">\n<p style=\"margin: 0cm 0cm 0.0001pt; line-height: 150%; text-align: left;\" align=\"center\">93 307 52 45<\/p>\n<\/td>\n<\/tr>\n<tr>\n<td style=\"width: 281px; border-right: 1pt solid black; border-bottom: 1pt solid black; border-left: 1pt solid black; border-image: initial; border-top: none; padding: 2.25pt;\" valign=\"top\">\n<p style=\"margin: 0cm; margin-bottom: .0001pt; line-height: 150%;\">CFA La Pau<\/p>\n<\/td>\n<td style=\"width: 187px; border-top: none; border-left: none; border-bottom: 1pt solid black; border-right: 1pt solid black; padding: 2.25pt;\" valign=\"top\">\n<p style=\"margin: 0cm 0cm 0.0001pt; line-height: 150%; text-align: left;\" align=\"center\">Pere Verg\u00e9s, 1<\/p>\n<\/td>\n<td style=\"width: 102px; border-top: none; border-left: none; border-bottom: 1pt solid black; border-right: 1pt solid black; padding: 2.25pt;\" valign=\"top\">\n<p style=\"margin: 0cm 0cm 0.0001pt; line-height: 150%; text-align: left;\" align=\"center\">933 14 70 78<\/p>\n<\/td>\n<\/tr>\n<tr>\n<td style=\"width: 281px; border-right: 1pt solid black; border-bottom: 1pt solid black; border-left: 1pt solid black; border-image: initial; border-top: none; padding: 2.25pt;\" valign=\"top\">\n<p style=\"margin: 0cm; margin-bottom: .0001pt; line-height: 150%;\"><span style=\"font-size: 10pt; line-height: 150%; font-family: Arial;\"><span style=\"color: #333333;\"><span style=\"white-space: pre-wrap;\">CFA <\/span><\/span><\/span>La Verneda<\/p>\n<\/td>\n<td style=\"width: 187px; border-top: none; border-left: none; border-bottom: 1pt solid black; border-right: 1pt solid black; padding: 2.25pt;\" valign=\"top\">\n<p style=\"margin: 0cm 0cm 0.0001pt; line-height: 150%; text-align: left;\" align=\"center\">Almacelles, 1<\/p>\n<\/td>\n<td style=\"width: 102px; border-top: none; border-left: none; border-bottom: 1pt solid black; border-right: 1pt solid black; padding: 2.25pt;\" valign=\"top\">\n<p style=\"margin: 0cm 0cm 0.0001pt; line-height: 150%; text-align: left;\" align=\"center\">932 78 11 93<\/p>\n<\/td>\n<\/tr>\n<tr>\n<td style=\"width: 281px; border-right: 1pt solid black; border-bottom: 1pt solid black; border-left: 1pt solid black; border-image: initial; border-top: none; padding: 2.25pt;\" valign=\"top\">\n<p style=\"margin: 0cm; margin-bottom: .0001pt; line-height: 150%;\">CFA Montserrat Roig<\/p>\n<\/td>\n<td style=\"width: 187px; border-top: none; border-left: none; border-bottom: 1pt solid black; border-right: 1pt solid black; padding: 2.25pt;\" valign=\"top\">\n<p style=\"margin: 0cm 0cm 0.0001pt; line-height: 150%; text-align: left;\" align=\"center\">Rambla del Poblenou, 130<\/p>\n<\/td>\n<td style=\"width: 102px; border-top: none; border-left: none; border-bottom: 1pt solid black; border-right: 1pt solid black; padding: 2.25pt;\" valign=\"top\">\n<p style=\"margin: 0cm 0cm 0.0001pt; line-height: 150%; text-align: left;\" align=\"center\">932 50 55 80<\/p>\n<\/td>\n<\/tr>\n<tr>\n<td style=\"width: 281px; border-right: 1pt solid black; border-bottom: 1pt solid black; border-left: 1pt solid black; border-image: initial; border-top: none; padding: 2.25pt;\" valign=\"top\">\n<p style=\"margin: 0cm; margin-bottom: .0001pt; line-height: 150%;\">CETUC<\/p>\n<\/td>\n<td style=\"width: 187px; border-top: none; border-left: none; border-bottom: 1pt solid black; border-right: 1pt solid black; padding: 2.25pt;\" valign=\"top\">Almog\u00e0vers, 68<\/td>\n<td style=\"width: 102px; border-top: none; border-left: none; border-bottom: 1pt solid black; border-right: 1pt solid black; padding: 2.25pt; text-align: left;\" valign=\"top\">933 00 98 79<\/td>\n<\/tr>\n<\/tbody>\n<\/table>\n","protected":false},"excerpt":{"rendered":"<p>CENTRES P\u00daBLICS D&#8217;ADULTS ADRE\u00c7A TEL\u00c8FON CFA Concepci\u00f3 Arenal Doctor Trueta, 76-98 932 250 884 CFA El Clot Bilbao, 214 93 307 52 45 CFA La Pau Pere Verg\u00e9s, 1 933 14 70 78 CFA La Verneda Almacelles, 1 932 78 11 93 CFA Montserrat Roig Rambla del Poblenou, 130 932 50 55 80 CETUC Almog\u00e0vers, [&hellip;]<\/p>\n","protected":false},"author":1,"featured_media":0,"parent":338,"menu_order":0,"comment_status":"closed","ping_status":"closed","template":"page-templates\/side-menu.php","meta":{"_bbp_topic_count":0,"_bbp_reply_count":0,"_bbp_total_topic_count":0,"_bbp_total_reply_count":0,"_bbp_voice_count":0,"_bbp_anonymous_reply_count":0,"_bbp_topic_count_hidden":0,"_bbp_reply_count_hidden":0,"_bbp_forum_subforum_count":0,"site-sidebar-layout":"default","site-content-layout":"","ast-site-content-layout":"","site-content-style":"default","site-sidebar-style":"default","ast-global-header-display":"","ast-banner-title-visibility":"","ast-main-header-display":"","ast-hfb-above-header-display":"","ast-hfb-below-header-display":"","ast-hfb-mobile-header-display":"","site-post-title":"","ast-breadcrumbs-content":"","ast-featured-img":"","footer-sml-layout":"","theme-transparent-header-meta":"","adv-header-id-meta":"","stick-header-meta":"","header-above-stick-meta":"","header-main-stick-meta":"","header-below-stick-meta":"","astra-migrate-meta-layouts":"default","ast-page-background-enabled":"default","ast-page-background-meta":{"desktop":{"background-color":"var(--ast-global-color-4)","background-image":"","background-repeat":"repeat","background-position":"center center","background-size":"auto","background-attachment":"scroll","background-type":"","background-media":"","overlay-type":"","overlay-color":"","overlay-opacity":"","overlay-gradient":""},"tablet":{"background-color":"","background-image":"","background-repeat":"repeat","background-position":"center center","background-size":"auto","background-attachment":"scroll","background-type":"","background-media":"","overlay-type":"","overlay-color":"","overlay-opacity":"","overlay-gradient":""},"mobile":{"background-color":"","background-image":"","background-repeat":"repeat","background-position":"center center","background-size":"auto","background-attachment":"scroll","background-type":"","background-media":"","overlay-type":"","overlay-color":"","overlay-opacity":"","overlay-gradient":""}},"ast-content-background-meta":{"desktop":{"background-color":"var(--ast-global-color-5)","background-image":"","background-repeat":"repeat","background-position":"center center","background-size":"auto","background-attachment":"scroll","background-type":"","background-media":"","overlay-type":"","overlay-color":"","overlay-opacity":"","overlay-gradient":""},"tablet":{"background-color":"var(--ast-global-color-5)","background-image":"","background-repeat":"repeat","background-position":"center center","background-size":"auto","background-attachment":"scroll","background-type":"","background-media":"","overlay-type":"","overlay-color":"","overlay-opacity":"","overlay-gradient":""},"mobile":{"background-color":"var(--ast-global-color-5)","background-image":"","background-repeat":"repeat","background-position":"center center","background-size":"auto","background-attachment":"scroll","background-type":"","background-media":"","overlay-type":"","overlay-color":"","overlay-opacity":"","overlay-gradient":""}},"footnotes":""},"class_list":["post-391","page","type-page","status-publish","hentry"],"post_mailing_queue_ids":[],"_links":{"self":[{"href":"https:\/\/serveiseducatius.xtec.cat\/santmarti\/wp-json\/wp\/v2\/pages\/391","targetHints":{"allow":["GET"]}}],"collection":[{"href":"https:\/\/serveiseducatius.xtec.cat\/santmarti\/wp-json\/wp\/v2\/pages"}],"about":[{"href":"https:\/\/serveiseducatius.xtec.cat\/santmarti\/wp-json\/wp\/v2\/types\/page"}],"author":[{"embeddable":true,"href":"https:\/\/serveiseducatius.xtec.cat\/santmarti\/wp-json\/wp\/v2\/users\/1"}],"replies":[{"embeddable":true,"href":"https:\/\/serveiseducatius.xtec.cat\/santmarti\/wp-json\/wp\/v2\/comments?post=391"}],"version-history":[{"count":4,"href":"https:\/\/serveiseducatius.xtec.cat\/santmarti\/wp-json\/wp\/v2\/pages\/391\/revisions"}],"predecessor-version":[{"id":10818,"href":"https:\/\/serveiseducatius.xtec.cat\/santmarti\/wp-json\/wp\/v2\/pages\/391\/revisions\/10818"}],"up":[{"embeddable":true,"href":"https:\/\/serveiseducatius.xtec.cat\/santmarti\/wp-json\/wp\/v2\/pages\/338"}],"wp:attachment":[{"href":"https:\/\/serveiseducatius.xtec.cat\/santmarti\/wp-json\/wp\/v2\/media?parent=391"}],"curies":[{"name":"wp","href":"https:\/\/api.w.org\/{rel}","templated":true}]}}