{"id":1381,"date":"2016-03-18T09:39:22","date_gmt":"2016-03-18T08:39:22","guid":{"rendered":"http:\/\/serveiseducatius.xtec.cat\/santmarti\/?page_id=1381"},"modified":"2020-09-26T12:48:45","modified_gmt":"2020-09-26T10:48:45","slug":"seminaris","status":"publish","type":"page","link":"https:\/\/serveiseducatius.xtec.cat\/santmarti\/formacio-esborranya\/seminaris\/","title":{"rendered":"Xarxes d&#8217;aprenentatge professional"},"content":{"rendered":"<h2>Seminaris<\/h2>\n<p>Modalitat que t\u00e9 com a finalitat la reflexi\u00f3 de docents de diferents centres o altres agents educatius del territori entorn d&#8217;un tema, a partir de la seva pr\u00e0ctica professional.<\/p>\n<p><strong>ESPAIS VIRTUALS<\/strong><\/p>\n<p>&#8211; <a href=\"https:\/\/sites.google.com\/a\/xtec.cat\/secretaria-escoles-de-sant-marti\/home\" target=\"_blank\" rel=\"noopener noreferrer\">Seminari de secretaris de Prim\u00e0ria<\/a><\/p>\n<p>Espai de trobada entre els secretaris de prim\u00e0ria dels centres de Sant Mart\u00ed. Es tractaran temes d&#8217;inter\u00e8s consensuats pr\u00e8viament amb els assistents amb l&#8217;objectiu de compartir experi\u00e8ncies i dificultats entre professorat que est\u00e0 desenvolupant el mateix c\u00e0rrec.<\/p>\n<p>&#8211; <a href=\"https:\/\/sites.google.com\/xtec.cat\/seminari-tac-sant-marti-19-20\/inici?authuser=1\" target=\"_blank\" rel=\"noopener noreferrer\">Seminari TAC<\/a><\/p>\n<p>Els Seminaris TAC s\u00f3n sessions de treball i intercanvi al voltant de temes relacionats amb la integraci\u00f3 de les TAC a l&#8217;educaci\u00f3, adre\u00e7ades a responsables TAC dels centres i altre professorat interessat.<\/p>\n<p><strong>LLISTAT DE SEMINARIS DE SANT MART\u00cd<\/strong><\/p>\n<ul>\n<li>Cap d&#8217;estudis de prim\u00e0ria<\/li>\n<li>Secret\u00e0ris\/es de prim\u00e0ria<\/li>\n<li>Especialistes d&#8217;angl\u00e8s<\/li>\n<li>Coordinaci\u00f3 d&#8217;aules d&#8217;acollida<\/li>\n<li>Seminari TAC<\/li>\n<li>Professionals que fan suport a la inclusi\u00f3 SEEZ<\/li>\n<li>Coordinaci\u00f3 dels professionals d&#8217;orientaci\u00f3 educativa<\/li>\n<li>Organitzaci\u00f3 i creaci\u00f3 a la xarxa p\u00fablica de 0-3<\/li>\n<li>Especialistes d&#8217;educaci\u00f3 f\u00edsica<\/li>\n<li>Referents de biblioteques escolars de prim\u00e0ria<\/li>\n<\/ul>\n<p>&nbsp;<\/p>\n<h2><a href=\"https:\/\/serveiseducatius.xtec.cat\/santmarti\/wp-content\/uploads\/usu785\/2019\/09\/xarxes-pel-canvi.jpg\"><img loading=\"lazy\" decoding=\"async\" class=\"alignleft wp-image-3910\" src=\"https:\/\/serveiseducatius.xtec.cat\/santmarti\/wp-content\/uploads\/usu785\/2019\/09\/xarxes-pel-canvi.jpg\" alt=\"\" width=\"133\" height=\"75\" srcset=\"https:\/\/serveiseducatius.xtec.cat\/santmarti\/wp-content\/uploads\/usu785\/2019\/09\/xarxes-pel-canvi.jpg 364w, https:\/\/serveiseducatius.xtec.cat\/santmarti\/wp-content\/uploads\/usu785\/2019\/09\/xarxes-pel-canvi-300x170.jpg 300w\" sizes=\"auto, (max-width: 133px) 100vw, 133px\" \/><\/a><\/h2>\n<h2><\/h2>\n<h2>Xarxes per al canvi<\/h2>\n<p>La voluntat del projecte\u00a0<strong><em>Xarxes per al canvi<\/em>\u00a0<\/strong>\u00e9s impulsar una estrat\u00e8gia d\u2019innovaci\u00f3 que posi al mateix nivell l\u2019equitat i la qualitat educatives, amb l\u2019objectiu de garantir-ho per a tots i cadascun dels infants i joves de la ciutat, des d\u2019una visi\u00f3 d\u2019escola inclusiva. Aix\u00ed, el projecte parteix del capital d\u2019innovaci\u00f3 i coneixements existents, i catalitza les accions de canvi cap a un horitz\u00f3 com\u00fa i potenciant l\u2019autonomia i projecte propi de cada centre, respectant ritmes i necessitats.<\/p>\n<p>Els centres de Sant Andreu que s\u2019han adherit a Xarxes per al canvi s\u00f3n:<\/p>\n<table style=\"font-family: inherit; font-size: 1em; height: 369px; width: 853px;\">\n<tbody>\n<tr style=\"height: 42px;\">\n<td style=\"width: 191px; height: 42px; text-align: center;\">\n<h3>Xarxa 15<\/h3>\n<\/td>\n<td style=\"width: 24px; text-align: center;\">\n<h3><\/h3>\n<\/td>\n<td style=\"width: 216px; text-align: center;\">\n<h3>Xarxa 18<\/h3>\n<\/td>\n<td style=\"width: 21px; text-align: center;\">\n<h3><\/h3>\n<\/td>\n<td style=\"width: 196px;\">\n<h3 style=\"text-align: center;\">Xarxa 19<\/h3>\n<\/td>\n<td style=\"width: 27px; text-align: center;\"><span style=\"font-size: 1.6875em; font-weight: bold;\">\u00a0<\/span><\/td>\n<td style=\"width: 178px; text-align: center;\">\n<h3>Xarxa 22<\/h3>\n<\/td>\n<\/tr>\n<tr style=\"height: 38px;\">\n<td style=\"height: 38px; width: 191px;\">Escola Antoni Balmanya<\/td>\n<td style=\"width: 24px;\"><\/td>\n<td style=\"width: 216px;\">Institut 22@<\/td>\n<td style=\"width: 21px;\"><\/td>\n<td style=\"width: 196px;\">Escola Bac de Roda<\/td>\n<td style=\"width: 27px;\"><\/td>\n<td style=\"width: 178px;\">INS Barri Bes\u00f3s<\/td>\n<\/tr>\n<tr style=\"height: 31px;\">\n<td style=\"height: 31px; width: 191px;\">Escola Dovella<\/td>\n<td style=\"width: 24px;\"><\/td>\n<td style=\"width: 216px;\">Escola Antoni Brusi<\/td>\n<td style=\"width: 21px;\"><\/td>\n<td style=\"width: 196px;\">Escola Brasil<\/td>\n<td style=\"width: 27px;\"><\/td>\n<td style=\"width: 178px;\">INS Bernat Metge<\/td>\n<\/tr>\n<tr style=\"height: 31px;\">\n<td style=\"height: 31px; width: 191px;\">cpc El Clot -Jesu\u00eftes-<\/td>\n<td style=\"width: 24px;\"><\/td>\n<td style=\"width: 216px;\">Escola Auditori<\/td>\n<td style=\"width: 21px;\"><\/td>\n<td style=\"width: 196px;\">Escola La Caixa<\/td>\n<td style=\"width: 27px;\"><\/td>\n<td style=\"width: 178px;\">Esc Concepci\u00f3n Arenal<\/td>\n<\/tr>\n<tr style=\"height: 31px;\">\n<td style=\"height: 31px; width: 191px;\">cpc Escol\u00e0pies Sant Mart\u00ed<\/td>\n<td style=\"width: 24px;\"><\/td>\n<td style=\"width: 216px;\">Escola L&#8217;Arenal de Llevant<\/td>\n<td style=\"width: 21px;\"><\/td>\n<td style=\"width: 196px;\">Escola Catal\u00f2nia<\/td>\n<td style=\"width: 27px;\"><\/td>\n<td style=\"width: 178px;\">Esc Eduard Marquina<\/td>\n<\/tr>\n<tr style=\"height: 31px;\">\n<td style=\"height: 31px; width: 191px;\">Institut Juan Manuel Zafra<\/td>\n<td style=\"width: 24px;\"><\/td>\n<td style=\"width: 216px;\">cpc Asunci\u00f3n de Nuestra Se\u00f1ora<\/td>\n<td style=\"width: 21px;\"><\/td>\n<td style=\"width: 196px;\">Institut Infanta Isabel d\u2019Arag\u00f3<\/td>\n<td style=\"width: 27px;\"><\/td>\n<td style=\"width: 178px;\">Esc Els Horts<\/td>\n<\/tr>\n<tr style=\"height: 31px;\">\n<td style=\"height: 31px; width: 191px;\">Escola La Farigola del Clot<\/td>\n<td style=\"width: 24px;\"><\/td>\n<td style=\"width: 216px;\">Escola Bogatell<\/td>\n<td style=\"width: 21px;\"><\/td>\n<td style=\"width: 196px;\">Institut Joan d&#8217;\u00c0ustria<\/td>\n<td style=\"width: 27px;\"><\/td>\n<td style=\"width: 178px;\">Esc Joaquim Ruyra<\/td>\n<\/tr>\n<tr style=\"height: 31px;\">\n<td style=\"height: 31px; width: 191px;\">Escola Miralletes<\/td>\n<td style=\"width: 24px;\"><\/td>\n<td style=\"width: 216px;\">Escola Fluvi\u00e0<\/td>\n<td style=\"width: 21px;\"><\/td>\n<td style=\"width: 196px;\">Institut Joan d&#8217;\u00c0ustria<\/td>\n<td style=\"width: 27px;\"><\/td>\n<td style=\"width: 178px;\">Esc L&#8217;Arc de Sant Mart\u00ed<\/td>\n<\/tr>\n<tr style=\"height: 31px;\">\n<td style=\"height: 31px; width: 191px;\">Institut Mois\u00e8s Broggi<\/td>\n<td style=\"width: 24px;\"><\/td>\n<td style=\"width: 216px;\">Institut Front Mar\u00edtim<\/td>\n<td style=\"width: 21px;\"><\/td>\n<td style=\"width: 196px;\">Escola Poblenou<\/td>\n<td style=\"width: 27px;\"><\/td>\n<td style=\"width: 178px;\">Esc La Pau<\/td>\n<\/tr>\n<tr style=\"height: 31px;\">\n<td style=\"height: 31px; width: 191px;\">Escola Proven\u00e7als<\/td>\n<td style=\"width: 24px;\"><\/td>\n<td style=\"width: 216px;\">Institut Ic\u00e0ria<\/td>\n<td style=\"width: 21px;\"><\/td>\n<td style=\"width: 196px;\">Escola Els Porxos<\/td>\n<td style=\"width: 27px;\"><\/td>\n<td style=\"width: 178px;\">Esc Prim<\/td>\n<\/tr>\n<tr style=\"height: 31px;\">\n<td style=\"height: 31px; width: 191px;\">Escola Rambleta del Clot<\/td>\n<td style=\"width: 24px;\"><\/td>\n<td style=\"width: 216px;\">Escola La Flor de Maig<\/td>\n<td style=\"width: 21px;\"><\/td>\n<td style=\"width: 196px;\">cpc San Francisco<\/td>\n<td style=\"width: 27px;\"><\/td>\n<td style=\"width: 178px;\">CEE Concha Espina<\/td>\n<\/tr>\n<tr style=\"height: 31px;\">\n<td style=\"height: 10px; width: 191px;\">Institut Salvador Espriu<\/td>\n<td style=\"width: 24px;\"><\/td>\n<td style=\"width: 216px;\">Escola La Llacuna del Poblenou<\/td>\n<td style=\"width: 21px;\"><\/td>\n<td style=\"width: 196px;\">Esc La Palmera<\/td>\n<td style=\"width: 27px;\"><\/td>\n<td style=\"width: 178px;\"><\/td>\n<\/tr>\n<tr>\n<td style=\"width: 191px;\"><\/td>\n<td style=\"width: 24px;\"><\/td>\n<td style=\"width: 216px;\">Escola La Mar Bella<\/td>\n<td style=\"width: 21px;\"><\/td>\n<td style=\"width: 196px;\"><\/td>\n<td style=\"width: 27px;\"><\/td>\n<td style=\"width: 178px;\"><\/td>\n<\/tr>\n<tr>\n<td style=\"width: 191px;\"><\/td>\n<td style=\"width: 24px;\"><\/td>\n<td style=\"width: 216px;\">Escola Les Ac\u00e0cies<\/td>\n<td style=\"width: 21px;\"><\/td>\n<td style=\"width: 196px;\"><\/td>\n<td style=\"width: 27px;\"><\/td>\n<td style=\"width: 178px;\"><\/td>\n<\/tr>\n<tr>\n<td style=\"width: 191px;\"><\/td>\n<td style=\"width: 24px;\"><\/td>\n<td style=\"width: 216px;\">Institut Maria Espinalt<\/td>\n<td style=\"width: 21px;\"><\/td>\n<td style=\"width: 196px;\"><\/td>\n<td style=\"width: 27px;\"><\/td>\n<td style=\"width: 178px;\"><\/td>\n<\/tr>\n<tr>\n<td style=\"width: 191px;\"><\/td>\n<td style=\"width: 24px;\"><\/td>\n<td style=\"width: 216px;\">Escola Pere IV<\/td>\n<td style=\"width: 21px;\"><\/td>\n<td style=\"width: 196px;\"><\/td>\n<td style=\"width: 27px;\"><\/td>\n<td style=\"width: 178px;\"><\/td>\n<\/tr>\n<tr>\n<td style=\"width: 191px;\"><\/td>\n<td style=\"width: 24px;\"><\/td>\n<td style=\"width: 216px;\">Institut Quatre Cantons<\/td>\n<td style=\"width: 21px;\"><\/td>\n<td style=\"width: 196px;\"><\/td>\n<td style=\"width: 27px;\"><\/td>\n<td style=\"width: 178px;\"><\/td>\n<\/tr>\n<tr>\n<td style=\"width: 191px;\"><\/td>\n<td style=\"width: 24px;\"><\/td>\n<td style=\"width: 216px;\">Escola Sant Mart\u00ed<\/td>\n<td style=\"width: 21px;\"><\/td>\n<td style=\"width: 196px;\"><\/td>\n<td style=\"width: 27px;\"><\/td>\n<td style=\"width: 178px;\"><\/td>\n<\/tr>\n<tr>\n<td style=\"width: 191px;\"><\/td>\n<td style=\"width: 24px;\"><\/td>\n<td style=\"width: 216px;\">Escola Vila Ol\u00edmpica<\/td>\n<td style=\"width: 21px;\"><\/td>\n<td style=\"width: 196px;\"><\/td>\n<td style=\"width: 27px;\"><\/td>\n<td style=\"width: 178px;\"><\/td>\n<\/tr>\n<tr>\n<td style=\"width: 191px;\"><\/td>\n<td style=\"width: 24px;\"><\/td>\n<td style=\"width: 216px;\">cpc Voramar<\/td>\n<td style=\"width: 21px;\"><\/td>\n<td style=\"width: 196px;\"><\/td>\n<td style=\"width: 27px;\"><\/td>\n<td style=\"width: 178px;\"><\/td>\n<\/tr>\n<\/tbody>\n<\/table>\n<h2><a href=\"https:\/\/serveiseducatius.xtec.cat\/santmarti\/wp-content\/uploads\/usu785\/2016\/03\/AEX.jpg\"><img loading=\"lazy\" decoding=\"async\" class=\"alignleft size-full wp-image-1482\" src=\"https:\/\/serveiseducatius.xtec.cat\/santmarti\/wp-content\/uploads\/usu785\/2016\/03\/AEX.jpg\" alt=\"\" width=\"177\" height=\"89\" \/><\/a><\/h2>\n<h2><\/h2>\n<h2>Aprenem en Xarxa<\/h2>\n<div>\n<p>El conjunt d\u2019escoles i instituts del Poblenou es plantegen posar en valor les din\u00e0miques educatives que, amb difer\u00e8ncies en funci\u00f3 del centre, fa anys que desenvolupen al seu territori. <span style=\"font-family: inherit; font-size: 1em;\">Fent una mirada al treball que realitzen els centres, es fa palesa la necessitat de trobar el temps i els recursos per a analitzar el cam\u00ed recorregut, els projectes endegats, les din\u00e0miques provocades i els resultats obtinguts. En una perspectiva que pret\u00e9n identificar les fortaleses de cada centre i comunitat per\u00f2 tamb\u00e9 aquells elements que podrien millorar a partir d\u2019una mirada focalitzada.<\/span><\/p>\n<\/div>\n<p>Centres que participen a l&#8217;AEX: 1.\u00a0 Institut 22@\u00a0 2.\u00a0 Escola Antoni Brusi\u00a0 3.\u00a0 Escola Auditori\u00a0 4.\u00a0 Escola L&#8217;Arenal de Llevant\u00a0 5.\u00a0 cpc Asunci\u00f3n de Nuestra Se\u00f1ora\u00a0 6.\u00a0 Escola Bogatell\u00a0 7.\u00a0 Escola Fluvi\u00e0\u00a0 8.\u00a0 Institut Front Mar\u00edtim\u00a0 9.\u00a0 Institut Ic\u00e0ria\u00a0 10.\u00a0 Escola La Flor de Maig\u00a0 11. Escola La Llacuna del Poblenou\u00a0 12. Escola La Mar Bella\u00a0 13. Escola Les Ac\u00e0cies\u00a0 14. Institut Maria Espinalt\u00a0 15. Escola Pere IV\u00a0 16. Institut Quatre Cantons\u00a0 17. Escola Sant Mart\u00ed\u00a0 18. Escola Vila Ol\u00edmpica\u00a0 19. cpc Voramar<\/p>\n<p><a href=\"https:\/\/sites.google.com\/a\/xtec.cat\/aex\/home\"><strong>MATERIALS DE LA XARXA<\/strong><\/a><\/p>\n","protected":false},"excerpt":{"rendered":"<p>Seminaris Modalitat que t\u00e9 com a finalitat la reflexi\u00f3 de docents de diferents centres o altres agents educatius del territori entorn d&#8217;un tema, a partir de la seva pr\u00e0ctica professional. ESPAIS VIRTUALS &#8211; Seminari de secretaris de Prim\u00e0ria Espai de trobada entre els secretaris de prim\u00e0ria dels centres de Sant Mart\u00ed. Es tractaran temes d&#8217;inter\u00e8s [&hellip;]<\/p>\n","protected":false},"author":1,"featured_media":0,"parent":416,"menu_order":0,"comment_status":"closed","ping_status":"closed","template":"page-templates\/side-menu.php","meta":{"_bbp_topic_count":0,"_bbp_reply_count":0,"_bbp_total_topic_count":0,"_bbp_total_reply_count":0,"_bbp_voice_count":0,"_bbp_anonymous_reply_count":0,"_bbp_topic_count_hidden":0,"_bbp_reply_count_hidden":0,"_bbp_forum_subforum_count":0,"site-sidebar-layout":"default","site-content-layout":"","ast-site-content-layout":"","site-content-style":"default","site-sidebar-style":"default","ast-global-header-display":"","ast-banner-title-visibility":"","ast-main-header-display":"","ast-hfb-above-header-display":"","ast-hfb-below-header-display":"","ast-hfb-mobile-header-display":"","site-post-title":"","ast-breadcrumbs-content":"","ast-featured-img":"","footer-sml-layout":"","theme-transparent-header-meta":"","adv-header-id-meta":"","stick-header-meta":"","header-above-stick-meta":"","header-main-stick-meta":"","header-below-stick-meta":"","astra-migrate-meta-layouts":"default","ast-page-background-enabled":"default","ast-page-background-meta":{"desktop":{"background-color":"var(--ast-global-color-4)","background-image":"","background-repeat":"repeat","background-position":"center center","background-size":"auto","background-attachment":"scroll","background-type":"","background-media":"","overlay-type":"","overlay-color":"","overlay-opacity":"","overlay-gradient":""},"tablet":{"background-color":"","background-image":"","background-repeat":"repeat","background-position":"center center","background-size":"auto","background-attachment":"scroll","background-type":"","background-media":"","overlay-type":"","overlay-color":"","overlay-opacity":"","overlay-gradient":""},"mobile":{"background-color":"","background-image":"","background-repeat":"repeat","background-position":"center center","background-size":"auto","background-attachment":"scroll","background-type":"","background-media":"","overlay-type":"","overlay-color":"","overlay-opacity":"","overlay-gradient":""}},"ast-content-background-meta":{"desktop":{"background-color":"var(--ast-global-color-5)","background-image":"","background-repeat":"repeat","background-position":"center center","background-size":"auto","background-attachment":"scroll","background-type":"","background-media":"","overlay-type":"","overlay-color":"","overlay-opacity":"","overlay-gradient":""},"tablet":{"background-color":"var(--ast-global-color-5)","background-image":"","background-repeat":"repeat","background-position":"center center","background-size":"auto","background-attachment":"scroll","background-type":"","background-media":"","overlay-type":"","overlay-color":"","overlay-opacity":"","overlay-gradient":""},"mobile":{"background-color":"var(--ast-global-color-5)","background-image":"","background-repeat":"repeat","background-position":"center center","background-size":"auto","background-attachment":"scroll","background-type":"","background-media":"","overlay-type":"","overlay-color":"","overlay-opacity":"","overlay-gradient":""}},"footnotes":""},"class_list":["post-1381","page","type-page","status-publish","hentry"],"post_mailing_queue_ids":[],"_links":{"self":[{"href":"https:\/\/serveiseducatius.xtec.cat\/santmarti\/wp-json\/wp\/v2\/pages\/1381","targetHints":{"allow":["GET"]}}],"collection":[{"href":"https:\/\/serveiseducatius.xtec.cat\/santmarti\/wp-json\/wp\/v2\/pages"}],"about":[{"href":"https:\/\/serveiseducatius.xtec.cat\/santmarti\/wp-json\/wp\/v2\/types\/page"}],"author":[{"embeddable":true,"href":"https:\/\/serveiseducatius.xtec.cat\/santmarti\/wp-json\/wp\/v2\/users\/1"}],"replies":[{"embeddable":true,"href":"https:\/\/serveiseducatius.xtec.cat\/santmarti\/wp-json\/wp\/v2\/comments?post=1381"}],"version-history":[{"count":4,"href":"https:\/\/serveiseducatius.xtec.cat\/santmarti\/wp-json\/wp\/v2\/pages\/1381\/revisions"}],"predecessor-version":[{"id":4793,"href":"https:\/\/serveiseducatius.xtec.cat\/santmarti\/wp-json\/wp\/v2\/pages\/1381\/revisions\/4793"}],"up":[{"embeddable":true,"href":"https:\/\/serveiseducatius.xtec.cat\/santmarti\/wp-json\/wp\/v2\/pages\/416"}],"wp:attachment":[{"href":"https:\/\/serveiseducatius.xtec.cat\/santmarti\/wp-json\/wp\/v2\/media?parent=1381"}],"curies":[{"name":"wp","href":"https:\/\/api.w.org\/{rel}","templated":true}]}}