{"id":1373,"date":"2016-03-17T16:44:07","date_gmt":"2016-03-17T15:44:07","guid":{"rendered":"http:\/\/serveiseducatius.xtec.cat\/santmarti\/?page_id=1373"},"modified":"2020-12-15T12:09:10","modified_gmt":"2020-12-15T11:09:10","slug":"activitats-adrecades-a-lalumnat","status":"publish","type":"page","link":"https:\/\/serveiseducatius.xtec.cat\/santmarti\/activitats-adrecades-a-lalumnat\/","title":{"rendered":"Activitats per l&#8217;alumnat"},"content":{"rendered":"<h3><\/h3>\n<table style=\"border-collapse: collapse; width: 84.3663%; height: 705px;\" border=\"1\">\n<tbody>\n<tr style=\"height: 33px;\">\n<td style=\"height: 33px; border-color: #ffffff; width: 25%;\"><a href=\"https:\/\/serveiseducatius.xtec.cat\/santmarti\/wp-content\/uploads\/usu785\/2018\/10\/Hi-havia-una-vegada.jpg\"><img loading=\"lazy\" decoding=\"async\" class=\"size-full wp-image-3556 aligncenter\" src=\"https:\/\/serveiseducatius.xtec.cat\/santmarti\/wp-content\/uploads\/usu785\/2018\/10\/Hi-havia-una-vegada.jpg\" alt=\"\" width=\"250\" height=\"187\" srcset=\"https:\/\/serveiseducatius.xtec.cat\/santmarti\/wp-content\/uploads\/usu785\/2018\/10\/Hi-havia-una-vegada.jpg 250w, https:\/\/serveiseducatius.xtec.cat\/santmarti\/wp-content\/uploads\/usu785\/2018\/10\/Hi-havia-una-vegada-200x150.jpg 200w\" sizes=\"auto, (max-width: 250px) 100vw, 250px\" \/><\/a><\/td>\n<td style=\"width: 23.8309%; height: 33px; border-color: #ffffff;\"><a href=\"https:\/\/serveiseducatius.xtec.cat\/santmarti\/wp-content\/uploads\/usu785\/2018\/10\/El-llibre-secret.jpg\"><img loading=\"lazy\" decoding=\"async\" class=\"size-full wp-image-3557 aligncenter\" src=\"https:\/\/serveiseducatius.xtec.cat\/santmarti\/wp-content\/uploads\/usu785\/2018\/10\/El-llibre-secret.jpg\" alt=\"\" width=\"250\" height=\"187\" srcset=\"https:\/\/serveiseducatius.xtec.cat\/santmarti\/wp-content\/uploads\/usu785\/2018\/10\/El-llibre-secret.jpg 250w, https:\/\/serveiseducatius.xtec.cat\/santmarti\/wp-content\/uploads\/usu785\/2018\/10\/El-llibre-secret-200x150.jpg 200w\" sizes=\"auto, (max-width: 250px) 100vw, 250px\" \/><\/a><\/td>\n<td style=\"width: 12.5%; border-color: #ffffff; height: 33px;\">\u00a0<a href=\"https:\/\/serveiseducatius.xtec.cat\/santmarti\/wp-content\/uploads\/usu785\/2018\/10\/Jocs-Florals.jpg\"><img loading=\"lazy\" decoding=\"async\" class=\"wp-image-3562 aligncenter\" src=\"https:\/\/serveiseducatius.xtec.cat\/santmarti\/wp-content\/uploads\/usu785\/2018\/10\/Jocs-Florals.jpg\" alt=\"\" width=\"275\" height=\"195\" \/><\/a><\/td>\n<\/tr>\n<tr style=\"height: 243px;\">\n<td style=\"height: 243px; border-color: #ffffff; width: 33%;\"><em><strong>Hi havia una vegada<\/strong><\/em><\/p>\n<p>Activitat adre\u00e7ada a l\u2019alumnat de P3. \u00c9s un taller pr\u00e0ctic que consisteix en la intervenci\u00f3 d\u2019una especialista conta-contes\u00a0a l\u2019aula.<\/p>\n<p><a href=\"https:\/\/forms.gle\/cvmub5UgenLZieek6\" target=\"_blank\" rel=\"noopener noreferrer\">Inscripci\u00f3 oberta<\/a><\/p>\n<p><a href=\"https:\/\/drive.google.com\/file\/d\/0B9MF0BzL7fpxSXV0dzM5cFVIWGs\/view\">M\u00e9s informaci\u00f3<\/a><\/p>\n<p><span style=\"text-decoration: underline;\"><strong style=\"font-family: inherit; font-size: 0.875em;\"><em>Termini de sol\u00b7licitud: fins a l&#8217;abril de 2021<\/em><\/strong><\/span><\/td>\n<td style=\"width: 33%; height: 243px; border-color: #ffffff;\"><em><strong>El llibre secret de les adreces<\/strong><\/em><\/p>\n<p>Activitat adre\u00e7ada a l\u2019alumnat de 3r de prim\u00e0ria. \u00c9s un taller pr\u00e0ctic que consisteix en la intervenci\u00f3 d\u2019una especialista conta-contes\u00a0a l\u2019aula.<\/p>\n<p><a href=\"https:\/\/forms.gle\/4vLKwPKkNHyx2RKGA\" target=\"_blank\" rel=\"noopener noreferrer\">Inscripci\u00f3 oberta<\/a><\/p>\n<p><a href=\"https:\/\/drive.google.com\/file\/d\/0B9MF0BzL7fpxX3dpLURrSjFkX0k\/view\">M\u00e9s informaci\u00f3<\/a><\/p>\n<p><span style=\"text-decoration: underline;\"><strong style=\"font-family: inherit; font-size: 0.875em;\"><em>Termini de sol\u00b7licitud: fins al mar\u00e7 de 2021<\/em><\/strong><\/span><\/td>\n<td style=\"width: 33%; border-color: #ffffff; height: 243px;\"><strong>Jocs Florals Escolars<\/strong><\/p>\n<p>Activitat adre\u00e7ada a tot l\u2019alumnat del Districte. \u00c9s una festa liter\u00e0ria on els alumnes de les diferents categories participen amb les seves proses i poesies.<\/p>\n<p><a href=\"https:\/\/serveiseducatius.xtec.cat\/santmarti\/portada\/jocs-florals-escolars-del-districte-de-sant-marti-2018\/\">Bases de participaci\u00f3<\/a><\/p>\n<p><a href=\"https:\/\/serveiseducatius.xtec.cat\/santmarti\/portada\/jocs-florals-escolars-del-districte-de-sant-marti-2018\/\">Calendari<\/a><\/td>\n<\/tr>\n<tr style=\"height: 229px;\">\n<td style=\"border-color: #ffffff; width: 25%; height: 229px;\"><img loading=\"lazy\" decoding=\"async\" class=\"size-full wp-image-3558 aligncenter\" src=\"https:\/\/serveiseducatius.xtec.cat\/santmarti\/wp-content\/uploads\/usu785\/2018\/10\/6-Congres-de-ciencia-1.jpg\" alt=\"\" width=\"250\" height=\"146\" \/><\/td>\n<td style=\"width: 23.8309%; border-color: #ffffff; height: 229px;\">\u00a0<a href=\"https:\/\/serveiseducatius.xtec.cat\/santmarti\/wp-content\/uploads\/usu785\/2018\/10\/Mostra-recerca-2.jpg\"><img loading=\"lazy\" decoding=\"async\" class=\"wp-image-3560 aligncenter\" src=\"https:\/\/serveiseducatius.xtec.cat\/santmarti\/wp-content\/uploads\/usu785\/2018\/10\/Mostra-recerca-2.jpg\" alt=\"\" width=\"273\" height=\"204\" srcset=\"https:\/\/serveiseducatius.xtec.cat\/santmarti\/wp-content\/uploads\/usu785\/2018\/10\/Mostra-recerca-2.jpg 250w, https:\/\/serveiseducatius.xtec.cat\/santmarti\/wp-content\/uploads\/usu785\/2018\/10\/Mostra-recerca-2-200x150.jpg 200w\" sizes=\"auto, (max-width: 273px) 100vw, 273px\" \/><\/a><\/td>\n<td style=\"width: 12.5%; border-color: #ffffff; height: 229px;\"><strong>\u00a0<\/strong><\/td>\n<\/tr>\n<tr style=\"height: 180px;\">\n<td style=\"border-color: #ffffff; width: 33px; height: 200px;\"><strong>Congr\u00e8s de ci\u00e8ncia<\/strong><\/p>\n<p>Adre\u00e7at als nivells des de P5 fins a 6\u00e8 de prim\u00e0ria.\u00a0El projecte va dirigit a la presentaci\u00f3 d\u2019una experi\u00e8ncia de recerca per part de l\u2019alumnat.<\/p>\n<p>Inscricipci\u00f3 tancada<\/p>\n<p><a href=\"https:\/\/projectes.xtec.cat\/barcelona-apren-ciencia\/\">M\u00e9s informaci\u00f3<\/a><\/td>\n<td style=\"border-color: #ffffff; width: 33px; height: 200px;\"><strong>Mostra de recerca<\/strong><\/p>\n<p>Jornada d&#8217;intercanvi que s&#8217;adre\u00e7a als alumnes de 2n de batx. Donar a con\u00e8ixer els treballs de recerca i recon\u00e8ixer l\u2019esfor\u00e7 realitzat per l\u2019alumnat i el professorat que el tutoritza.<\/p>\n<p>Inscricipci\u00f3 tancada<\/p>\n<p><a href=\"https:\/\/serveiseducatius.xtec.cat\/santmarti\/portada\/xvii-congres-de-treballs-de-recerca-de-batxillerat\/\">M\u00e9s informaci\u00f3<\/a><\/td>\n<td style=\"border-color: #ffffff; width: 33px; height: 200px;\"><strong>\u00a0<\/strong><\/td>\n<\/tr>\n<\/tbody>\n<\/table>\n<h3><\/h3>\n<p>&nbsp;<\/p>\n<p>&nbsp;<\/p>\n<p>&nbsp;<\/p>\n<p>&nbsp;<\/p>\n<p>&nbsp;<\/p>\n","protected":false},"excerpt":{"rendered":"<p>\u00a0 Hi havia una vegada Activitat adre\u00e7ada a l\u2019alumnat de P3. \u00c9s un taller pr\u00e0ctic que consisteix en la intervenci\u00f3 d\u2019una especialista conta-contes\u00a0a l\u2019aula. Inscripci\u00f3 oberta M\u00e9s informaci\u00f3 Termini de sol\u00b7licitud: fins a l&#8217;abril de 2021 El llibre secret de les adreces Activitat adre\u00e7ada a l\u2019alumnat de 3r de prim\u00e0ria. \u00c9s un taller pr\u00e0ctic que [&hellip;]<\/p>\n","protected":false},"author":1,"featured_media":0,"parent":0,"menu_order":0,"comment_status":"closed","ping_status":"closed","template":"","meta":{"_bbp_topic_count":0,"_bbp_reply_count":0,"_bbp_total_topic_count":0,"_bbp_total_reply_count":0,"_bbp_voice_count":0,"_bbp_anonymous_reply_count":0,"_bbp_topic_count_hidden":0,"_bbp_reply_count_hidden":0,"_bbp_forum_subforum_count":0,"site-sidebar-layout":"default","site-content-layout":"","ast-site-content-layout":"","site-content-style":"default","site-sidebar-style":"default","ast-global-header-display":"","ast-banner-title-visibility":"","ast-main-header-display":"","ast-hfb-above-header-display":"","ast-hfb-below-header-display":"","ast-hfb-mobile-header-display":"","site-post-title":"","ast-breadcrumbs-content":"","ast-featured-img":"","footer-sml-layout":"","theme-transparent-header-meta":"","adv-header-id-meta":"","stick-header-meta":"","header-above-stick-meta":"","header-main-stick-meta":"","header-below-stick-meta":"","astra-migrate-meta-layouts":"default","ast-page-background-enabled":"default","ast-page-background-meta":{"desktop":{"background-color":"var(--ast-global-color-4)","background-image":"","background-repeat":"repeat","background-position":"center center","background-size":"auto","background-attachment":"scroll","background-type":"","background-media":"","overlay-type":"","overlay-color":"","overlay-opacity":"","overlay-gradient":""},"tablet":{"background-color":"","background-image":"","background-repeat":"repeat","background-position":"center center","background-size":"auto","background-attachment":"scroll","background-type":"","background-media":"","overlay-type":"","overlay-color":"","overlay-opacity":"","overlay-gradient":""},"mobile":{"background-color":"","background-image":"","background-repeat":"repeat","background-position":"center center","background-size":"auto","background-attachment":"scroll","background-type":"","background-media":"","overlay-type":"","overlay-color":"","overlay-opacity":"","overlay-gradient":""}},"ast-content-background-meta":{"desktop":{"background-color":"var(--ast-global-color-5)","background-image":"","background-repeat":"repeat","background-position":"center center","background-size":"auto","background-attachment":"scroll","background-type":"","background-media":"","overlay-type":"","overlay-color":"","overlay-opacity":"","overlay-gradient":""},"tablet":{"background-color":"var(--ast-global-color-5)","background-image":"","background-repeat":"repeat","background-position":"center center","background-size":"auto","background-attachment":"scroll","background-type":"","background-media":"","overlay-type":"","overlay-color":"","overlay-opacity":"","overlay-gradient":""},"mobile":{"background-color":"var(--ast-global-color-5)","background-image":"","background-repeat":"repeat","background-position":"center center","background-size":"auto","background-attachment":"scroll","background-type":"","background-media":"","overlay-type":"","overlay-color":"","overlay-opacity":"","overlay-gradient":""}},"footnotes":""},"class_list":["post-1373","page","type-page","status-publish","hentry"],"post_mailing_queue_ids":[],"_links":{"self":[{"href":"https:\/\/serveiseducatius.xtec.cat\/santmarti\/wp-json\/wp\/v2\/pages\/1373","targetHints":{"allow":["GET"]}}],"collection":[{"href":"https:\/\/serveiseducatius.xtec.cat\/santmarti\/wp-json\/wp\/v2\/pages"}],"about":[{"href":"https:\/\/serveiseducatius.xtec.cat\/santmarti\/wp-json\/wp\/v2\/types\/page"}],"author":[{"embeddable":true,"href":"https:\/\/serveiseducatius.xtec.cat\/santmarti\/wp-json\/wp\/v2\/users\/1"}],"replies":[{"embeddable":true,"href":"https:\/\/serveiseducatius.xtec.cat\/santmarti\/wp-json\/wp\/v2\/comments?post=1373"}],"version-history":[{"count":4,"href":"https:\/\/serveiseducatius.xtec.cat\/santmarti\/wp-json\/wp\/v2\/pages\/1373\/revisions"}],"predecessor-version":[{"id":4945,"href":"https:\/\/serveiseducatius.xtec.cat\/santmarti\/wp-json\/wp\/v2\/pages\/1373\/revisions\/4945"}],"wp:attachment":[{"href":"https:\/\/serveiseducatius.xtec.cat\/santmarti\/wp-json\/wp\/v2\/media?parent=1373"}],"curies":[{"name":"wp","href":"https:\/\/api.w.org\/{rel}","templated":true}]}}