{"id":11750,"date":"2025-01-29T12:46:30","date_gmt":"2025-01-29T11:46:30","guid":{"rendered":"https:\/\/serveiseducatius.xtec.cat\/santmarti\/?page_id=11750"},"modified":"2025-04-04T11:56:48","modified_gmt":"2025-04-04T09:56:48","slug":"competencies-basiques-de-6e-de-primaria-curs-2024-2024","status":"publish","type":"page","link":"https:\/\/serveiseducatius.xtec.cat\/santmarti\/competencies-basiques-de-6e-de-primaria-curs-2024-2024\/","title":{"rendered":"Compet\u00e8ncies B\u00e0siques de 6\u00e8 de Prim\u00e0ria. Curs 2024-2025"},"content":{"rendered":"\n<figure class=\"wp-block-image aligncenter size-full is-style-default\"><a href=\"https:\/\/serveiseducatius.xtec.cat\/santmarti\/wp-content\/uploads\/usu785\/2025\/01\/6primaria.jpg\"><img loading=\"lazy\" decoding=\"async\" width=\"400\" height=\"110\" src=\"https:\/\/serveiseducatius.xtec.cat\/santmarti\/wp-content\/uploads\/usu785\/2025\/01\/6primaria.jpg\" alt=\"\" class=\"wp-image-11751\" srcset=\"https:\/\/serveiseducatius.xtec.cat\/santmarti\/wp-content\/uploads\/usu785\/2025\/01\/6primaria.jpg 400w, https:\/\/serveiseducatius.xtec.cat\/santmarti\/wp-content\/uploads\/usu785\/2025\/01\/6primaria-300x83.jpg 300w\" sizes=\"auto, (max-width: 400px) 100vw, 400px\" \/><\/a><\/figure>\n\n\n\n<hr class=\"wp-block-separator has-alpha-channel-opacity\"\/>\n\n\n\n<p class=\"has-text-align-center\">Les proves s\u2019aplicaran els dies <strong>7, 8<\/strong> i<strong> 9 d&#8217;abril<\/strong> de 2025<\/p>\n\n\n\n<p><strong>DATES CLAU<\/strong>&nbsp;de l&#8217;avaluaci\u00f3&nbsp;de sis\u00e8 de Prim\u00e0ria:<\/p>\n\n\n\n<ul class=\"wp-block-list\">\n<li><strong>7-8-9 abril 2025<\/strong>: Aplicaci\u00f3 de les proves.<\/li>\n\n\n\n<li><strong>9 abril 2025<\/strong>: Els centres portaran els sobres dels fulls de respostes a la seu de la comissi\u00f3.<\/li>\n\n\n\n<li><strong>10 abril 2025<\/strong>: La comissi\u00f3 portar\u00e0 les bosses opaques amb els sobres dels centres als serveis territorials.<\/li>\n\n\n\n<li><strong>10-21 abril 2025<\/strong>: Correctors\/es, acc\u00e9s per a la comprovaci\u00f3 de dades.<\/li>\n\n\n\n<li><strong>22 abril-2 maig 2025<\/strong>: Correctors\/es, correcci\u00f3 de proves.<\/li>\n\n\n\n<li><strong>19-23 maig 2025<\/strong>: Correctors\/es, confirmaci\u00f3 d&#8217;enc\u00e0rrec.<\/li>\n<\/ul>\n\n\n\n<p><img loading=\"lazy\" decoding=\"async\" width=\"50\" height=\"28\" class=\"wp-image-11839\" style=\"width: 50px;\" src=\"https:\/\/serveiseducatius.xtec.cat\/santmarti\/wp-content\/uploads\/usu785\/2025\/03\/presentacio-icon.png\" alt=\"\" srcset=\"https:\/\/serveiseducatius.xtec.cat\/santmarti\/wp-content\/uploads\/usu785\/2025\/03\/presentacio-icon.png 352w, https:\/\/serveiseducatius.xtec.cat\/santmarti\/wp-content\/uploads\/usu785\/2025\/03\/presentacio-icon-300x170.png 300w\" sizes=\"auto, (max-width: 50px) 100vw, 50px\" \/> Presentaci\u00f3 en l\u00ednia amb un resum de les instruccions per a l&#8217;aplicaci\u00f3 de les proves de final d&#8217;etapa: <a href=\"http:\/\/consaval.cat\/aplicadors\" target=\"_blank\" rel=\"noreferrer noopener\">http:\/\/consaval.cat\/aplicadors<\/a><\/p>\n\n\n\n<p><img loading=\"lazy\" decoding=\"async\" width=\"35\" height=\"38\" class=\"wp-image-11852\" style=\"width: 35px;\" src=\"https:\/\/serveiseducatius.xtec.cat\/santmarti\/wp-content\/uploads\/usu785\/2025\/03\/signa-icon.png\" alt=\"\"> Model d&#8217;acta d&#8217;aplicaci\u00f3 de les proves: <\/p>\n\n\n\n<div class=\"wp-block-file aligncenter\"><a id=\"wp-block-file--media-2c2126c2-de25-47da-9bcc-b432189369df\" href=\"https:\/\/serveiseducatius.xtec.cat\/santmarti\/wp-content\/uploads\/usu785\/2025\/03\/Annex-II_Acta_aplicacio_proves_BCN10.docx\">Annex-II_Acta_aplicacio_proves_BCN10<\/a><a href=\"https:\/\/serveiseducatius.xtec.cat\/santmarti\/wp-content\/uploads\/usu785\/2025\/03\/Annex-II_Acta_aplicacio_proves_BCN10.docx\" class=\"wp-block-file__button wp-element-button\" download aria-describedby=\"wp-block-file--media-2c2126c2-de25-47da-9bcc-b432189369df\">Baixa<\/a><\/div>\n\n\n\n<p><\/p>\n\n\n\n<p><img loading=\"lazy\" decoding=\"async\" width=\"50\" height=\"28\" class=\"wp-image-11839\" style=\"width: 50px;\" src=\"https:\/\/serveiseducatius.xtec.cat\/santmarti\/wp-content\/uploads\/usu785\/2025\/03\/presentacio-icon.png\" alt=\"\" srcset=\"https:\/\/serveiseducatius.xtec.cat\/santmarti\/wp-content\/uploads\/usu785\/2025\/03\/presentacio-icon.png 352w, https:\/\/serveiseducatius.xtec.cat\/santmarti\/wp-content\/uploads\/usu785\/2025\/03\/presentacio-icon-300x170.png 300w\" sizes=\"auto, (max-width: 50px) 100vw, 50px\" \/> Presentaci\u00f3 en l\u00ednia amb un resum de les instruccions per a la correcci\u00f3 de les proves de final d&#8217;etapa: <a href=\"http:\/\/consaval.cat\/correctorsA6P\/\">http:\/\/consaval.cat\/correctorsA6P\/<\/a><\/p>\n\n\n\n<p><img loading=\"lazy\" decoding=\"async\" width=\"35\" height=\"35\" class=\"wp-image-11840\" style=\"width: 35px;\" src=\"https:\/\/serveiseducatius.xtec.cat\/santmarti\/wp-content\/uploads\/usu785\/2025\/03\/icona-info.png\" alt=\"\" srcset=\"https:\/\/serveiseducatius.xtec.cat\/santmarti\/wp-content\/uploads\/usu785\/2025\/03\/icona-info.png 225w, https:\/\/serveiseducatius.xtec.cat\/santmarti\/wp-content\/uploads\/usu785\/2025\/03\/icona-info-150x150.png 150w\" sizes=\"auto, (max-width: 35px) 100vw, 35px\" \/> Tota la informaci\u00f3 al Consell Superior d&#8217;Avaluaci\u00f3 del Sistema Educatiu: <a href=\"http:\/\/csda.gencat.cat\/ca\/arees-actuacio\/avaluacions-consell\/avaluacio-sise-primaria\/prova-2025\/\">http:\/\/csda.gencat.cat\/ca\/arees-actuacio\/avaluacions-consell\/avaluacio-sise-primaria\/prova-2025\/<\/a><\/p>\n\n\n\n<hr class=\"wp-block-separator has-alpha-channel-opacity\"\/>\n\n\n\n<div data-wp-interactive=\"core\/file\" class=\"wp-block-file\"><object data-wp-bind--hidden=\"!state.hasPdfPreview\" hidden class=\"wp-block-file__embed\" data=\"https:\/\/serveiseducatius.xtec.cat\/santmarti\/wp-content\/uploads\/usu785\/2025\/04\/A6P.2025.ManualCorrector.pdf\" type=\"application\/pdf\" style=\"width:100%;height:600px\" aria-label=\"Incrustaci\u00f3 del fitxer A6P.2025.ManualCorrector.\"><\/object><a id=\"wp-block-file--media-8d69e596-1717-4303-bb49-65bfa06225fc\" href=\"https:\/\/serveiseducatius.xtec.cat\/santmarti\/wp-content\/uploads\/usu785\/2025\/04\/A6P.2025.ManualCorrector.pdf\">A6P.2025.ManualCorrector<\/a><a href=\"https:\/\/serveiseducatius.xtec.cat\/santmarti\/wp-content\/uploads\/usu785\/2025\/04\/A6P.2025.ManualCorrector.pdf\" class=\"wp-block-file__button wp-element-button\" download aria-describedby=\"wp-block-file--media-8d69e596-1717-4303-bb49-65bfa06225fc\">Baixa<\/a><\/div>\n\n\n\n<div data-wp-interactive=\"core\/file\" class=\"wp-block-file\"><object data-wp-bind--hidden=\"!state.hasPdfPreview\" hidden class=\"wp-block-file__embed\" data=\"https:\/\/serveiseducatius.xtec.cat\/santmarti\/wp-content\/uploads\/usu785\/2025\/03\/GuiaA6P_2024_2025.V3.1-1.pdf\" type=\"application\/pdf\" style=\"width:100%;height:600px\" aria-label=\"Incrustaci\u00f3 del fitxer GuiaA6P_2024_2025.V3.1-1.\"><\/object><a id=\"wp-block-file--media-51caccfe-34b1-41e0-bb39-bdbe86dfd0a1\" href=\"https:\/\/serveiseducatius.xtec.cat\/santmarti\/wp-content\/uploads\/usu785\/2025\/03\/GuiaA6P_2024_2025.V3.1-1.pdf\">GuiaA6P_2024_2025.V3.1-1<\/a><a href=\"https:\/\/serveiseducatius.xtec.cat\/santmarti\/wp-content\/uploads\/usu785\/2025\/03\/GuiaA6P_2024_2025.V3.1-1.pdf\" class=\"wp-block-file__button wp-element-button\" download aria-describedby=\"wp-block-file--media-51caccfe-34b1-41e0-bb39-bdbe86dfd0a1\">Baixa<\/a><\/div>\n\n\n\n<div data-wp-interactive=\"core\/file\" class=\"wp-block-file\"><object data-wp-bind--hidden=\"!state.hasPdfPreview\" hidden class=\"wp-block-file__embed\" data=\"https:\/\/serveiseducatius.xtec.cat\/santmarti\/wp-content\/uploads\/usu785\/2025\/01\/Resolucio-convocatoria-proves-A6P.pdf\" type=\"application\/pdf\" style=\"width:100%;height:600px\" aria-label=\"Incrustaci\u00f3 del fitxer Resolucio-convocatoria-proves-A6P.\"><\/object><a id=\"wp-block-file--media-d995238a-214a-4785-ab8f-bfc1e7444d41\" href=\"https:\/\/serveiseducatius.xtec.cat\/santmarti\/wp-content\/uploads\/usu785\/2025\/01\/Resolucio-convocatoria-proves-A6P.pdf\">Resolucio-convocatoria-proves-A6P<\/a><a href=\"https:\/\/serveiseducatius.xtec.cat\/santmarti\/wp-content\/uploads\/usu785\/2025\/01\/Resolucio-convocatoria-proves-A6P.pdf\" class=\"wp-block-file__button wp-element-button\" download aria-describedby=\"wp-block-file--media-d995238a-214a-4785-ab8f-bfc1e7444d41\">Baixa<\/a><\/div>\n","protected":false},"excerpt":{"rendered":"<p>Les proves s\u2019aplicaran els dies 7, 8 i 9 d&#8217;abril de 2025 DATES CLAU&nbsp;de l&#8217;avaluaci\u00f3&nbsp;de sis\u00e8 de Prim\u00e0ria: Presentaci\u00f3 en l\u00ednia amb un resum de les instruccions per a l&#8217;aplicaci\u00f3 de les proves de final d&#8217;etapa: http:\/\/consaval.cat\/aplicadors Model d&#8217;acta d&#8217;aplicaci\u00f3 de les proves: Presentaci\u00f3 en l\u00ednia amb un resum de les instruccions per a la [&hellip;]<\/p>\n","protected":false},"author":1,"featured_media":0,"parent":0,"menu_order":0,"comment_status":"closed","ping_status":"close","template":"","meta":{"_bbp_topic_count":0,"_bbp_reply_count":0,"_bbp_total_topic_count":0,"_bbp_total_reply_count":0,"_bbp_voice_count":0,"_bbp_anonymous_reply_count":0,"_bbp_topic_count_hidden":0,"_bbp_reply_count_hidden":0,"_bbp_forum_subforum_count":0,"site-sidebar-layout":"default","site-content-layout":"","ast-site-content-layout":"","site-content-style":"default","site-sidebar-style":"default","ast-global-header-display":"","ast-banner-title-visibility":"","ast-main-header-display":"","ast-hfb-above-header-display":"","ast-hfb-below-header-display":"","ast-hfb-mobile-header-display":"","site-post-title":"","ast-breadcrumbs-content":"","ast-featured-img":"","footer-sml-layout":"","theme-transparent-header-meta":"","adv-header-id-meta":"","stick-header-meta":"","header-above-stick-meta":"","header-main-stick-meta":"","header-below-stick-meta":"","astra-migrate-meta-layouts":"default","ast-page-background-enabled":"default","ast-page-background-meta":{"desktop":{"background-color":"var(--ast-global-color-4)","background-image":"","background-repeat":"repeat","background-position":"center center","background-size":"auto","background-attachment":"scroll","background-type":"","background-media":"","overlay-type":"","overlay-color":"","overlay-opacity":"","overlay-gradient":""},"tablet":{"background-color":"","background-image":"","background-repeat":"repeat","background-position":"center center","background-size":"auto","background-attachment":"scroll","background-type":"","background-media":"","overlay-type":"","overlay-color":"","overlay-opacity":"","overlay-gradient":""},"mobile":{"background-color":"","background-image":"","background-repeat":"repeat","background-position":"center center","background-size":"auto","background-attachment":"scroll","background-type":"","background-media":"","overlay-type":"","overlay-color":"","overlay-opacity":"","overlay-gradient":""}},"ast-content-background-meta":{"desktop":{"background-color":"var(--ast-global-color-5)","background-image":"","background-repeat":"repeat","background-position":"center center","background-size":"auto","background-attachment":"scroll","background-type":"","background-media":"","overlay-type":"","overlay-color":"","overlay-opacity":"","overlay-gradient":""},"tablet":{"background-color":"var(--ast-global-color-5)","background-image":"","background-repeat":"repeat","background-position":"center center","background-size":"auto","background-attachment":"scroll","background-type":"","background-media":"","overlay-type":"","overlay-color":"","overlay-opacity":"","overlay-gradient":""},"mobile":{"background-color":"var(--ast-global-color-5)","background-image":"","background-repeat":"repeat","background-position":"center center","background-size":"auto","background-attachment":"scroll","background-type":"","background-media":"","overlay-type":"","overlay-color":"","overlay-opacity":"","overlay-gradient":""}},"footnotes":""},"class_list":["post-11750","page","type-page","status-publish","hentry"],"post_mailing_queue_ids":[],"_links":{"self":[{"href":"https:\/\/serveiseducatius.xtec.cat\/santmarti\/wp-json\/wp\/v2\/pages\/11750","targetHints":{"allow":["GET"]}}],"collection":[{"href":"https:\/\/serveiseducatius.xtec.cat\/santmarti\/wp-json\/wp\/v2\/pages"}],"about":[{"href":"https:\/\/serveiseducatius.xtec.cat\/santmarti\/wp-json\/wp\/v2\/types\/page"}],"author":[{"embeddable":true,"href":"https:\/\/serveiseducatius.xtec.cat\/santmarti\/wp-json\/wp\/v2\/users\/1"}],"replies":[{"embeddable":true,"href":"https:\/\/serveiseducatius.xtec.cat\/santmarti\/wp-json\/wp\/v2\/comments?post=11750"}],"version-history":[{"count":5,"href":"https:\/\/serveiseducatius.xtec.cat\/santmarti\/wp-json\/wp\/v2\/pages\/11750\/revisions"}],"predecessor-version":[{"id":11871,"href":"https:\/\/serveiseducatius.xtec.cat\/santmarti\/wp-json\/wp\/v2\/pages\/11750\/revisions\/11871"}],"wp:attachment":[{"href":"https:\/\/serveiseducatius.xtec.cat\/santmarti\/wp-json\/wp\/v2\/media?parent=11750"}],"curies":[{"name":"wp","href":"https:\/\/api.w.org\/{rel}","templated":true}]}}