{"id":416,"date":"2015-11-25T15:58:53","date_gmt":"2015-11-25T14:58:53","guid":{"rendered":"http:\/\/serveiseducatius.xtec.cat\/santandreu\/?page_id=416"},"modified":"2025-12-18T16:10:53","modified_gmt":"2025-12-18T15:10:53","slug":"formacio","status":"publish","type":"page","link":"https:\/\/serveiseducatius.xtec.cat\/santandreu\/formacio\/","title":{"rendered":"Formaci\u00f3"},"content":{"rendered":"<p>El Departament d\u2019Ensenyament ha establert un conjunt de l\u00ednies de formaci\u00f3 permanent per donar resposta a les necessitats de formaci\u00f3 permanent dels centres educatius i dels docents de Catalunya.\u00a0<strong>El Pla de Formaci\u00f3 de Zona (PFZ) de Sant Andreu<\/strong> \u00e9s la planificaci\u00f3 a nivell de districte de la formaci\u00f3 permanent del professorat, la qual incorpora les activitats de formaci\u00f3 en centre i altres activitats adre\u00e7ades a tot el professorat dels centres del Districte de Sant Andreu. El professorat hi participa a trav\u00e9s del proc\u00e9s de detecci\u00f3 de necessitats (demandes formatives) i mitjan\u00e7ant la seva representaci\u00f3 en la comissi\u00f3 del PFZ de Sant Andreu.<\/p>\n<p><img loading=\"lazy\" decoding=\"async\" class=\"alignnone wp-image-12297\" src=\"https:\/\/serveiseducatius.xtec.cat\/santandreu\/wp-content\/uploads\/usu1121\/2025\/12\/Infografia-modalitats-Formacio-Sants-ok-300x135.png\" alt=\"\" width=\"1271\" height=\"572\" srcset=\"https:\/\/serveiseducatius.xtec.cat\/santandreu\/wp-content\/uploads\/usu1121\/2025\/12\/Infografia-modalitats-Formacio-Sants-ok-300x135.png 300w, https:\/\/serveiseducatius.xtec.cat\/santandreu\/wp-content\/uploads\/usu1121\/2025\/12\/Infografia-modalitats-Formacio-Sants-ok-1024x462.png 1024w, https:\/\/serveiseducatius.xtec.cat\/santandreu\/wp-content\/uploads\/usu1121\/2025\/12\/Infografia-modalitats-Formacio-Sants-ok-150x68.png 150w, https:\/\/serveiseducatius.xtec.cat\/santandreu\/wp-content\/uploads\/usu1121\/2025\/12\/Infografia-modalitats-Formacio-Sants-ok-768x346.png 768w, https:\/\/serveiseducatius.xtec.cat\/santandreu\/wp-content\/uploads\/usu1121\/2025\/12\/Infografia-modalitats-Formacio-Sants-ok-1536x693.png 1536w, https:\/\/serveiseducatius.xtec.cat\/santandreu\/wp-content\/uploads\/usu1121\/2025\/12\/Infografia-modalitats-Formacio-Sants-ok.png 2000w\" sizes=\"auto, (max-width: 1271px) 100vw, 1271px\" \/><\/p>\n","protected":false},"excerpt":{"rendered":"<p>El Departament d\u2019Ensenyament ha establert un conjunt de l\u00ednies de formaci\u00f3 permanent per donar resposta a les necessitats de formaci\u00f3 permanent dels centres educatius i dels docents de Catalunya.\u00a0El Pla de Formaci\u00f3 de Zona (PFZ) de Sant Andreu \u00e9s la planificaci\u00f3 a nivell de districte de la formaci\u00f3 permanent del professorat, la qual incorpora les [&hellip;]<\/p>\n","protected":false},"author":1,"featured_media":0,"parent":0,"menu_order":0,"comment_status":"closed","ping_status":"closed","template":"","meta":{"_bbp_topic_count":0,"_bbp_reply_count":0,"_bbp_total_topic_count":0,"_bbp_total_reply_count":0,"_bbp_voice_count":0,"_bbp_anonymous_reply_count":0,"_bbp_topic_count_hidden":0,"_bbp_reply_count_hidden":0,"_bbp_forum_subforum_count":0,"site-sidebar-layout":"default","site-content-layout":"","ast-site-content-layout":"default","site-content-style":"default","site-sidebar-style":"default","ast-global-header-display":"","ast-banner-title-visibility":"","ast-main-header-display":"","ast-hfb-above-header-display":"","ast-hfb-below-header-display":"","ast-hfb-mobile-header-display":"","site-post-title":"","ast-breadcrumbs-content":"","ast-featured-img":"","footer-sml-layout":"","theme-transparent-header-meta":"default","adv-header-id-meta":"","stick-header-meta":"","header-above-stick-meta":"","header-main-stick-meta":"","header-below-stick-meta":"","astra-migrate-meta-layouts":"set","ast-page-background-enabled":"default","ast-page-background-meta":{"desktop":{"background-color":"var(--ast-global-color-4)","background-image":"","background-repeat":"repeat","background-position":"center center","background-size":"auto","background-attachment":"scroll","background-type":"","background-media":"","overlay-type":"","overlay-color":"","overlay-opacity":"","overlay-gradient":""},"tablet":{"background-color":"","background-image":"","background-repeat":"repeat","background-position":"center center","background-size":"auto","background-attachment":"scroll","background-type":"","background-media":"","overlay-type":"","overlay-color":"","overlay-opacity":"","overlay-gradient":""},"mobile":{"background-color":"","background-image":"","background-repeat":"repeat","background-position":"center center","background-size":"auto","background-attachment":"scroll","background-type":"","background-media":"","overlay-type":"","overlay-color":"","overlay-opacity":"","overlay-gradient":""}},"ast-content-background-meta":{"desktop":{"background-color":"var(--ast-global-color-5)","background-image":"","background-repeat":"repeat","background-position":"center center","background-size":"auto","background-attachment":"scroll","background-type":"","background-media":"","overlay-type":"","overlay-color":"","overlay-opacity":"","overlay-gradient":""},"tablet":{"background-color":"var(--ast-global-color-5)","background-image":"","background-repeat":"repeat","background-position":"center center","background-size":"auto","background-attachment":"scroll","background-type":"","background-media":"","overlay-type":"","overlay-color":"","overlay-opacity":"","overlay-gradient":""},"mobile":{"background-color":"var(--ast-global-color-5)","background-image":"","background-repeat":"repeat","background-position":"center center","background-size":"auto","background-attachment":"scroll","background-type":"","background-media":"","overlay-type":"","overlay-color":"","overlay-opacity":"","overlay-gradient":""}},"footnotes":""},"class_list":["post-416","page","type-page","status-publish","hentry"],"post_mailing_queue_ids":[],"_links":{"self":[{"href":"https:\/\/serveiseducatius.xtec.cat\/santandreu\/wp-json\/wp\/v2\/pages\/416","targetHints":{"allow":["GET"]}}],"collection":[{"href":"https:\/\/serveiseducatius.xtec.cat\/santandreu\/wp-json\/wp\/v2\/pages"}],"about":[{"href":"https:\/\/serveiseducatius.xtec.cat\/santandreu\/wp-json\/wp\/v2\/types\/page"}],"author":[{"embeddable":true,"href":"https:\/\/serveiseducatius.xtec.cat\/santandreu\/wp-json\/wp\/v2\/users\/1"}],"replies":[{"embeddable":true,"href":"https:\/\/serveiseducatius.xtec.cat\/santandreu\/wp-json\/wp\/v2\/comments?post=416"}],"version-history":[{"count":6,"href":"https:\/\/serveiseducatius.xtec.cat\/santandreu\/wp-json\/wp\/v2\/pages\/416\/revisions"}],"predecessor-version":[{"id":12299,"href":"https:\/\/serveiseducatius.xtec.cat\/santandreu\/wp-json\/wp\/v2\/pages\/416\/revisions\/12299"}],"wp:attachment":[{"href":"https:\/\/serveiseducatius.xtec.cat\/santandreu\/wp-json\/wp\/v2\/media?parent=416"}],"curies":[{"name":"wp","href":"https:\/\/api.w.org\/{rel}","templated":true}]}}

Formació

<p>El Departament d’Ensenyament ha establert un conjunt de línies de formació permanent per donar resposta a les necessitats de formació permanent dels centres educatius i dels docents de Catalunya. <strong>El Pla de Formació de Zona (PFZ) de Sant Andreu</strong> és la planificació a nivell de districte de la formació permanent del professorat, la qual incorpora les activitats de formació en centre i altres activitats adreçades a tot el professorat dels centres del Districte de Sant Andreu. El professorat hi participa a través del procés de detecció de necessitats (demandes formatives) i mitjançant la seva representació en la comissió del PFZ de Sant Andreu.</p>
<p><img loading="lazy" decoding="async" class="alignnone wp-image-12297" src="https://serveiseducatius.xtec.cat/santandreu/wp-content/uploads/usu1121/2025/12/Infografia-modalitats-Formacio-Sants-ok-300x135.png" alt="" width="1271" height="572" srcset="https://serveiseducatius.xtec.cat/santandreu/wp-content/uploads/usu1121/2025/12/Infografia-modalitats-Formacio-Sants-ok-300x135.png 300w, https://serveiseducatius.xtec.cat/santandreu/wp-content/uploads/usu1121/2025/12/Infografia-modalitats-Formacio-Sants-ok-1024x462.png 1024w, https://serveiseducatius.xtec.cat/santandreu/wp-content/uploads/usu1121/2025/12/Infografia-modalitats-Formacio-Sants-ok-150x68.png 150w, https://serveiseducatius.xtec.cat/santandreu/wp-content/uploads/usu1121/2025/12/Infografia-modalitats-Formacio-Sants-ok-768x346.png 768w, https://serveiseducatius.xtec.cat/santandreu/wp-content/uploads/usu1121/2025/12/Infografia-modalitats-Formacio-Sants-ok-1536x693.png 1536w, https://serveiseducatius.xtec.cat/santandreu/wp-content/uploads/usu1121/2025/12/Infografia-modalitats-Formacio-Sants-ok.png 2000w" sizes="auto, (max-width: 1271px) 100vw, 1271px" /></p>

<p>El Departament d’Ensenyament ha establert un conjunt de línies de formació permanent per donar resposta a les necessitats de formació permanent dels centres educatius i dels docents de Catalunya. El Pla de Formació de Zona (PFZ) de Sant Andreu és la planificació a nivell de districte de la formació permanent del professorat, la qual incorpora les [&hellip;]</p>
