{"id":9868,"date":"2019-02-17T20:09:05","date_gmt":"2019-02-17T19:09:05","guid":{"rendered":"http:\/\/serveiseducatius.xtec.cat\/santadria\/?page_id=9868"},"modified":"2019-02-19T13:19:17","modified_gmt":"2019-02-19T12:19:17","slug":"retrospectiva-dels-aparells","status":"publish","type":"page","link":"https:\/\/serveiseducatius.xtec.cat\/santadria\/retrospectiva-dels-aparells\/","title":{"rendered":"Retrospectiva dels aparells"},"content":{"rendered":"<p>El pas del temps fa que alguns objectes i aparells quedin desfasats. Una mirada nost\u00e0lgica dels aparells antics disponibles al CRP:<\/p>\n<p>Amplificador\u00a0 (Philips. 6550 cassete recorder amplifier)<\/p>\n<p>DVD\u00a0 (Hitachi.\u00a0 Player DV-P335E)<\/p>\n<p>DVD\u00a0 (Samsung. SH893 DVD\/HDD full multi recording)<\/p>\n<p>VHS\u00a0 (Sony. Videocassette recorder SLV-SE 10)<\/p>\n<p>Televisor (Sony. Trinitron)<\/p>\n<p>C\u00e0mera fotogr\u00e0fica instant\u00e0nia\u00a0 (Polaroid. Supercolor 670 AF)<\/p>\n<p>Gravadora de veu\u00a0 (Aiwa. V-Sensor voice recording\u00a0TP-VS 520)<\/p>\n<p>Projector de diapositives\u00a0 (Kindermann. 1500 E-IR)<\/p>\n<p>Visor de diapositives (Enna. 500)<\/p>\n<p>Adaptador (De luxe universal AC\/DC MW79)<\/p>\n","protected":false},"excerpt":{"rendered":"<p>El pas del temps fa que alguns objectes i aparells quedin desfasats. Una mirada nost\u00e0lgica dels aparells antics disponibles al [&hellip;]<\/p>\n","protected":false},"author":5,"featured_media":0,"parent":0,"menu_order":0,"comment_status":"closed","ping_status":"closed","template":"","meta":{"_bbp_topic_count":0,"_bbp_reply_count":0,"_bbp_total_topic_count":0,"_bbp_total_reply_count":0,"_bbp_voice_count":0,"_bbp_anonymous_reply_count":0,"_bbp_topic_count_hidden":0,"_bbp_reply_count_hidden":0,"_bbp_forum_subforum_count":0,"site-sidebar-layout":"default","site-content-layout":"","ast-site-content-layout":"","site-content-style":"default","site-sidebar-style":"default","ast-global-header-display":"","ast-banner-title-visibility":"","ast-main-header-display":"","ast-hfb-above-header-display":"","ast-hfb-below-header-display":"","ast-hfb-mobile-header-display":"","site-post-title":"","ast-breadcrumbs-content":"","ast-featured-img":"","footer-sml-layout":"","theme-transparent-header-meta":"","adv-header-id-meta":"","stick-header-meta":"","header-above-stick-meta":"","header-main-stick-meta":"","header-below-stick-meta":"","astra-migrate-meta-layouts":"default","ast-page-background-enabled":"default","ast-page-background-meta":{"desktop":{"background-color":"var(--ast-global-color-4)","background-image":"","background-repeat":"repeat","background-position":"center center","background-size":"auto","background-attachment":"scroll","background-type":"","background-media":"","overlay-type":"","overlay-color":"","overlay-opacity":"","overlay-gradient":""},"tablet":{"background-color":"","background-image":"","background-repeat":"repeat","background-position":"center center","background-size":"auto","background-attachment":"scroll","background-type":"","background-media":"","overlay-type":"","overlay-color":"","overlay-opacity":"","overlay-gradient":""},"mobile":{"background-color":"","background-image":"","background-repeat":"repeat","background-position":"center center","background-size":"auto","background-attachment":"scroll","background-type":"","background-media":"","overlay-type":"","overlay-color":"","overlay-opacity":"","overlay-gradient":""}},"ast-content-background-meta":{"desktop":{"background-color":"var(--ast-global-color-5)","background-image":"","background-repeat":"repeat","background-position":"center center","background-size":"auto","background-attachment":"scroll","background-type":"","background-media":"","overlay-type":"","overlay-color":"","overlay-opacity":"","overlay-gradient":""},"tablet":{"background-color":"var(--ast-global-color-5)","background-image":"","background-repeat":"repeat","background-position":"center center","background-size":"auto","background-attachment":"scroll","background-type":"","background-media":"","overlay-type":"","overlay-color":"","overlay-opacity":"","overlay-gradient":""},"mobile":{"background-color":"var(--ast-global-color-5)","background-image":"","background-repeat":"repeat","background-position":"center center","background-size":"auto","background-attachment":"scroll","background-type":"","background-media":"","overlay-type":"","overlay-color":"","overlay-opacity":"","overlay-gradient":""}},"footnotes":""},"class_list":["post-9868","page","type-page","status-publish","hentry"],"post_mailing_queue_ids":[],"_links":{"self":[{"href":"https:\/\/serveiseducatius.xtec.cat\/santadria\/wp-json\/wp\/v2\/pages\/9868","targetHints":{"allow":["GET"]}}],"collection":[{"href":"https:\/\/serveiseducatius.xtec.cat\/santadria\/wp-json\/wp\/v2\/pages"}],"about":[{"href":"https:\/\/serveiseducatius.xtec.cat\/santadria\/wp-json\/wp\/v2\/types\/page"}],"author":[{"embeddable":true,"href":"https:\/\/serveiseducatius.xtec.cat\/santadria\/wp-json\/wp\/v2\/users\/5"}],"replies":[{"embeddable":true,"href":"https:\/\/serveiseducatius.xtec.cat\/santadria\/wp-json\/wp\/v2\/comments?post=9868"}],"version-history":[{"count":3,"href":"https:\/\/serveiseducatius.xtec.cat\/santadria\/wp-json\/wp\/v2\/pages\/9868\/revisions"}],"predecessor-version":[{"id":9907,"href":"https:\/\/serveiseducatius.xtec.cat\/santadria\/wp-json\/wp\/v2\/pages\/9868\/revisions\/9907"}],"wp:attachment":[{"href":"https:\/\/serveiseducatius.xtec.cat\/santadria\/wp-json\/wp\/v2\/media?parent=9868"}],"curies":[{"name":"wp","href":"https:\/\/api.w.org\/{rel}","templated":true}]}}