{"id":8393,"date":"2016-10-17T10:21:26","date_gmt":"2016-10-17T08:21:26","guid":{"rendered":"http:\/\/serveiseducatius.xtec.cat\/santadria\/?page_id=8393"},"modified":"2024-10-25T14:15:18","modified_gmt":"2024-10-25T12:15:18","slug":"biblioteques-escolars","status":"publish","type":"page","link":"https:\/\/serveiseducatius.xtec.cat\/santadria\/biblioteques-escolars\/","title":{"rendered":"Biblioteques escolars"},"content":{"rendered":"<p><img loading=\"lazy\" decoding=\"async\" class=\"wp-image-14203 alignright\" src=\"https:\/\/serveiseducatius.xtec.cat\/santadria\/wp-content\/uploads\/usu1189\/2022\/11\/Vectors-coeducacio2.3.png\" alt=\"\" width=\"400\" height=\"306\" srcset=\"https:\/\/serveiseducatius.xtec.cat\/santadria\/wp-content\/uploads\/usu1189\/2022\/11\/Vectors-coeducacio2.3.png 621w, https:\/\/serveiseducatius.xtec.cat\/santadria\/wp-content\/uploads\/usu1189\/2022\/11\/Vectors-coeducacio2.3-300x229.png 300w\" sizes=\"auto, (max-width: 400px) 100vw, 400px\" \/><\/p>\n<div style=\"width: 40%;\">\n<div style=\"position: relative; padding-bottom: 56.25%; padding-top: 0; height: 0;\"><\/div>\n<\/div>\n<p>&nbsp;<\/p>\n<table style=\"border-collapse: collapse; width: 100%;\">\n<tbody>\n<tr>\n<td style=\"width: 50%; text-align: center;\"><span class=\"C9DxTc \"><a href=\"https:\/\/repositori.educacio.gencat.cat\/bitstream\/handle\/20.500.12694\/1223\/dinamitzem_propostes_biblioteca_escolar_2020.pdf?sequence=1&amp;isAllowed=y\" target=\"_blank\" rel=\"noopener\">Dinamitzem? <\/a>\u00a0<\/span><\/td>\n<td style=\"width: 50%;\"><a href=\"https:\/\/serveiseducatius.xtec.cat\/santadria\/wp-content\/uploads\/usu1189\/2021\/11\/biblioteca_escolar_inclusio_acces_def.pdf\" target=\"_blank\" rel=\"noopener\">La biblioteca escolar com a eina d&#8217;inclusi\u00f3<\/a><\/td>\n<\/tr>\n<tr>\n<td style=\"width: 50%; text-align: center;\"><span class=\"C9DxTc \"><img loading=\"lazy\" decoding=\"async\" class=\"aligncenter wp-image-11695 size-thumbnail\" src=\"https:\/\/serveiseducatius.xtec.cat\/santadria\/wp-content\/uploads\/usu1189\/2020\/10\/BE-dinamitzem-150x150.png\" alt=\"\" width=\"150\" height=\"150\" \/><\/span><\/td>\n<td style=\"width: 50%;\"><img loading=\"lazy\" decoding=\"async\" class=\"aligncenter wp-image-13060 size-thumbnail\" src=\"https:\/\/serveiseducatius.xtec.cat\/santadria\/wp-content\/uploads\/usu1189\/2021\/11\/BE-inclusio-e1717502360709-150x150.jpg\" alt=\"\" width=\"150\" height=\"150\" \/><\/td>\n<\/tr>\n<\/tbody>\n<\/table>\n<table style=\"border-collapse: collapse; width: 100%;\">\n<tbody>\n<tr>\n<td style=\"width: 33.3333%; text-align: center;\"><a href=\"https:\/\/bibliotech.cat\/recursos\/\" target=\"_blank\" rel=\"noopener\">Biblio[tech]<\/a><\/td>\n<td style=\"width: 33.3333%; text-align: center;\"><a href=\"https:\/\/www.lecturafacil.net\/es\/\" target=\"_blank\" rel=\"noopener\">Associaci\u00f3 Lectura F\u00e0cil<\/a><\/td>\n<td style=\"width: 33.3333%; text-align: center;\"><a href=\"https:\/\/bibliotecavirtual.diba.cat\/app\" target=\"_blank\" rel=\"noopener noreferrer\">App Biblioteques XBM<\/a><\/td>\n<\/tr>\n<tr>\n<td style=\"width: 33.3333%;\"><img loading=\"lazy\" decoding=\"async\" class=\"aligncenter wp-image-16057 \" src=\"https:\/\/serveiseducatius.xtec.cat\/santadria\/wp-content\/uploads\/usu1189\/2024\/07\/Bibliotech.jpg\" alt=\"\" width=\"160\" height=\"115\" srcset=\"https:\/\/serveiseducatius.xtec.cat\/santadria\/wp-content\/uploads\/usu1189\/2024\/07\/Bibliotech.jpg 463w, https:\/\/serveiseducatius.xtec.cat\/santadria\/wp-content\/uploads\/usu1189\/2024\/07\/Bibliotech-300x215.jpg 300w\" sizes=\"auto, (max-width: 160px) 100vw, 160px\" \/><\/td>\n<td style=\"width: 33.3333%;\"><img loading=\"lazy\" decoding=\"async\" class=\"aligncenter wp-image-12654 size-thumbnail\" src=\"https:\/\/serveiseducatius.xtec.cat\/santadria\/wp-content\/uploads\/usu1189\/2021\/05\/LF-150x150.png\" alt=\"\" width=\"150\" height=\"150\" \/><\/td>\n<td style=\"width: 33.3333%;\"><img loading=\"lazy\" decoding=\"async\" class=\"aligncenter wp-image-10588 size-thumbnail\" src=\"https:\/\/serveiseducatius.xtec.cat\/santadria\/wp-content\/uploads\/usu1189\/2019\/11\/app_XBM-150x150.jpg\" alt=\"\" width=\"150\" height=\"150\" \/><\/td>\n<\/tr>\n<\/tbody>\n<\/table>\n<div>\n<table style=\"border-collapse: collapse; width: 100%;\">\n<tbody>\n<tr>\n<td style=\"width: 33.3333%; text-align: center;\">Recursos digitals per <a href=\"http:\/\/blocs.xtec.cat\/recursosdigitalsbep\/\">Prim\u00e0ria<\/a> \/\u00a0<a href=\"http:\/\/blocs.xtec.cat\/recursosdigitalsbes\/\">Secund\u00e0ria<\/a><\/td>\n<td style=\"width: 33.3333%; text-align: center;\"><a href=\"http:\/\/biblioteques.gencat.cat\/web\/.content\/tematic\/professionals\/bibliografies\/bibliografies_tematiques\/documents\/ADAPTATS.pdf\">El calaix de la diversitat<\/a><\/td>\n<td style=\"width: 33.3333%; text-align: center;\"><a href=\"https:\/\/biblioteques.gencat.cat\/ca\/biblioteques\/catalegs\/eBiblio\/\" target=\"_blank\" rel=\"noopener noreferrer\">Biblio Digital<\/a><\/td>\n<\/tr>\n<tr>\n<td style=\"width: 33.3333%;\"><img loading=\"lazy\" decoding=\"async\" class=\"aligncenter wp-image-9463 size-thumbnail\" src=\"https:\/\/serveiseducatius.xtec.cat\/santadria\/wp-content\/uploads\/usu1189\/2018\/09\/Captura-150x150.jpg\" alt=\"\" width=\"150\" height=\"150\" \/><\/td>\n<td style=\"width: 33.3333%;\"><a href=\"http:\/\/serveiseducatius.xtec.cat\/altmaresme\/wp-content\/uploads\/usu1140\/2018\/04\/ADAPTATS.pdf\" target=\"_blank\" rel=\"noopener noreferrer\"><img loading=\"lazy\" decoding=\"async\" class=\"aligncenter wp-image-9466 size-thumbnail\" src=\"https:\/\/serveiseducatius.xtec.cat\/santadria\/wp-content\/uploads\/usu1189\/2018\/09\/Captura3333-150x150.jpg\" alt=\"\" width=\"150\" height=\"150\" \/><\/a><\/td>\n<td style=\"width: 33.3333%;\"><a href=\"https:\/\/biblioteca.ebiblio.cat\/\" target=\"_blank\" rel=\"noopener noreferrer\"><img loading=\"lazy\" decoding=\"async\" class=\"aligncenter wp-image-14424 size-thumbnail\" src=\"https:\/\/serveiseducatius.xtec.cat\/santadria\/wp-content\/uploads\/usu1189\/2023\/01\/Bibliodigital1-remove-150x150.png\" alt=\"\" width=\"150\" height=\"150\" \/><\/a><\/td>\n<\/tr>\n<\/tbody>\n<\/table>\n<\/div>\n<p><a href=\"https:\/\/serveiseducatius.xtec.cat\/santadria\/crp\/sant-jordi-a-les-ones\/\" target=\"_blank\" rel=\"noopener\">Sant Jordi a les ones<\/a><img loading=\"lazy\" decoding=\"async\" class=\"wp-image-15696 alignleft\" src=\"https:\/\/serveiseducatius.xtec.cat\/santadria\/wp-content\/uploads\/usu1189\/2024\/04\/SANT-JORDI-A-LES-ONES-IMATGE-banner-1.png\" alt=\"\" width=\"260\" height=\"65\" srcset=\"https:\/\/serveiseducatius.xtec.cat\/santadria\/wp-content\/uploads\/usu1189\/2024\/04\/SANT-JORDI-A-LES-ONES-IMATGE-banner-1.png 800w, https:\/\/serveiseducatius.xtec.cat\/santadria\/wp-content\/uploads\/usu1189\/2024\/04\/SANT-JORDI-A-LES-ONES-IMATGE-banner-1-300x75.png 300w, https:\/\/serveiseducatius.xtec.cat\/santadria\/wp-content\/uploads\/usu1189\/2024\/04\/SANT-JORDI-A-LES-ONES-IMATGE-banner-1-768x192.png 768w\" sizes=\"auto, (max-width: 260px) 100vw, 260px\" \/>. Recomanacions en podcast dels centres de Sant Adri\u00e0 de Bes\u00f2s.<\/p>\n<p><a href=\"https:\/\/agora.xtec.cat\/escolacatalunyasantadria\/general\/us-recomanem-uns-llibres\/\" target=\"_blank\" rel=\"noopener noreferrer\">Recomanacions de llibres de l&#8217;alumnat de 6\u00e8 de prim\u00e0ria de l&#8217;escola Catalunya. C\u00f2mics manga<\/a><span style=\"font-family: inherit; font-size: 1em;\">, <\/span><a style=\"font-family: inherit; font-size: 1em;\" href=\"https:\/\/agora.xtec.cat\/escolacatalunyasantadria\/portada\/us-recomenem-llibres\/\" target=\"_blank\" rel=\"noopener noreferrer\">Ger\u00f3nimo Stilton<\/a><\/p>\n<div>\n<p><a href=\"http:\/\/agora.xtec.cat\/ceippompeufabrasantadria\/portada\/nas06-recomenacions-de-llibres-a-la-biblioteca-3r\/\">Recomanacions de llibres de l&#8217;alumnat de 3r de prim\u00e0ria de\u00a0 l&#8217;escola Pompeu Fabra.<\/a><\/p>\n<\/div>\n","protected":false},"excerpt":{"rendered":"<p>&nbsp; Dinamitzem? \u00a0 La biblioteca escolar com a eina d&#8217;inclusi\u00f3 Biblio[tech] Associaci\u00f3 Lectura F\u00e0cil App Biblioteques XBM Recursos digitals per [&hellip;]<\/p>\n","protected":false},"author":5,"featured_media":0,"parent":0,"menu_order":0,"comment_status":"closed","ping_status":"closed","template":"","meta":{"_bbp_topic_count":0,"_bbp_reply_count":0,"_bbp_total_topic_count":0,"_bbp_total_reply_count":0,"_bbp_voice_count":0,"_bbp_anonymous_reply_count":0,"_bbp_topic_count_hidden":0,"_bbp_reply_count_hidden":0,"_bbp_forum_subforum_count":0,"site-sidebar-layout":"default","site-content-layout":"","ast-site-content-layout":"","site-content-style":"default","site-sidebar-style":"default","ast-global-header-display":"","ast-banner-title-visibility":"","ast-main-header-display":"","ast-hfb-above-header-display":"","ast-hfb-below-header-display":"","ast-hfb-mobile-header-display":"","site-post-title":"","ast-breadcrumbs-content":"","ast-featured-img":"","footer-sml-layout":"","theme-transparent-header-meta":"","adv-header-id-meta":"","stick-header-meta":"","header-above-stick-meta":"","header-main-stick-meta":"","header-below-stick-meta":"","astra-migrate-meta-layouts":"default","ast-page-background-enabled":"default","ast-page-background-meta":{"desktop":{"background-color":"var(--ast-global-color-4)","background-image":"","background-repeat":"repeat","background-position":"center center","background-size":"auto","background-attachment":"scroll","background-type":"","background-media":"","overlay-type":"","overlay-color":"","overlay-opacity":"","overlay-gradient":""},"tablet":{"background-color":"","background-image":"","background-repeat":"repeat","background-position":"center center","background-size":"auto","background-attachment":"scroll","background-type":"","background-media":"","overlay-type":"","overlay-color":"","overlay-opacity":"","overlay-gradient":""},"mobile":{"background-color":"","background-image":"","background-repeat":"repeat","background-position":"center center","background-size":"auto","background-attachment":"scroll","background-type":"","background-media":"","overlay-type":"","overlay-color":"","overlay-opacity":"","overlay-gradient":""}},"ast-content-background-meta":{"desktop":{"background-color":"var(--ast-global-color-5)","background-image":"","background-repeat":"repeat","background-position":"center center","background-size":"auto","background-attachment":"scroll","background-type":"","background-media":"","overlay-type":"","overlay-color":"","overlay-opacity":"","overlay-gradient":""},"tablet":{"background-color":"var(--ast-global-color-5)","background-image":"","background-repeat":"repeat","background-position":"center center","background-size":"auto","background-attachment":"scroll","background-type":"","background-media":"","overlay-type":"","overlay-color":"","overlay-opacity":"","overlay-gradient":""},"mobile":{"background-color":"var(--ast-global-color-5)","background-image":"","background-repeat":"repeat","background-position":"center center","background-size":"auto","background-attachment":"scroll","background-type":"","background-media":"","overlay-type":"","overlay-color":"","overlay-opacity":"","overlay-gradient":""}},"footnotes":""},"class_list":["post-8393","page","type-page","status-publish","hentry"],"post_mailing_queue_ids":[],"_links":{"self":[{"href":"https:\/\/serveiseducatius.xtec.cat\/santadria\/wp-json\/wp\/v2\/pages\/8393","targetHints":{"allow":["GET"]}}],"collection":[{"href":"https:\/\/serveiseducatius.xtec.cat\/santadria\/wp-json\/wp\/v2\/pages"}],"about":[{"href":"https:\/\/serveiseducatius.xtec.cat\/santadria\/wp-json\/wp\/v2\/types\/page"}],"author":[{"embeddable":true,"href":"https:\/\/serveiseducatius.xtec.cat\/santadria\/wp-json\/wp\/v2\/users\/5"}],"replies":[{"embeddable":true,"href":"https:\/\/serveiseducatius.xtec.cat\/santadria\/wp-json\/wp\/v2\/comments?post=8393"}],"version-history":[{"count":6,"href":"https:\/\/serveiseducatius.xtec.cat\/santadria\/wp-json\/wp\/v2\/pages\/8393\/revisions"}],"predecessor-version":[{"id":16360,"href":"https:\/\/serveiseducatius.xtec.cat\/santadria\/wp-json\/wp\/v2\/pages\/8393\/revisions\/16360"}],"wp:attachment":[{"href":"https:\/\/serveiseducatius.xtec.cat\/santadria\/wp-json\/wp\/v2\/media?parent=8393"}],"curies":[{"name":"wp","href":"https:\/\/api.w.org\/{rel}","templated":true}]}}