{"id":15656,"date":"2024-04-16T10:12:36","date_gmt":"2024-04-16T08:12:36","guid":{"rendered":"https:\/\/serveiseducatius.xtec.cat\/santadria\/?page_id=15656"},"modified":"2024-07-05T12:25:37","modified_gmt":"2024-07-05T10:25:37","slug":"aigua","status":"publish","type":"page","link":"https:\/\/serveiseducatius.xtec.cat\/santadria\/recursos\/monografics-de-recursos\/aigua\/","title":{"rendered":"Aigua"},"content":{"rendered":"<p><a href=\"https:\/\/serveiseducatius.xtec.cat\/santadria\/wp-content\/uploads\/usu1189\/2024\/04\/aigua_500_295.jpg\"><img loading=\"lazy\" decoding=\"async\" class=\"size-full wp-image-15654 alignright\" src=\"https:\/\/serveiseducatius.xtec.cat\/santadria\/wp-content\/uploads\/usu1189\/2024\/04\/aigua_500_295.jpg\" alt=\"\" width=\"500\" height=\"295\" srcset=\"https:\/\/serveiseducatius.xtec.cat\/santadria\/wp-content\/uploads\/usu1189\/2024\/04\/aigua_500_295.jpg 500w, https:\/\/serveiseducatius.xtec.cat\/santadria\/wp-content\/uploads\/usu1189\/2024\/04\/aigua_500_295-300x177.jpg 300w\" sizes=\"auto, (max-width: 500px) 100vw, 500px\" \/><\/a><\/p>\n<ul>\n<li><a href=\"https:\/\/projectes.xtec.cat\/nou-curriculum\/general\/estalvia-aigua-fem-ne-un-bon-us\/\" target=\"_blank\" rel=\"noopener\">Estalvia aigua, fes-ne un bon \u00fas<\/a>. Situacions d&#8217;aprenentatge i recursos. Departament d&#8217;Educaci\u00f3.<\/li>\n<li><a href=\"https:\/\/aca.gencat.cat\/ca\/laca\/campanyes-i-divulgacio\/campanyes\/estalvi-i-eficiencia-de-laigua\/\" target=\"_blank\" rel=\"noopener\">L&#8217;aigua no cau del cel<\/a>. Ag\u00e8ncia Catalana de l&#8217;Aigua. Emerg\u00e8ncia per sequera.<\/li>\n<li><a href=\"https:\/\/www.un.org\/es\/observances\/water-day\" target=\"_blank\" rel=\"noopener\">Dia Mundial de l\u2019Aigua<\/a>. 22 de mar\u00e7.<\/li>\n<li><a href=\"https:\/\/escoles.fundesplai.org\/blog\/educacio-ambiental\/com-cuidar-lhort-escolar-en-temps-de-sequera\/\" target=\"_blank\" rel=\"noopener\">Com cuidar l\u2019hort escolar en temps de sequera<\/a>. Fundesplai.<\/li>\n<li><a href=\"https:\/\/ambientech.org\/contenidos-agua\" target=\"_blank\" rel=\"noopener\">L\u2019aigua. Programa Ambientech<\/a>. Recursos per a educaci\u00f3 secund\u00e0ria.<\/li>\n<li><a href=\"https:\/\/www.grupiref.org\/ecodialogo\/cat\/agua00.htm\" target=\"_blank\" rel=\"noopener\">Ecodialogo<\/a>. Grup IREF. Art, educaci\u00f3 ambiental i di\u00e0leg.<\/li>\n<li><a href=\"https:\/\/tresorderecursos.com\/sequenciacio-al-llarg-de-lescolaritat-basica-3\/\" target=\"_blank\" rel=\"noopener\">Tresor de Recursos<\/a>. Model per interpretar sistemes naturals.<\/li>\n<li><a href=\"https:\/\/bibliotecavirtual.diba.cat\/consum\/estalvi-d-aigua-a-la-llar\" target=\"_blank\" rel=\"noopener\">Qu\u00e8 pots fer per reduir el consum i la factura de l&#8217;aigua?<\/a>. Biblioteca Virtual. Diputaci\u00f3 de Barcelona.<\/li>\n<\/ul>\n","protected":false},"excerpt":{"rendered":"<p>Estalvia aigua, fes-ne un bon \u00fas. Situacions d&#8217;aprenentatge i recursos. Departament d&#8217;Educaci\u00f3. L&#8217;aigua no cau del cel. Ag\u00e8ncia Catalana de [&hellip;]<\/p>\n","protected":false},"author":5,"featured_media":0,"parent":13999,"menu_order":4,"comment_status":"closed","ping_status":"closed","template":"page-templates\/side-menu.php","meta":{"_bbp_topic_count":0,"_bbp_reply_count":0,"_bbp_total_topic_count":0,"_bbp_total_reply_count":0,"_bbp_voice_count":0,"_bbp_anonymous_reply_count":0,"_bbp_topic_count_hidden":0,"_bbp_reply_count_hidden":0,"_bbp_forum_subforum_count":0,"site-sidebar-layout":"default","site-content-layout":"","ast-site-content-layout":"","site-content-style":"default","site-sidebar-style":"default","ast-global-header-display":"","ast-banner-title-visibility":"","ast-main-header-display":"","ast-hfb-above-header-display":"","ast-hfb-below-header-display":"","ast-hfb-mobile-header-display":"","site-post-title":"","ast-breadcrumbs-content":"","ast-featured-img":"","footer-sml-layout":"","theme-transparent-header-meta":"","adv-header-id-meta":"","stick-header-meta":"","header-above-stick-meta":"","header-main-stick-meta":"","header-below-stick-meta":"","astra-migrate-meta-layouts":"default","ast-page-background-enabled":"default","ast-page-background-meta":{"desktop":{"background-color":"var(--ast-global-color-4)","background-image":"","background-repeat":"repeat","background-position":"center center","background-size":"auto","background-attachment":"scroll","background-type":"","background-media":"","overlay-type":"","overlay-color":"","overlay-opacity":"","overlay-gradient":""},"tablet":{"background-color":"","background-image":"","background-repeat":"repeat","background-position":"center center","background-size":"auto","background-attachment":"scroll","background-type":"","background-media":"","overlay-type":"","overlay-color":"","overlay-opacity":"","overlay-gradient":""},"mobile":{"background-color":"","background-image":"","background-repeat":"repeat","background-position":"center center","background-size":"auto","background-attachment":"scroll","background-type":"","background-media":"","overlay-type":"","overlay-color":"","overlay-opacity":"","overlay-gradient":""}},"ast-content-background-meta":{"desktop":{"background-color":"var(--ast-global-color-5)","background-image":"","background-repeat":"repeat","background-position":"center center","background-size":"auto","background-attachment":"scroll","background-type":"","background-media":"","overlay-type":"","overlay-color":"","overlay-opacity":"","overlay-gradient":""},"tablet":{"background-color":"var(--ast-global-color-5)","background-image":"","background-repeat":"repeat","background-position":"center center","background-size":"auto","background-attachment":"scroll","background-type":"","background-media":"","overlay-type":"","overlay-color":"","overlay-opacity":"","overlay-gradient":""},"mobile":{"background-color":"var(--ast-global-color-5)","background-image":"","background-repeat":"repeat","background-position":"center center","background-size":"auto","background-attachment":"scroll","background-type":"","background-media":"","overlay-type":"","overlay-color":"","overlay-opacity":"","overlay-gradient":""}},"footnotes":""},"class_list":["post-15656","page","type-page","status-publish","hentry"],"post_mailing_queue_ids":[],"_links":{"self":[{"href":"https:\/\/serveiseducatius.xtec.cat\/santadria\/wp-json\/wp\/v2\/pages\/15656","targetHints":{"allow":["GET"]}}],"collection":[{"href":"https:\/\/serveiseducatius.xtec.cat\/santadria\/wp-json\/wp\/v2\/pages"}],"about":[{"href":"https:\/\/serveiseducatius.xtec.cat\/santadria\/wp-json\/wp\/v2\/types\/page"}],"author":[{"embeddable":true,"href":"https:\/\/serveiseducatius.xtec.cat\/santadria\/wp-json\/wp\/v2\/users\/5"}],"replies":[{"embeddable":true,"href":"https:\/\/serveiseducatius.xtec.cat\/santadria\/wp-json\/wp\/v2\/comments?post=15656"}],"version-history":[{"count":5,"href":"https:\/\/serveiseducatius.xtec.cat\/santadria\/wp-json\/wp\/v2\/pages\/15656\/revisions"}],"predecessor-version":[{"id":16039,"href":"https:\/\/serveiseducatius.xtec.cat\/santadria\/wp-json\/wp\/v2\/pages\/15656\/revisions\/16039"}],"up":[{"embeddable":true,"href":"https:\/\/serveiseducatius.xtec.cat\/santadria\/wp-json\/wp\/v2\/pages\/13999"}],"wp:attachment":[{"href":"https:\/\/serveiseducatius.xtec.cat\/santadria\/wp-json\/wp\/v2\/media?parent=15656"}],"curies":[{"name":"wp","href":"https:\/\/api.w.org\/{rel}","templated":true}]}}