{"id":14534,"date":"2023-02-07T13:17:22","date_gmt":"2023-02-07T12:17:22","guid":{"rendered":"https:\/\/serveiseducatius.xtec.cat\/santadria\/?page_id=14534"},"modified":"2024-01-10T16:46:55","modified_gmt":"2024-01-10T15:46:55","slug":"dona-nena-i-ciencia","status":"publish","type":"page","link":"https:\/\/serveiseducatius.xtec.cat\/santadria\/recursos\/monografics-de-recursos\/dona-nena-i-ciencia\/","title":{"rendered":"Dona, nena i ci\u00e8ncia"},"content":{"rendered":"<p>L&#8217;11 de febrer \u00e9s el Dia Internacional de la Dona, la nena i la ci\u00e8ncia, per\u00f2 tot l&#8217;any \u00e9s bo per a impulsar les vocacions de les nenes i donar visibilitat\u00a0 a les dones cient\u00edfiques.<img loading=\"lazy\" decoding=\"async\" class=\"wp-image-14530 size-full alignright\" src=\"https:\/\/serveiseducatius.xtec.cat\/santadria\/wp-content\/uploads\/usu1189\/2023\/02\/Donanena-i-ciencia-2023.jpg\" alt=\"\" width=\"336\" height=\"448\" srcset=\"https:\/\/serveiseducatius.xtec.cat\/santadria\/wp-content\/uploads\/usu1189\/2023\/02\/Donanena-i-ciencia-2023.jpg 336w, https:\/\/serveiseducatius.xtec.cat\/santadria\/wp-content\/uploads\/usu1189\/2023\/02\/Donanena-i-ciencia-2023-225x300.jpg 225w\" sizes=\"auto, (max-width: 336px) 100vw, 336px\" \/><br \/>\nMireu aquest recull de recursos:<\/p>\n<ul>\n<li>Al CRP de Sant Adri\u00e0 us recomanem aquests t\u00edtols que tamb\u00e9 ens podeu demanar en pr\u00e9stec:\u00a0<a href=\"https:\/\/serveiseducatius.xtec.cat\/santadria\/wp-content\/uploads\/usu1189\/2023\/02\/Donanena-i-ciencia-2023.jpg\" target=\"_blank\" rel=\"noopener\">Les noies s\u00f3n capaces de tot, Las chicas son de ciencias, Marie Curi (en c\u00f2mic)\u2026<\/a><\/li>\n<li>L\u2019Ajuntament de Sant Adri\u00e0 proposa diferents activitats als centres educatius.\u00a0<a href=\"https:\/\/drive.google.com\/drive\/folders\/1zosOhx7W5NwtavDyAzqdsnvPqrCz1eWD?usp=sharing\" target=\"_blank\" rel=\"noopener\">Activitats proposades pel CIOD.<\/a><\/li>\n<li>La\u00a0<a href=\"https:\/\/www.ub.edu\/dia-dona-nena-ciencia\/\" target=\"_blank\" rel=\"noopener\">Universitat de Barcelona<\/a>, ha preparat diferents activitats per donar visibilitat i veu a les dones investigadores.<\/li>\n<li><a href=\"https:\/\/100tifiques.cat\/projecte\/\" target=\"_blank\" rel=\"noopener\">100t\u00edfiques. <\/a>Xerrades simult\u00e0nies.<\/li>\n<li><a href=\"https:\/\/escoles.fundesplai.org\/blog\/recursos\/15-activitats-dona-ciencia\/\" target=\"_blank\" rel=\"noopener\">15 activitats pel dia de la dona en la ci\u00e8ncia<\/a>. Fundesplai.<\/li>\n<li><a href=\"https:\/\/bibliotecavirtual.diba.cat\/es\/dones-ciencia\" target=\"_blank\" rel=\"noopener\">Dia Internacional de les dones i les nenes en la ci\u00e8ncia<\/a>. Biblioteca Virtual Diputaci\u00f3 de Barcelona.<\/li>\n<li><a href=\"https:\/\/natibergada.cat\/recursos-dones-nenes-ciencia\/\" target=\"_blank\" rel=\"noopener\">45 recursos per treballar el paper de les dones i les nenes en la ci\u00e8ncia<\/a>. Nati Bergad\u00e0.<\/li>\n<\/ul>\n","protected":false},"excerpt":{"rendered":"<p>L&#8217;11 de febrer \u00e9s el Dia Internacional de la Dona, la nena i la ci\u00e8ncia, per\u00f2 tot l&#8217;any \u00e9s bo [&hellip;]<\/p>\n","protected":false},"author":5,"featured_media":0,"parent":13999,"menu_order":11,"comment_status":"closed","ping_status":"closed","template":"page-templates\/side-menu.php","meta":{"_bbp_topic_count":0,"_bbp_reply_count":0,"_bbp_total_topic_count":0,"_bbp_total_reply_count":0,"_bbp_voice_count":0,"_bbp_anonymous_reply_count":0,"_bbp_topic_count_hidden":0,"_bbp_reply_count_hidden":0,"_bbp_forum_subforum_count":0,"site-sidebar-layout":"default","site-content-layout":"","ast-site-content-layout":"","site-content-style":"default","site-sidebar-style":"default","ast-global-header-display":"","ast-banner-title-visibility":"","ast-main-header-display":"","ast-hfb-above-header-display":"","ast-hfb-below-header-display":"","ast-hfb-mobile-header-display":"","site-post-title":"","ast-breadcrumbs-content":"","ast-featured-img":"","footer-sml-layout":"","theme-transparent-header-meta":"","adv-header-id-meta":"","stick-header-meta":"","header-above-stick-meta":"","header-main-stick-meta":"","header-below-stick-meta":"","astra-migrate-meta-layouts":"default","ast-page-background-enabled":"default","ast-page-background-meta":{"desktop":{"background-color":"var(--ast-global-color-4)","background-image":"","background-repeat":"repeat","background-position":"center center","background-size":"auto","background-attachment":"scroll","background-type":"","background-media":"","overlay-type":"","overlay-color":"","overlay-opacity":"","overlay-gradient":""},"tablet":{"background-color":"","background-image":"","background-repeat":"repeat","background-position":"center center","background-size":"auto","background-attachment":"scroll","background-type":"","background-media":"","overlay-type":"","overlay-color":"","overlay-opacity":"","overlay-gradient":""},"mobile":{"background-color":"","background-image":"","background-repeat":"repeat","background-position":"center center","background-size":"auto","background-attachment":"scroll","background-type":"","background-media":"","overlay-type":"","overlay-color":"","overlay-opacity":"","overlay-gradient":""}},"ast-content-background-meta":{"desktop":{"background-color":"var(--ast-global-color-5)","background-image":"","background-repeat":"repeat","background-position":"center center","background-size":"auto","background-attachment":"scroll","background-type":"","background-media":"","overlay-type":"","overlay-color":"","overlay-opacity":"","overlay-gradient":""},"tablet":{"background-color":"var(--ast-global-color-5)","background-image":"","background-repeat":"repeat","background-position":"center center","background-size":"auto","background-attachment":"scroll","background-type":"","background-media":"","overlay-type":"","overlay-color":"","overlay-opacity":"","overlay-gradient":""},"mobile":{"background-color":"var(--ast-global-color-5)","background-image":"","background-repeat":"repeat","background-position":"center center","background-size":"auto","background-attachment":"scroll","background-type":"","background-media":"","overlay-type":"","overlay-color":"","overlay-opacity":"","overlay-gradient":""}},"footnotes":""},"class_list":["post-14534","page","type-page","status-publish","hentry"],"post_mailing_queue_ids":[],"_links":{"self":[{"href":"https:\/\/serveiseducatius.xtec.cat\/santadria\/wp-json\/wp\/v2\/pages\/14534","targetHints":{"allow":["GET"]}}],"collection":[{"href":"https:\/\/serveiseducatius.xtec.cat\/santadria\/wp-json\/wp\/v2\/pages"}],"about":[{"href":"https:\/\/serveiseducatius.xtec.cat\/santadria\/wp-json\/wp\/v2\/types\/page"}],"author":[{"embeddable":true,"href":"https:\/\/serveiseducatius.xtec.cat\/santadria\/wp-json\/wp\/v2\/users\/5"}],"replies":[{"embeddable":true,"href":"https:\/\/serveiseducatius.xtec.cat\/santadria\/wp-json\/wp\/v2\/comments?post=14534"}],"version-history":[{"count":4,"href":"https:\/\/serveiseducatius.xtec.cat\/santadria\/wp-json\/wp\/v2\/pages\/14534\/revisions"}],"predecessor-version":[{"id":15280,"href":"https:\/\/serveiseducatius.xtec.cat\/santadria\/wp-json\/wp\/v2\/pages\/14534\/revisions\/15280"}],"up":[{"embeddable":true,"href":"https:\/\/serveiseducatius.xtec.cat\/santadria\/wp-json\/wp\/v2\/pages\/13999"}],"wp:attachment":[{"href":"https:\/\/serveiseducatius.xtec.cat\/santadria\/wp-json\/wp\/v2\/media?parent=14534"}],"curies":[{"name":"wp","href":"https:\/\/api.w.org\/{rel}","templated":true}]}}