{"id":8823,"date":"2017-01-11T10:41:17","date_gmt":"2017-01-11T09:41:17","guid":{"rendered":"http:\/\/serveiseducatius.xtec.cat\/santacolomag\/?page_id=8823"},"modified":"2019-10-25T08:09:55","modified_gmt":"2019-10-25T06:09:55","slug":"maleta-de-robotica-lego-wedo-2-0","status":"publish","type":"page","link":"https:\/\/serveiseducatius.xtec.cat\/santacolomag\/maleta-de-robotica-lego-wedo-2-0\/","title":{"rendered":"Maleta de rob\u00f2tica LEGO WeDo 2.0"},"content":{"rendered":"<p><a href=\"http:\/\/ro-botica.com\/tienda\/LEGO-Education\/LEGO-Education-WeDo-2\/\"><img loading=\"lazy\" decoding=\"async\" class=\" wp-image-8824 alignleft\" src=\"http:\/\/serveiseducatius.xtec.cat\/santacolomag\/wp-content\/uploads\/usu1183\/2017\/01\/baixa.jpg\" alt=\"baixa\" width=\"422\" height=\"259\" \/><\/a>Maleta de quatre unitats del robot LEGO Education WeDo 2.0 amb les quals ens proposem que l&#8217;alumnat dels cicles mitj\u00e0 i superior de Prim\u00e0ria aprengui sobre rob\u00f2tica construint-se models propis senzills, ja siguin de creaci\u00f3 lliure o seguint els existents al programari LEGO Education. Tot aquest proc\u00e9s fomenta la comunicaci\u00f3 i el treball col\u00b7laboratiu o cooperatiu i permet el treball de continguts curriculars STEAM de Ci\u00e8ncia i tecnologia, Matem\u00e0tiques i Llengua.<\/p>\n<p>&nbsp;<\/p>\n<p>&nbsp;<\/p>\n<p><strong>Material incl\u00f2s a cadascuna de les 4 unitats *:<\/strong><\/p>\n<ul>\n<li>Peces de construcci\u00f3<a href=\"https:\/\/www.robotix.es\/es\/lego-wedo-2\"><img loading=\"lazy\" decoding=\"async\" class=\"wp-image-8831 alignright\" src=\"http:\/\/serveiseducatius.xtec.cat\/santacolomag\/wp-content\/uploads\/usu1183\/2017\/01\/Milo_classroom_shot-1024x651.jpg\" alt=\"milo_classroom_shot\" width=\"314\" height=\"200\" \/><\/a><\/li>\n<li>Motor, sensor de moviment i sensor d\u2019inclinaci\u00f3<\/li>\n<li>Connector USB\u00a0de Bluetooth 4.0 Bled112 -av1 **<\/li>\n<li>USB amb tot el programari per a diferents Sistemes Operatius i Maquinaris i instruccions d&#8217;\u00fas en format digital **<\/li>\n<\/ul>\n<p>* Consulteu els requisits m\u00ednims de maquinari i programari al seg\u00fcent <strong><a href=\"https:\/\/drive.google.com\/open?id=0B7J2wtKTJ0CvTnFyQklULVcyMmM\">document<\/a><\/strong>.<\/p>\n<p>** Nom\u00e9s dues unitats disposen d&#8217;aquests dispositius<\/p>\n<p><strong>Guies d&#8217;usuari, tutorials i recursos:<\/strong><\/p>\n<ul>\n<li><a href=\"http:\/\/manager.ro-botica.com\/uploads\/productos\/ITEM_4730_DOCPROD.pdf\" target=\"_blank\" rel=\"noopener noreferrer\">Guia r\u00e1pida Lego Education WeDo<\/a><\/li>\n<li><a href=\"https:\/\/www.youtube.com\/watch?v=DRWY7tOoOAk&amp;index=5&amp;list=PLm4fjeaKIaysm7Ni4sivJuL9VriNViZjK\" target=\"_blank\" rel=\"noopener noreferrer\">\u201c<\/a><a href=\"https:\/\/www.youtube.com\/watch?v=DRWY7tOoOAk&amp;index=5&amp;list=PLm4fjeaKIaysm7Ni4sivJuL9VriNViZjK\" target=\"_blank\" rel=\"noopener noreferrer\">Unboxing\u201d el Lego WeDo 2.0 del CRP<\/a><\/li>\n<li><a href=\"https:\/\/c10645061.ssl.cf2.rackcdn.com\/resources\/wedo%20user's%20guide.pdf\" target=\"_blank\" rel=\"noopener noreferrer\">Lego WeDo User\u2019s Guide<\/a><\/li>\n<li><a href=\"https:\/\/fhpaaip.files.wordpress.com\/2011\/09\/uso-de-robotica-educativa-wedo.pdf\" target=\"_blank\" rel=\"noopener noreferrer\">WeDo. Rob\u00f3tica educativa para el nivel primario<\/a><\/li>\n<li><a href=\"http:\/\/www.wedobots.com\/\" target=\"_blank\" rel=\"noopener noreferrer\">Wedobots<\/a>\u00a0(angl\u00e8s)<\/li>\n<li><a href=\"https:\/\/drive.google.com\/a\/xtec.cat\/folderview?id=0B2I9hplbYLw9X284VlBpWmVzZEU&amp;usp=sharing\" target=\"_blank\" rel=\"noopener noreferrer\">Fitxers pdf dels models (per separat)<\/a><\/li>\n<li><a href=\"http:\/\/www.legoengineering.com\/wedo-activities-and-building-projects\/\" target=\"_blank\" rel=\"noopener noreferrer\">Conjunt d\u2019activitats extretes del bloc Legoengineering.com<\/a><\/li>\n<li><a href=\"https:\/\/www.youtube.com\/results?search_query=lego+wedo+2.0\">Tutorials de Youtube<\/a><\/li>\n<\/ul>\n<p><a href=\"https:\/\/www.robotix.es\/es\/lego-wedo-2\"><img loading=\"lazy\" decoding=\"async\" class=\"alignright\" src=\"http:\/\/www.teaching.com.au\/resources\/static\/main\/IMAGE\/LEG45300.JPG\" width=\"350\" height=\"250\" \/><\/a><\/p>\n<p><strong>Propostes did\u00e0ctiques i exemples d&#8217;activitats d&#8217;altres centres<\/strong>:<\/p>\n<ul>\n<li>\u00a0El programari LEGO Education WeDo 2.0 (incl\u00f2s a la maleta) proporciona diferents seq\u00fc\u00e8ncies did\u00e0ctiques sobre ci\u00e8ncies i una guia del professorat per poder-les dur a terme.<\/li>\n<li><a href=\"http:\/\/es.slideshare.net\/crtarguedas\/actividades-lego-programacion-wedo\" target=\"_blank\" rel=\"noopener noreferrer\">Actividades Lego WeDo (CRT Arguedas Previ Callao)<\/a><\/li>\n<li><a href=\"http:\/\/es.slideshare.net\/dalguerri\/wedo-clase-1-24037992\" target=\"_blank\" rel=\"noopener noreferrer\">Rob\u00f3tica Educativa WeDo. Sesi\u00f3n 1 (S.Rojas, J.C.Barreto)<\/a><\/li>\n<li><a href=\"http:\/\/es.slideshare.net\/dalguerri\/wedo-clase-23\" target=\"_blank\" rel=\"noopener noreferrer\">Rob\u00f3tica Educativa WeDo. Sesiones 2-3 (S.Rojas, J.C.Barreto)<\/a><\/li>\n<li><a href=\"http:\/\/es.slideshare.net\/dalguerri\/wedo-clase-4y5\" target=\"_blank\" rel=\"noopener noreferrer\">Rob\u00f3tica Educativa WeDo. Sesiones 4-5 (S.Rojas, J.C.Barreto)<\/a><\/li>\n<li><a href=\"http:\/\/es.slideshare.net\/dalguerri\/wedo-clase-6y7\" target=\"_blank\" rel=\"noopener noreferrer\">Rob\u00f3tica Educativa WeDo. Sesiones 6-7 (S.Rojas, <\/a><a href=\"http:\/\/es.slideshare.net\/dalguerri\/wedo-clase-6y7\" target=\"_blank\" rel=\"noopener noreferrer\">J.C.Barreto)<\/a><\/li>\n<li><a href=\"https:\/\/www.youtube.com\/watch?v=LnSHI7pFQWs&amp;feature=youtu.be\" target=\"_blank\" rel=\"noopener noreferrer\">Inventem un conte d\u2019animals (Escola \u00c0ngel Guimer\u00e0 \u2013 CRP de La Noguera)<\/a><\/li>\n<li><a href=\"https:\/\/vimeo.com\/94981185\" target=\"_blank\" rel=\"noopener noreferrer\">Programant amb Lego WeDo (Escola Bar\u00f3 de Viver \u2013 Barcelona)<\/a><\/li>\n<li><a href=\"http:\/\/blogep.daina-isard.cat\/?p=12359\" target=\"_blank\" rel=\"noopener noreferrer\">Projecte WeDo Escola Daina-Isard 1a part<\/a>\u00a0i\u00a0<a href=\"http:\/\/blogep.daina-isard.cat\/?p=12361\" target=\"_blank\" rel=\"noopener noreferrer\">2a part<\/a>)<\/li>\n<li><a href=\"https:\/\/www.youtube.com\/watch?v=2Jl0xi5T_V0\" target=\"_blank\" rel=\"noopener noreferrer\">Aprenem a fer servir el WeDo (Escola Vedruna de Tona)<\/a><\/li>\n<\/ul>\n","protected":false},"excerpt":{"rendered":"<p>Maleta de quatre unitats del robot LEGO Education WeDo 2.0 amb les quals ens proposem que l&#8217;alumnat dels cicles mitj\u00e0 [&hellip;]<\/p>\n","protected":false},"author":7,"featured_media":0,"parent":0,"menu_order":0,"comment_status":"closed","ping_status":"closed","template":"","meta":{"_bbp_topic_count":0,"_bbp_reply_count":0,"_bbp_total_topic_count":0,"_bbp_total_reply_count":0,"_bbp_voice_count":0,"_bbp_anonymous_reply_count":0,"_bbp_topic_count_hidden":0,"_bbp_reply_count_hidden":0,"_bbp_forum_subforum_count":0,"site-sidebar-layout":"default","site-content-layout":"","ast-site-content-layout":"","site-content-style":"default","site-sidebar-style":"default","ast-global-header-display":"","ast-banner-title-visibility":"","ast-main-header-display":"","ast-hfb-above-header-display":"","ast-hfb-below-header-display":"","ast-hfb-mobile-header-display":"","site-post-title":"","ast-breadcrumbs-content":"","ast-featured-img":"","footer-sml-layout":"","theme-transparent-header-meta":"","adv-header-id-meta":"","stick-header-meta":"","header-above-stick-meta":"","header-main-stick-meta":"","header-below-stick-meta":"","astra-migrate-meta-layouts":"default","ast-page-background-enabled":"default","ast-page-background-meta":{"desktop":{"background-color":"var(--ast-global-color-4)","background-image":"","background-repeat":"repeat","background-position":"center center","background-size":"auto","background-attachment":"scroll","background-type":"","background-media":"","overlay-type":"","overlay-color":"","overlay-opacity":"","overlay-gradient":""},"tablet":{"background-color":"","background-image":"","background-repeat":"repeat","background-position":"center center","background-size":"auto","background-attachment":"scroll","background-type":"","background-media":"","overlay-type":"","overlay-color":"","overlay-opacity":"","overlay-gradient":""},"mobile":{"background-color":"","background-image":"","background-repeat":"repeat","background-position":"center center","background-size":"auto","background-attachment":"scroll","background-type":"","background-media":"","overlay-type":"","overlay-color":"","overlay-opacity":"","overlay-gradient":""}},"ast-content-background-meta":{"desktop":{"background-color":"var(--ast-global-color-5)","background-image":"","background-repeat":"repeat","background-position":"center center","background-size":"auto","background-attachment":"scroll","background-type":"","background-media":"","overlay-type":"","overlay-color":"","overlay-opacity":"","overlay-gradient":""},"tablet":{"background-color":"var(--ast-global-color-5)","background-image":"","background-repeat":"repeat","background-position":"center center","background-size":"auto","background-attachment":"scroll","background-type":"","background-media":"","overlay-type":"","overlay-color":"","overlay-opacity":"","overlay-gradient":""},"mobile":{"background-color":"var(--ast-global-color-5)","background-image":"","background-repeat":"repeat","background-position":"center center","background-size":"auto","background-attachment":"scroll","background-type":"","background-media":"","overlay-type":"","overlay-color":"","overlay-opacity":"","overlay-gradient":""}},"footnotes":""},"class_list":["post-8823","page","type-page","status-publish","hentry"],"post_mailing_queue_ids":[],"_links":{"self":[{"href":"https:\/\/serveiseducatius.xtec.cat\/santacolomag\/wp-json\/wp\/v2\/pages\/8823","targetHints":{"allow":["GET"]}}],"collection":[{"href":"https:\/\/serveiseducatius.xtec.cat\/santacolomag\/wp-json\/wp\/v2\/pages"}],"about":[{"href":"https:\/\/serveiseducatius.xtec.cat\/santacolomag\/wp-json\/wp\/v2\/types\/page"}],"author":[{"embeddable":true,"href":"https:\/\/serveiseducatius.xtec.cat\/santacolomag\/wp-json\/wp\/v2\/users\/7"}],"replies":[{"embeddable":true,"href":"https:\/\/serveiseducatius.xtec.cat\/santacolomag\/wp-json\/wp\/v2\/comments?post=8823"}],"version-history":[{"count":4,"href":"https:\/\/serveiseducatius.xtec.cat\/santacolomag\/wp-json\/wp\/v2\/pages\/8823\/revisions"}],"predecessor-version":[{"id":12542,"href":"https:\/\/serveiseducatius.xtec.cat\/santacolomag\/wp-json\/wp\/v2\/pages\/8823\/revisions\/12542"}],"wp:attachment":[{"href":"https:\/\/serveiseducatius.xtec.cat\/santacolomag\/wp-json\/wp\/v2\/media?parent=8823"}],"curies":[{"name":"wp","href":"https:\/\/api.w.org\/{rel}","templated":true}]}}

Maleta de robòtica LEGO WeDo 2.0

<p><a href="http://ro-botica.com/tienda/LEGO-Education/LEGO-Education-WeDo-2/"><img loading="lazy" decoding="async" class=" wp-image-8824 alignleft" src="http://serveiseducatius.xtec.cat/santacolomag/wp-content/uploads/usu1183/2017/01/baixa.jpg" alt="baixa" width="422" height="259" /></a>Maleta de quatre unitats del robot LEGO Education WeDo 2.0 amb les quals ens proposem que l&#8217;alumnat dels cicles mitjà i superior de Primària aprengui sobre robòtica construint-se models propis senzills, ja siguin de creació lliure o seguint els existents al programari LEGO Education. Tot aquest procés fomenta la comunicació i el treball col·laboratiu o cooperatiu i permet el treball de continguts curriculars STEAM de Ciència i tecnologia, Matemàtiques i Llengua.</p>
<p>&nbsp;</p>
<p>&nbsp;</p>
<p><strong>Material inclòs a cadascuna de les 4 unitats *:</strong></p>
<ul>
<li>Peces de construcció<a href="https://www.robotix.es/es/lego-wedo-2"><img loading="lazy" decoding="async" class="wp-image-8831 alignright" src="http://serveiseducatius.xtec.cat/santacolomag/wp-content/uploads/usu1183/2017/01/Milo_classroom_shot-1024x651.jpg" alt="milo_classroom_shot" width="314" height="200" /></a></li>
<li>Motor, sensor de moviment i sensor d’inclinació</li>
<li>Connector USB de Bluetooth 4.0 Bled112 -av1 **</li>
<li>USB amb tot el programari per a diferents Sistemes Operatius i Maquinaris i instruccions d&#8217;ús en format digital **</li>
</ul>
<p>* Consulteu els requisits mínims de maquinari i programari al següent <strong><a href="https://drive.google.com/open?id=0B7J2wtKTJ0CvTnFyQklULVcyMmM">document</a></strong>.</p>
<p>** Només dues unitats disposen d&#8217;aquests dispositius</p>
<p><strong>Guies d&#8217;usuari, tutorials i recursos:</strong></p>
<ul>
<li><a href="http://manager.ro-botica.com/uploads/productos/ITEM_4730_DOCPROD.pdf" target="_blank" rel="noopener noreferrer">Guia rápida Lego Education WeDo</a></li>
<li><a href="https://www.youtube.com/watch?v=DRWY7tOoOAk&amp;index=5&amp;list=PLm4fjeaKIaysm7Ni4sivJuL9VriNViZjK" target="_blank" rel="noopener noreferrer">“</a><a href="https://www.youtube.com/watch?v=DRWY7tOoOAk&amp;index=5&amp;list=PLm4fjeaKIaysm7Ni4sivJuL9VriNViZjK" target="_blank" rel="noopener noreferrer">Unboxing” el Lego WeDo 2.0 del CRP</a></li>
<li><a href="https://c10645061.ssl.cf2.rackcdn.com/resources/wedo%20user's%20guide.pdf" target="_blank" rel="noopener noreferrer">Lego WeDo User’s Guide</a></li>
<li><a href="https://fhpaaip.files.wordpress.com/2011/09/uso-de-robotica-educativa-wedo.pdf" target="_blank" rel="noopener noreferrer">WeDo. Robótica educativa para el nivel primario</a></li>
<li><a href="http://www.wedobots.com/" target="_blank" rel="noopener noreferrer">Wedobots</a> (anglès)</li>
<li><a href="https://drive.google.com/a/xtec.cat/folderview?id=0B2I9hplbYLw9X284VlBpWmVzZEU&amp;usp=sharing" target="_blank" rel="noopener noreferrer">Fitxers pdf dels models (per separat)</a></li>
<li><a href="http://www.legoengineering.com/wedo-activities-and-building-projects/" target="_blank" rel="noopener noreferrer">Conjunt d’activitats extretes del bloc Legoengineering.com</a></li>
<li><a href="https://www.youtube.com/results?search_query=lego+wedo+2.0">Tutorials de Youtube</a></li>
</ul>
<p><a href="https://www.robotix.es/es/lego-wedo-2"><img loading="lazy" decoding="async" class="alignright" src="http://www.teaching.com.au/resources/static/main/IMAGE/LEG45300.JPG" width="350" height="250" /></a></p>
<p><strong>Propostes didàctiques i exemples d&#8217;activitats d&#8217;altres centres</strong>:</p>
<ul>
<li> El programari LEGO Education WeDo 2.0 (inclòs a la maleta) proporciona diferents seqüències didàctiques sobre ciències i una guia del professorat per poder-les dur a terme.</li>
<li><a href="http://es.slideshare.net/crtarguedas/actividades-lego-programacion-wedo" target="_blank" rel="noopener noreferrer">Actividades Lego WeDo (CRT Arguedas Previ Callao)</a></li>
<li><a href="http://es.slideshare.net/dalguerri/wedo-clase-1-24037992" target="_blank" rel="noopener noreferrer">Robótica Educativa WeDo. Sesión 1 (S.Rojas, J.C.Barreto)</a></li>
<li><a href="http://es.slideshare.net/dalguerri/wedo-clase-23" target="_blank" rel="noopener noreferrer">Robótica Educativa WeDo. Sesiones 2-3 (S.Rojas, J.C.Barreto)</a></li>
<li><a href="http://es.slideshare.net/dalguerri/wedo-clase-4y5" target="_blank" rel="noopener noreferrer">Robótica Educativa WeDo. Sesiones 4-5 (S.Rojas, J.C.Barreto)</a></li>
<li><a href="http://es.slideshare.net/dalguerri/wedo-clase-6y7" target="_blank" rel="noopener noreferrer">Robótica Educativa WeDo. Sesiones 6-7 (S.Rojas, </a><a href="http://es.slideshare.net/dalguerri/wedo-clase-6y7" target="_blank" rel="noopener noreferrer">J.C.Barreto)</a></li>
<li><a href="https://www.youtube.com/watch?v=LnSHI7pFQWs&amp;feature=youtu.be" target="_blank" rel="noopener noreferrer">Inventem un conte d’animals (Escola Àngel Guimerà – CRP de La Noguera)</a></li>
<li><a href="https://vimeo.com/94981185" target="_blank" rel="noopener noreferrer">Programant amb Lego WeDo (Escola Baró de Viver – Barcelona)</a></li>
<li><a href="http://blogep.daina-isard.cat/?p=12359" target="_blank" rel="noopener noreferrer">Projecte WeDo Escola Daina-Isard 1a part</a> i <a href="http://blogep.daina-isard.cat/?p=12361" target="_blank" rel="noopener noreferrer">2a part</a>)</li>
<li><a href="https://www.youtube.com/watch?v=2Jl0xi5T_V0" target="_blank" rel="noopener noreferrer">Aprenem a fer servir el WeDo (Escola Vedruna de Tona)</a></li>
</ul>

<p>Maleta de quatre unitats del robot LEGO Education WeDo 2.0 amb les quals ens proposem que l&#8217;alumnat dels cicles mitjà [&hellip;]</p>
