{"id":8402,"date":"2016-09-23T12:47:27","date_gmt":"2016-09-23T10:47:27","guid":{"rendered":"http:\/\/serveiseducatius.xtec.cat\/santacolomag\/?page_id=8402"},"modified":"2025-09-15T14:52:04","modified_gmt":"2025-09-15T12:52:04","slug":"recursos-en-linia","status":"publish","type":"page","link":"https:\/\/serveiseducatius.xtec.cat\/santacolomag\/recursos-en-linia\/","title":{"rendered":"Recursos en l\u00ednia"},"content":{"rendered":"<table class=\"sites-layout-name-two-column sites-layout-hbox\" style=\"width: 1049px; height: 251px;\" cellspacing=\"0\">\n<tbody>\n<tr style=\"height: 241px;\">\n<td style=\"width: 484px; height: 241px; text-align: left; vertical-align: top;\" colspan=\"2\"><a href=\"https:\/\/serveiseducatius.xtec.cat\/santacolomag\/wp-content\/uploads\/usu1183\/2020\/03\/Captura-de-pantalla-2019-05-21-a-las-13.12.37-1-e1584620228648.png\" target=\"_blank\" rel=\"noopener noreferrer\"><img loading=\"lazy\" decoding=\"async\" class=\"wp-image-13250 size-thumbnail aligncenter\" src=\"https:\/\/serveiseducatius.xtec.cat\/santacolomag\/wp-content\/uploads\/usu1183\/2020\/03\/Captura-de-pantalla-2019-05-21-a-las-13.12.37-1-150x150.png\" alt=\"eBiblio Catalunya. Pr\u00e9stec gratu\u00eft de continguts digitals\" width=\"150\" height=\"150\" \/><\/a><a href=\"https:\/\/serveiseducatius.xtec.cat\/santacolomag\/general\/en-temps-de-confinament-lliure-acces-a-recursos-educatius\/\" target=\"_blank\" rel=\"noopener noreferrer\"><img loading=\"lazy\" decoding=\"async\" class=\"alignnone aligncenter\" src=\"https:\/\/serveiseducatius.xtec.cat\/santacolomag\/wp-content\/uploads\/usu1183\/2020\/04\/totes.jpg\" alt=\"En temps de confinament, lliure acc\u00e9s a recursos educatius\" width=\"291\" height=\"162\" \/><\/a><\/td>\n<\/tr>\n<tr style=\"height: 778px;\">\n<td class=\"sites-layout-tile sites-tile-name-content-1\" style=\"text-align: left; vertical-align: top; width: 484px; height: 10px;\"><span style=\"color: #993366;\"><strong><span style=\"font-size: 12pt;\">RECURSOS GENERALS<\/span><\/strong><\/span><\/p>\n<ul>\n<li><a href=\"http:\/\/serveiseducatius.xtec.cat\/santacolomag\/recursos-en-linia\/enciclopedies\/\" target=\"_blank\" rel=\"noopener noreferrer\">Enciclop\u00e8dies<\/a><\/li>\n<li><a href=\"http:\/\/serveiseducatius.xtec.cat\/santacolomag\/recursos-en-linia\/diccionaris\/\" target=\"_blank\" rel=\"noopener noreferrer\">Diccionaris<\/a><\/li>\n<li><a href=\"http:\/\/serveiseducatius.xtec.cat\/santacolomag\/recursos-en-linia\/traductors\/\" target=\"_blank\" rel=\"noopener noreferrer\">Traductors<\/a><\/li>\n<li><a href=\"http:\/\/serveiseducatius.xtec.cat\/santacolomag\/recursos-en-linia\/atles\/\" target=\"_blank\" rel=\"noopener noreferrer\">Atles<\/a><\/li>\n<li><a href=\"http:\/\/serveiseducatius.xtec.cat\/santacolomag\/recursos-en-linia\/revistes-electroniques\/\" target=\"_blank\" rel=\"noopener noreferrer\">Revistes electr\u00f2niques<\/a><\/li>\n<li><a href=\"http:\/\/serveiseducatius.xtec.cat\/santacolomag\/recursos-en-linia\/premsa-digital\/\" target=\"_blank\" rel=\"noopener noreferrer\">Premsa digital<\/a><\/li>\n<li><a href=\"http:\/\/serveiseducatius.xtec.cat\/santacolomag\/imatges-sons-i-videos\/\" target=\"_blank\" rel=\"noopener noreferrer\">Imatges, sons i v\u00eddeos<\/a><\/li>\n<li><a href=\"http:\/\/serveiseducatius.xtec.cat\/santacolomag\/portals-educatius\/\" target=\"_blank\" rel=\"noopener noreferrer\">Portals educatius<\/a><\/li>\n<li><a href=\"http:\/\/serveiseducatius.xtec.cat\/santacolomag\/bases-de-dades\/\" target=\"_blank\" rel=\"noopener noreferrer\">Bases de dades<\/a><\/li>\n<li><a href=\"https:\/\/serveiseducatius.xtec.cat\/santacolomag\/?page_id=10168&amp;preview=true\" target=\"_blank\" rel=\"noopener noreferrer\">Cat\u00e0legs de biblioteques<\/a><\/li>\n<li><a href=\"https:\/\/www.educac.cat\/\" target=\"_blank\" rel=\"noopener noreferrer\">eduCAC: <\/a>Programa d\u2019educaci\u00f3 en comunicaci\u00f3 del Consell de l\u2019Audiovisual de Catalunya<\/li>\n<li><a href=\"https:\/\/sites.google.com\/a\/xtec.cat\/coordinacio-pedagogica-de-secundaria\/enllacos-d-interes\" target=\"_blank\" rel=\"noopener noreferrer\">Treballs de recerca i orientaci\u00f3 acad\u00e8mica (Secund\u00e0ria)<\/a><\/li>\n<\/ul>\n<\/td>\n<td class=\"sites-layout-tile sites-tile-name-content-2\" style=\"width: 563px; vertical-align: top; height: 10px;\"><strong><span style=\"font-size: 12pt; color: #993366;\">RECURSOS PER TEMES:<a href=\"https:\/\/serveiseducatius.xtec.cat\/santacolomag\/wp-content\/uploads\/usu1183\/2020\/05\/Re\u0301pre\u0301sentation_dinternet.jpg\"><img loading=\"lazy\" decoding=\"async\" class=\"size-thumbnail wp-image-13901 alignright\" src=\"https:\/\/serveiseducatius.xtec.cat\/santacolomag\/wp-content\/uploads\/usu1183\/2020\/05\/Re\u0301pre\u0301sentation_dinternet-150x150.jpg\" alt=\"\" width=\"150\" height=\"150\" \/><\/a><\/span><\/strong><\/p>\n<ul>\n<li style=\"list-style-type: none;\">\n<ul>\n<li><a href=\"http:\/\/serveiseducatius.xtec.cat\/santacolomag\/ciencies-socials\/\" target=\"_blank\" rel=\"noopener noreferrer\">Ci\u00e8ncies socials<\/a><\/li>\n<li><a href=\"https:\/\/serveiseducatius.xtec.cat\/santacolomag\/ciencies-naturals\/\" target=\"_blank\" rel=\"noopener noreferrer\">Ci\u00e8ncies naturals<\/a><\/li>\n<li><a href=\"https:\/\/serveiseducatius.xtec.cat\/santacolomag\/coeducacio\/\">Coeducaci\u00f3<\/a><\/li>\n<li><a href=\"http:\/\/serveiseducatius.xtec.cat\/santacolomag\/filosofia-i-etica\/\" target=\"_blank\" rel=\"noopener noreferrer\">Filosofia i \u00e8tica<\/a><\/li>\n<li><a href=\"http:\/\/serveiseducatius.xtec.cat\/santacolomag\/recursos-en-linia\/matematiques\/\" target=\"_blank\" rel=\"noopener noreferrer\">Matem\u00e0tiques<\/a><\/li>\n<li><a href=\"https:\/\/serveiseducatius.xtec.cat\/santacolomag\/llengua-i-literatura\/\" target=\"_blank\" rel=\"noopener noreferrer\">Llengua i literatura<\/a><\/li>\n<li><a href=\"http:\/\/serveiseducatius.xtec.cat\/santacolomag\/educacio-ambiental-2\/\" target=\"_blank\" rel=\"noopener noreferrer\">Lleng\u00fces estrangeres<\/a><\/li>\n<li><a href=\"http:\/\/serveiseducatius.xtec.cat\/santacolomag\/educacio-artistica-i-musical\/\" target=\"_blank\" rel=\"noopener noreferrer\">Educaci\u00f3 art\u00edstica i musical<\/a><\/li>\n<li><a href=\"http:\/\/serveiseducatius.xtec.cat\/santacolomag\/educacio-fisica\/\" target=\"_blank\" rel=\"noopener noreferrer\">Educaci\u00f3 f\u00edsica<\/a><\/li>\n<li><a href=\"http:\/\/serveiseducatius.xtec.cat\/santacolomag\/tecnologia\/\" target=\"_blank\" rel=\"noopener noreferrer\">Tecnologia<\/a><\/li>\n<li><a href=\"https:\/\/serveiseducatius.xtec.cat\/santacolomag\/recursos\/espai-tictac\/\" target=\"_blank\" rel=\"noopener noreferrer\">Cultura digital i tecnologies educatives<\/a><\/li>\n<li><a href=\"http:\/\/serveiseducatius.xtec.cat\/santacolomag\/atencio-a-la-diversitat\/\" target=\"_blank\" rel=\"noopener noreferrer\">Atenci\u00f3 a la diversitat<\/a><\/li>\n<li><a href=\"https:\/\/serveiseducatius.xtec.cat\/santacolomag\/educacio-ambiental\/\" target=\"_blank\" rel=\"noopener noreferrer\">Educaci\u00f3 ambiental<\/a><\/li>\n<li><a href=\"http:\/\/serveiseducatius.xtec.cat\/santacolomag\/educacio-per-a-la-convivencia\/\" target=\"_blank\" rel=\"noopener noreferrer\">Educaci\u00f3 per a la conviv\u00e8ncia<\/a><\/li>\n<li><a href=\"http:\/\/serveiseducatius.xtec.cat\/santacolomag\/acollida-dalumnat-nouvingut\/\" target=\"_blank\" rel=\"noopener noreferrer\">Acollida d&#8217;alumnat nouvingut<\/a><\/li>\n<li><a href=\"https:\/\/serveiseducatius.xtec.cat\/santacolomag\/tutoria\/\" target=\"_blank\" rel=\"noopener noreferrer\">Tutoria<\/a><\/li>\n<li><a href=\"http:\/\/serveiseducatius.xtec.cat\/santacolomag\/educacio-infantil\/\" target=\"_blank\" rel=\"noopener noreferrer\">Educaci\u00f3 infantil<\/a><\/li>\n<li><a href=\"https:\/\/docs.google.com\/a\/xtec.cat\/document\/d\/1BOsWo6MWv2kSl1risKVfqA8wgiPO3TT6iQq_PdBTQcA\/edit\" target=\"_blank\" rel=\"noopener noreferrer\">Compet\u00e8ncies b\u00e0siques<\/a><\/li>\n<li><a href=\"https:\/\/serveiseducatius.xtec.cat\/santacolomag\/categoria\/recursos\/coneixer-santa-coloma\/\" target=\"_blank\" rel=\"noopener noreferrer\">Patrimoni i medi local<\/a><\/li>\n<li><a href=\"https:\/\/serveiseducatius.xtec.cat\/creda-comarques2\/general\/enllac-amb-material-per-a-docents-i-families\/\">Audici\u00f3 i llenguatge (CREDA Sant Adri\u00e0 del Bes\u00f2s)<\/a><\/li>\n<\/ul>\n<\/li>\n<\/ul>\n<\/td>\n<\/tr>\n<\/tbody>\n<\/table>\n","protected":false},"excerpt":{"rendered":"<p>RECURSOS GENERALS Enciclop\u00e8dies Diccionaris Traductors Atles Revistes electr\u00f2niques Premsa digital Imatges, sons i v\u00eddeos Portals educatius Bases de dades Cat\u00e0legs [&hellip;]<\/p>\n","protected":false},"author":7,"featured_media":0,"parent":0,"menu_order":0,"comment_status":"closed","ping_status":"closed","template":"","meta":{"_bbp_topic_count":0,"_bbp_reply_count":0,"_bbp_total_topic_count":0,"_bbp_total_reply_count":0,"_bbp_voice_count":0,"_bbp_anonymous_reply_count":0,"_bbp_topic_count_hidden":0,"_bbp_reply_count_hidden":0,"_bbp_forum_subforum_count":0,"site-sidebar-layout":"default","site-content-layout":"","ast-site-content-layout":"default","site-content-style":"default","site-sidebar-style":"default","ast-global-header-display":"","ast-banner-title-visibility":"","ast-main-header-display":"","ast-hfb-above-header-display":"","ast-hfb-below-header-display":"","ast-hfb-mobile-header-display":"","site-post-title":"","ast-breadcrumbs-content":"","ast-featured-img":"","footer-sml-layout":"","theme-transparent-header-meta":"","adv-header-id-meta":"","stick-header-meta":"","header-above-stick-meta":"","header-main-stick-meta":"","header-below-stick-meta":"","astra-migrate-meta-layouts":"set","ast-page-background-enabled":"default","ast-page-background-meta":{"desktop":{"background-color":"var(--ast-global-color-4)","background-image":"","background-repeat":"repeat","background-position":"center center","background-size":"auto","background-attachment":"scroll","background-type":"","background-media":"","overlay-type":"","overlay-color":"","overlay-opacity":"","overlay-gradient":""},"tablet":{"background-color":"","background-image":"","background-repeat":"repeat","background-position":"center center","background-size":"auto","background-attachment":"scroll","background-type":"","background-media":"","overlay-type":"","overlay-color":"","overlay-opacity":"","overlay-gradient":""},"mobile":{"background-color":"","background-image":"","background-repeat":"repeat","background-position":"center center","background-size":"auto","background-attachment":"scroll","background-type":"","background-media":"","overlay-type":"","overlay-color":"","overlay-opacity":"","overlay-gradient":""}},"ast-content-background-meta":{"desktop":{"background-color":"var(--ast-global-color-5)","background-image":"","background-repeat":"repeat","background-position":"center center","background-size":"auto","background-attachment":"scroll","background-type":"","background-media":"","overlay-type":"","overlay-color":"","overlay-opacity":"","overlay-gradient":""},"tablet":{"background-color":"var(--ast-global-color-5)","background-image":"","background-repeat":"repeat","background-position":"center center","background-size":"auto","background-attachment":"scroll","background-type":"","background-media":"","overlay-type":"","overlay-color":"","overlay-opacity":"","overlay-gradient":""},"mobile":{"background-color":"var(--ast-global-color-5)","background-image":"","background-repeat":"repeat","background-position":"center center","background-size":"auto","background-attachment":"scroll","background-type":"","background-media":"","overlay-type":"","overlay-color":"","overlay-opacity":"","overlay-gradient":""}},"footnotes":""},"class_list":["post-8402","page","type-page","status-publish","hentry"],"post_mailing_queue_ids":[],"_links":{"self":[{"href":"https:\/\/serveiseducatius.xtec.cat\/santacolomag\/wp-json\/wp\/v2\/pages\/8402","targetHints":{"allow":["GET"]}}],"collection":[{"href":"https:\/\/serveiseducatius.xtec.cat\/santacolomag\/wp-json\/wp\/v2\/pages"}],"about":[{"href":"https:\/\/serveiseducatius.xtec.cat\/santacolomag\/wp-json\/wp\/v2\/types\/page"}],"author":[{"embeddable":true,"href":"https:\/\/serveiseducatius.xtec.cat\/santacolomag\/wp-json\/wp\/v2\/users\/7"}],"replies":[{"embeddable":true,"href":"https:\/\/serveiseducatius.xtec.cat\/santacolomag\/wp-json\/wp\/v2\/comments?post=8402"}],"version-history":[{"count":6,"href":"https:\/\/serveiseducatius.xtec.cat\/santacolomag\/wp-json\/wp\/v2\/pages\/8402\/revisions"}],"predecessor-version":[{"id":22729,"href":"https:\/\/serveiseducatius.xtec.cat\/santacolomag\/wp-json\/wp\/v2\/pages\/8402\/revisions\/22729"}],"wp:attachment":[{"href":"https:\/\/serveiseducatius.xtec.cat\/santacolomag\/wp-json\/wp\/v2\/media?parent=8402"}],"curies":[{"name":"wp","href":"https:\/\/api.w.org\/{rel}","templated":true}]}}