{"id":8397,"date":"2016-09-23T12:39:09","date_gmt":"2016-09-23T10:39:09","guid":{"rendered":"http:\/\/serveiseducatius.xtec.cat\/santacolomag\/?page_id=8397"},"modified":"2019-09-10T10:52:16","modified_gmt":"2019-09-10T08:52:16","slug":"activitats-destacades","status":"publish","type":"page","link":"https:\/\/serveiseducatius.xtec.cat\/santacolomag\/activitats-destacades\/","title":{"rendered":"Novetats PFZ 2019-2020"},"content":{"rendered":"<div class=\"sites-layout-tile sites-tile-name-header\">\n<div dir=\"ltr\">\n<h5><b><span style=\"color: #674ea7;\"><a href=\"http:\/\/serveiseducatius.xtec.cat\/santacolomag\/formacio\/activitats\/\" target=\"_blank\" rel=\"nofollow noopener noreferrer\">Activitats del PFZ de Santa Coloma de Gramenet del curs 2019-2020<\/a><\/span><\/b><\/h5>\n<div>\n<div><b>\u00a0<\/b><\/div>\n<div><b><i>Reviseu <a href=\"https:\/\/docs.google.com\/document\/d\/1pSJWIBGql8dFrshuuPRlwJF6X7djKrJ1jUQ5ZRjITCo\/edit?usp=sharing\">lloc i calendari<\/a> en el moment de fer la inscripci\u00f3, ja que poden haver canvis d&#8217;\u00faltima hora<\/i><\/b><\/div>\n<\/div>\n<div><\/div>\n<\/div>\n<\/div>\n<div dir=\"ltr\">\n<div dir=\"ltr\">\n<ul>\n<li><a href=\"https:\/\/aplicacions.gestioeducativa.gencat.cat\/pls\/soloas\/pk_for_mod_ins.p_for_detall_activitat?p_header=Llista%20d%27activitats^pk_for_mod_ins.p_for_cons_activitats?p_poblacio=08245%26p_any=2019-2020%26p_modalitat=10%26p_totes=s%26p_inici=1%26p_excloure_crp_rec=F&amp;p_codi=2070101207&amp;p_curs=2019-2020&amp;p_excloure_crp_rec=F\" target=\"_blank\" rel=\"nofollow noopener noreferrer\">Suport a la inclusi\u00f3 a secund\u00e0ria<\/a><\/li>\n<li>\n<div><a href=\"https:\/\/aplicacions.gestioeducativa.gencat.cat\/pls\/soloas\/pk_for_mod_ins.p_for_detall_activitat?p_header=Llista%20d%27activitats^pk_for_mod_ins.p_for_cons_activitats?p_poblacio=08245%26p_any=2019-2020%26p_modalitat=10%26p_totes=s%26p_inici=1%26p_excloure_crp_rec=F&amp;p_codi=2070341207&amp;p_curs=2019-2020&amp;p_excloure_crp_rec=F\">L&#8217;Art per capgirar l&#8217;aula<\/a><\/div>\n<\/li>\n<li>\n<div><a href=\"https:\/\/aplicacions.gestioeducativa.gencat.cat\/pls\/soloas\/pk_for_mod_ins.p_for_detall_activitat?p_header=Llista%20d%27activitats^pk_for_mod_ins.p_for_cons_activitats?p_poblacio=08245%26p_any=2019-2020%26p_modalitat=10%26p_totes=s%26p_inici=1%26p_excloure_crp_rec=F&amp;p_codi=2070331207&amp;p_curs=2019-2020&amp;p_excloure_crp_rec=F\">Mindfullness per a docents<\/a><\/div>\n<\/li>\n<li><a href=\"https:\/\/aplicacions.gestioeducativa.gencat.cat\/pls\/soloas\/pk_for_mod_ins.p_for_detall_activitat?p_header=Llista%20d%27activitats^pk_for_mod_ins.p_for_cons_activitats?p_poblacio=08245%26p_any=2019-2020%26p_modalitat=10%26p_totes=s%26p_inici=1%26p_excloure_crp_rec=F&amp;p_codi=2070310500&amp;p_curs=2019-2020&amp;p_excloure_crp_rec=F\">M\u00e9s continguts de matem\u00e0tiques. Saber-ne m\u00e9s per ensenyar-les millor (abans M\u00f2dul 2 de l&#8217;AraMat)<\/a><\/li>\n<li><a href=\"https:\/\/aplicacions.gestioeducativa.gencat.cat\/pls\/soloas\/pk_for_mod_ins.p_for_detall_activitat?p_header=Llista%20d%27activitats^pk_for_mod_ins.p_for_cons_activitats?p_poblacio=08245%26p_any=2019-2020%26p_modalitat=10%26p_totes=s%26p_inici=1%26p_excloure_crp_rec=F&amp;p_codi=2070351207&amp;p_curs=2019-2020&amp;p_excloure_crp_rec=F\">Com crear un laboratori de lectura<\/a><\/li>\n<li><a href=\"https:\/\/aplicacions.gestioeducativa.gencat.cat\/pls\/soloas\/pk_for_mod_ins.p_for_detall_activitat?p_header=Llista%20d%27activitats^pk_for_mod_ins.p_for_cons_activitats?p_poblacio=08245%26p_any=2019-2020%26p_modalitat=10%26p_totes=s%26p_inici=1%26p_excloure_crp_rec=F&amp;p_codi=2070400555&amp;p_curs=2019-2020&amp;p_excloure_crp_rec=F\">L&#8217;escriptura creativa<\/a><\/li>\n<li><a href=\"https:\/\/aplicacions.gestioeducativa.gencat.cat\/pls\/soloas\/pk_for_mod_ins.p_for_detall_activitat?p_header=Llista%20d%27activitats^pk_for_mod_ins.p_for_cons_activitats?p_poblacio=08245%26p_any=2019-2020%26p_modalitat=10%26p_totes=s%26p_inici=1%26p_excloure_crp_rec=F&amp;p_codi=2070761207&amp;p_curs=2019-2020&amp;p_excloure_crp_rec=F\">Les pr\u00e0ctiques restauratives als centres<\/a><\/li>\n<\/ul>\n<\/div>\n<\/div>\n<div dir=\"ltr\"><\/div>\n","protected":false},"excerpt":{"rendered":"<p>Activitats del PFZ de Santa Coloma de Gramenet del curs 2019-2020 \u00a0 Reviseu lloc i calendari en el moment de [&hellip;]<\/p>\n","protected":false},"author":7,"featured_media":0,"parent":0,"menu_order":0,"comment_status":"closed","ping_status":"closed","template":"","meta":{"_bbp_topic_count":0,"_bbp_reply_count":0,"_bbp_total_topic_count":0,"_bbp_total_reply_count":0,"_bbp_voice_count":0,"_bbp_anonymous_reply_count":0,"_bbp_topic_count_hidden":0,"_bbp_reply_count_hidden":0,"_bbp_forum_subforum_count":0,"site-sidebar-layout":"default","site-content-layout":"","ast-site-content-layout":"","site-content-style":"default","site-sidebar-style":"default","ast-global-header-display":"","ast-banner-title-visibility":"","ast-main-header-display":"","ast-hfb-above-header-display":"","ast-hfb-below-header-display":"","ast-hfb-mobile-header-display":"","site-post-title":"","ast-breadcrumbs-content":"","ast-featured-img":"","footer-sml-layout":"","theme-transparent-header-meta":"","adv-header-id-meta":"","stick-header-meta":"","header-above-stick-meta":"","header-main-stick-meta":"","header-below-stick-meta":"","astra-migrate-meta-layouts":"default","ast-page-background-enabled":"default","ast-page-background-meta":{"desktop":{"background-color":"var(--ast-global-color-4)","background-image":"","background-repeat":"repeat","background-position":"center center","background-size":"auto","background-attachment":"scroll","background-type":"","background-media":"","overlay-type":"","overlay-color":"","overlay-opacity":"","overlay-gradient":""},"tablet":{"background-color":"","background-image":"","background-repeat":"repeat","background-position":"center center","background-size":"auto","background-attachment":"scroll","background-type":"","background-media":"","overlay-type":"","overlay-color":"","overlay-opacity":"","overlay-gradient":""},"mobile":{"background-color":"","background-image":"","background-repeat":"repeat","background-position":"center center","background-size":"auto","background-attachment":"scroll","background-type":"","background-media":"","overlay-type":"","overlay-color":"","overlay-opacity":"","overlay-gradient":""}},"ast-content-background-meta":{"desktop":{"background-color":"var(--ast-global-color-5)","background-image":"","background-repeat":"repeat","background-position":"center center","background-size":"auto","background-attachment":"scroll","background-type":"","background-media":"","overlay-type":"","overlay-color":"","overlay-opacity":"","overlay-gradient":""},"tablet":{"background-color":"var(--ast-global-color-5)","background-image":"","background-repeat":"repeat","background-position":"center center","background-size":"auto","background-attachment":"scroll","background-type":"","background-media":"","overlay-type":"","overlay-color":"","overlay-opacity":"","overlay-gradient":""},"mobile":{"background-color":"var(--ast-global-color-5)","background-image":"","background-repeat":"repeat","background-position":"center center","background-size":"auto","background-attachment":"scroll","background-type":"","background-media":"","overlay-type":"","overlay-color":"","overlay-opacity":"","overlay-gradient":""}},"footnotes":""},"class_list":["post-8397","page","type-page","status-publish","hentry"],"post_mailing_queue_ids":[],"_links":{"self":[{"href":"https:\/\/serveiseducatius.xtec.cat\/santacolomag\/wp-json\/wp\/v2\/pages\/8397","targetHints":{"allow":["GET"]}}],"collection":[{"href":"https:\/\/serveiseducatius.xtec.cat\/santacolomag\/wp-json\/wp\/v2\/pages"}],"about":[{"href":"https:\/\/serveiseducatius.xtec.cat\/santacolomag\/wp-json\/wp\/v2\/types\/page"}],"author":[{"embeddable":true,"href":"https:\/\/serveiseducatius.xtec.cat\/santacolomag\/wp-json\/wp\/v2\/users\/7"}],"replies":[{"embeddable":true,"href":"https:\/\/serveiseducatius.xtec.cat\/santacolomag\/wp-json\/wp\/v2\/comments?post=8397"}],"version-history":[{"count":4,"href":"https:\/\/serveiseducatius.xtec.cat\/santacolomag\/wp-json\/wp\/v2\/pages\/8397\/revisions"}],"predecessor-version":[{"id":12273,"href":"https:\/\/serveiseducatius.xtec.cat\/santacolomag\/wp-json\/wp\/v2\/pages\/8397\/revisions\/12273"}],"wp:attachment":[{"href":"https:\/\/serveiseducatius.xtec.cat\/santacolomag\/wp-json\/wp\/v2\/media?parent=8397"}],"curies":[{"name":"wp","href":"https:\/\/api.w.org\/{rel}","templated":true}]}}