{"id":8183,"date":"2016-09-08T08:33:45","date_gmt":"2016-09-08T07:33:45","guid":{"rendered":"http:\/\/serveiseducatius.xtec.cat\/santacolomag\/?page_id=8183"},"modified":"2026-02-02T10:51:21","modified_gmt":"2026-02-02T09:51:21","slug":"maquinari","status":"publish","type":"page","link":"https:\/\/serveiseducatius.xtec.cat\/santacolomag\/maquinari\/","title":{"rendered":"Maquinari en servei de pr\u00e9stec 2025-2026"},"content":{"rendered":"<div>En podeu demanar en servei de pr\u00e9stec el maquinari a partir del 3 d&#8217;octubre demanant-lo amb aquest <a href=\"https:\/\/docs.google.com\/forms\/d\/e\/1FAIpQLSe8nYbQ26eyqWeD_LsJxtYL_7mHeF2n5Tvg4NB1VoDE_vCHmQ\/viewform?usp=dialog\"><strong>formulari<\/strong> <\/a>a partir del 16 de setembre i preferentment abans del 28 de setembre.<\/div>\n<div><\/div>\n<div><\/div>\n<div>\n<ol>\n<li><strong>Altaveus autoamplificables<\/strong> per sonoritzar espais exteriors (dues unitats)<\/li>\n<li><strong>Equip de megafonia port\u00e0til Boost80VHF-BT (400W)\u00a0<\/strong>Reprodueix audio de qualsevol format des d&#8217;usb, bluetooth, targetes i\/o entrada jack o minijack. Incorpora dos micr\u00f2fons un dels quals funciona sense cable (una unitat). Pot funcionar sense connexi\u00f3 a la xarxa el\u00e8ctrica si s&#8217;ha carregat anteriorment.<\/li>\n<li><strong>Altaveu Ibiza &#8211; PORT15UHF-BT (800W)<\/strong> -Reprodueix audio de qualsevol format des d&#8217;usb, bluetooth, targetes i\/o entrada jack o minijack. port\u00e1til 15&#8243;\/800W MAX amb 2 micr\u00f2fons (UHF), Mandcomandament a\u00a0 Distancia i Funda Protectora &#8211; Bluetooth, USB, SD &amp; TWS &#8211; Autonomia de 6 a 8h sense connexi\u00f3 a la xarxa el\u00e8ctrica &#8211; Speaker Box<\/li>\n<li><strong>Ulleres de Realitat virtual\u00a0<\/strong> per a m\u00f2bils de 4 a 6 polzades (una unitat).<\/li>\n<li><strong><a href=\"https:\/\/docs.google.com\/document\/d\/18N2zhByt_vYeommq49j9cQ4Fvnx67CPFHUw_-Y51TsM\/edit?usp=sharing\">M\u00e0quina VEVOR<\/a> per a fer xapes d&#8217;alumini<\/strong> de 32 i 58 mm amb tallador de cercles. Caldr\u00e0 que el centre disposi de les xapes d&#8217;alumini<\/li>\n<\/ol>\n<p>Per a m\u00e9s informaci\u00f3 poseu-vos en contacte amb el CRP<\/p>\n<\/div>\n<div><\/div>\n<div><\/div>\n<div><\/div>\n","protected":false},"excerpt":{"rendered":"<p>En podeu demanar en servei de pr\u00e9stec el maquinari a partir del 3 d&#8217;octubre demanant-lo amb aquest formulari a partir [&hellip;]<\/p>\n","protected":false},"author":4,"featured_media":0,"parent":0,"menu_order":0,"comment_status":"closed","ping_status":"closed","template":"","meta":{"_bbp_topic_count":0,"_bbp_reply_count":0,"_bbp_total_topic_count":0,"_bbp_total_reply_count":0,"_bbp_voice_count":0,"_bbp_anonymous_reply_count":0,"_bbp_topic_count_hidden":0,"_bbp_reply_count_hidden":0,"_bbp_forum_subforum_count":0,"site-sidebar-layout":"default","site-content-layout":"","ast-site-content-layout":"default","site-content-style":"default","site-sidebar-style":"default","ast-global-header-display":"","ast-banner-title-visibility":"","ast-main-header-display":"","ast-hfb-above-header-display":"","ast-hfb-below-header-display":"","ast-hfb-mobile-header-display":"","site-post-title":"","ast-breadcrumbs-content":"","ast-featured-img":"","footer-sml-layout":"","theme-transparent-header-meta":"","adv-header-id-meta":"","stick-header-meta":"","header-above-stick-meta":"","header-main-stick-meta":"","header-below-stick-meta":"","astra-migrate-meta-layouts":"set","ast-page-background-enabled":"default","ast-page-background-meta":{"desktop":{"background-color":"var(--ast-global-color-4)","background-image":"","background-repeat":"repeat","background-position":"center center","background-size":"auto","background-attachment":"scroll","background-type":"","background-media":"","overlay-type":"","overlay-color":"","overlay-opacity":"","overlay-gradient":""},"tablet":{"background-color":"","background-image":"","background-repeat":"repeat","background-position":"center center","background-size":"auto","background-attachment":"scroll","background-type":"","background-media":"","overlay-type":"","overlay-color":"","overlay-opacity":"","overlay-gradient":""},"mobile":{"background-color":"","background-image":"","background-repeat":"repeat","background-position":"center center","background-size":"auto","background-attachment":"scroll","background-type":"","background-media":"","overlay-type":"","overlay-color":"","overlay-opacity":"","overlay-gradient":""}},"ast-content-background-meta":{"desktop":{"background-color":"var(--ast-global-color-5)","background-image":"","background-repeat":"repeat","background-position":"center center","background-size":"auto","background-attachment":"scroll","background-type":"","background-media":"","overlay-type":"","overlay-color":"","overlay-opacity":"","overlay-gradient":""},"tablet":{"background-color":"var(--ast-global-color-5)","background-image":"","background-repeat":"repeat","background-position":"center center","background-size":"auto","background-attachment":"scroll","background-type":"","background-media":"","overlay-type":"","overlay-color":"","overlay-opacity":"","overlay-gradient":""},"mobile":{"background-color":"var(--ast-global-color-5)","background-image":"","background-repeat":"repeat","background-position":"center center","background-size":"auto","background-attachment":"scroll","background-type":"","background-media":"","overlay-type":"","overlay-color":"","overlay-opacity":"","overlay-gradient":""}},"footnotes":""},"class_list":["post-8183","page","type-page","status-publish","hentry"],"post_mailing_queue_ids":[],"_links":{"self":[{"href":"https:\/\/serveiseducatius.xtec.cat\/santacolomag\/wp-json\/wp\/v2\/pages\/8183","targetHints":{"allow":["GET"]}}],"collection":[{"href":"https:\/\/serveiseducatius.xtec.cat\/santacolomag\/wp-json\/wp\/v2\/pages"}],"about":[{"href":"https:\/\/serveiseducatius.xtec.cat\/santacolomag\/wp-json\/wp\/v2\/types\/page"}],"author":[{"embeddable":true,"href":"https:\/\/serveiseducatius.xtec.cat\/santacolomag\/wp-json\/wp\/v2\/users\/4"}],"replies":[{"embeddable":true,"href":"https:\/\/serveiseducatius.xtec.cat\/santacolomag\/wp-json\/wp\/v2\/comments?post=8183"}],"version-history":[{"count":5,"href":"https:\/\/serveiseducatius.xtec.cat\/santacolomag\/wp-json\/wp\/v2\/pages\/8183\/revisions"}],"predecessor-version":[{"id":23475,"href":"https:\/\/serveiseducatius.xtec.cat\/santacolomag\/wp-json\/wp\/v2\/pages\/8183\/revisions\/23475"}],"wp:attachment":[{"href":"https:\/\/serveiseducatius.xtec.cat\/santacolomag\/wp-json\/wp\/v2\/media?parent=8183"}],"curies":[{"name":"wp","href":"https:\/\/api.w.org\/{rel}","templated":true}]}}