{"id":24030,"date":"2026-05-07T10:03:55","date_gmt":"2026-05-07T08:03:55","guid":{"rendered":"https:\/\/serveiseducatius.xtec.cat\/santacolomag\/?page_id=24030"},"modified":"2026-05-07T10:05:09","modified_gmt":"2026-05-07T08:05:09","slug":"full-informatiu-abril-2026-2","status":"publish","type":"page","link":"https:\/\/serveiseducatius.xtec.cat\/santacolomag\/full-informatiu-abril-2026-2\/","title":{"rendered":"Full informatiu. Maig 2026"},"content":{"rendered":"\n<div class=\"wp-block-columns is-layout-flex wp-container-core-columns-is-layout-1 wp-block-columns-is-layout-flex\">\n<div class=\"wp-block-column has-border-color has-black-border-color has-very-light-gray-to-cyan-bluish-gray-gradient-background has-background is-layout-flow wp-block-column-is-layout-flow\">\n<h4 class=\"wp-block-heading has-text-align-center\"><a href=\"https:\/\/serveiseducatius.xtec.cat\/santacolomag\/portada\/nova-convocatoria-del-programa-centres-en-dansa-per-la-inclusio-per-al-curs-26-27\/\">Nova convocat\u00f2ria del programa Centres en Dansa per la inclusi\u00f3 per al curs 26-27<\/a><a href=\"https:\/\/serveiseducatius.xtec.cat\/santacolomag\/portada\/xiii-jocs-florals-escolars-de-catalunya-2\/\"><br><\/a><\/h4>\n\n\n\n<figure class=\"wp-block-image aligncenter size-full is-resized\"><a href=\"https:\/\/serveiseducatius.xtec.cat\/santacolomag\/portada\/nova-convocatoria-del-programa-centres-en-dansa-per-la-inclusio-per-al-curs-26-27\/\"><img loading=\"lazy\" decoding=\"async\" width=\"140\" height=\"158\" src=\"https:\/\/serveiseducatius.xtec.cat\/santacolomag\/wp-content\/uploads\/usu1183\/2024\/02\/Centres-en-dansa-per-la-inclusio-FAQs-e1778051205936.jpg\" alt=\"\" class=\"wp-image-20210\" style=\"width:235px;height:auto\"\/><\/a><\/figure>\n\n\n\n<p class=\"has-text-align-center\">S\u2019obre una nova convocat\u00f2ria del programa&nbsp;<strong>Centres en Dansa per la inclusi\u00f3<\/strong>&nbsp;per al curs 26-27, una iniciativa que impulsa processos de transformaci\u00f3 als centres educatius per avan\u00e7ar cap a una cultura m\u00e9s inclusiva, participativa i cohesionada.<\/p>\n\n\n\n<div class=\"wp-block-buttons is-content-justification-center is-layout-flex wp-container-core-buttons-is-layout-1 wp-block-buttons-is-layout-flex\"><\/div>\n<\/div>\n\n\n\n<div class=\"wp-block-column has-border-color has-black-border-color is-layout-flow wp-block-column-is-layout-flow\">\n<h4 class=\"wp-block-heading has-text-align-center\"><a href=\"https:\/\/serveiseducatius.xtec.cat\/santacolomag\/portada\/convocatoria-cinema-en-curs-2026-2027-cinema-art-i-creacio-a-laula\/\">Convocat\u00f2ria Cinema en curs 2026-2027: Cinema, art i creaci\u00f3 a l\u2019aula<br><\/a><\/h4>\n\n\n\n<figure class=\"wp-block-image aligncenter size-full is-resized\"><a href=\"https:\/\/serveiseducatius.xtec.cat\/santacolomag\/portada\/convocatoria-cinema-en-curs-2026-2027-cinema-art-i-creacio-a-laula\/\"><img loading=\"lazy\" decoding=\"async\" width=\"615\" height=\"396\" src=\"https:\/\/serveiseducatius.xtec.cat\/santacolomag\/wp-content\/uploads\/usu1183\/2026\/05\/cinema-movie.jpg\" alt=\"\" class=\"wp-image-24023\" style=\"width:365px;height:auto\" srcset=\"https:\/\/serveiseducatius.xtec.cat\/santacolomag\/wp-content\/uploads\/usu1183\/2026\/05\/cinema-movie.jpg 615w, https:\/\/serveiseducatius.xtec.cat\/santacolomag\/wp-content\/uploads\/usu1183\/2026\/05\/cinema-movie-300x193.jpg 300w\" sizes=\"auto, (max-width: 615px) 100vw, 615px\" \/><\/a><\/figure>\n\n\n\n<p class=\"has-text-align-center\">S\u2019ha obert la convocat\u00f2ria per participar a la&nbsp;<strong>22a edici\u00f3 de Cinema en curs<\/strong>, un programa de l\u2019associaci\u00f3&nbsp;<strong>A Bao A Qu<\/strong>&nbsp;que apropa el cinema a les escoles i instituts com un proc\u00e9s de creaci\u00f3 art\u00edstica i cultural<\/p>\n\n\n\n<div class=\"wp-block-buttons is-content-justification-center is-layout-flex wp-container-core-buttons-is-layout-2 wp-block-buttons-is-layout-flex\"><\/div>\n<\/div>\n\n\n\n<div class=\"wp-block-column has-border-color has-black-border-color has-cyan-bluish-gray-background-color has-background is-layout-flow wp-block-column-is-layout-flow\">\n<h4 class=\"wp-block-heading has-text-align-center\"><a href=\"https:\/\/serveiseducatius.xtec.cat\/santacolomag\/portada\/xix-jornada-pedagogica-comic-barcelona\/\">XIX Jornada pedag\u00f2gica Comic Barcelona<br><\/a><\/h4>\n\n\n\n<figure class=\"wp-block-image aligncenter size-full is-resized\"><a href=\"https:\/\/serveiseducatius.xtec.cat\/santacolomag\/portada\/xix-jornada-pedagogica-comic-barcelona\/\"><img loading=\"lazy\" decoding=\"async\" width=\"800\" height=\"1077\" src=\"https:\/\/serveiseducatius.xtec.cat\/santacolomag\/wp-content\/uploads\/usu1183\/2026\/05\/unnamed.png\" alt=\"\" class=\"wp-image-24028\" style=\"width:208px;height:auto\" srcset=\"https:\/\/serveiseducatius.xtec.cat\/santacolomag\/wp-content\/uploads\/usu1183\/2026\/05\/unnamed.png 800w, https:\/\/serveiseducatius.xtec.cat\/santacolomag\/wp-content\/uploads\/usu1183\/2026\/05\/unnamed-223x300.png 223w, https:\/\/serveiseducatius.xtec.cat\/santacolomag\/wp-content\/uploads\/usu1183\/2026\/05\/unnamed-761x1024.png 761w, https:\/\/serveiseducatius.xtec.cat\/santacolomag\/wp-content\/uploads\/usu1183\/2026\/05\/unnamed-768x1034.png 768w\" sizes=\"auto, (max-width: 800px) 100vw, 800px\" \/><\/a><\/figure>\n\n\n\n<p class=\"has-text-align-center\">omic Barcelona, la gran trobada per als amants del c\u00f2mic, celebra la seva 44a edici\u00f3 del 15 al 17 de maig de 2026, a Fira Barcelona Montju\u00efc<\/p>\n<\/div>\n<\/div>\n\n\n\n<div class=\"wp-block-columns is-layout-flex wp-container-core-columns-is-layout-2 wp-block-columns-is-layout-flex\">\n<div class=\"wp-block-column has-border-color has-black-border-color has-white-background-color has-background is-layout-flow wp-block-column-is-layout-flow\">\n<h4 class=\"wp-block-heading has-text-align-center\"><a href=\"https:\/\/serveiseducatius.xtec.cat\/santacolomag\/general\/dossiers-tematics-del-grup-iref\/\">Dossiers tem\u00e0tics del Grup IREF<br><\/a><a href=\"https:\/\/serveiseducatius.xtec.cat\/santacolomag\/general\/biysc-barcelona-international-youth-science-challenge\/\"><br><\/a><\/h4>\n\n\n\n<figure class=\"wp-block-image aligncenter size-full is-resized\"><a href=\"https:\/\/serveiseducatius.xtec.cat\/santacolomag\/general\/dossiers-tematics-del-grup-iref\/\"><img loading=\"lazy\" decoding=\"async\" width=\"100\" height=\"100\" src=\"https:\/\/serveiseducatius.xtec.cat\/santacolomag\/wp-content\/uploads\/usu1183\/2026\/04\/2023-200-GrupIREF-230-qetgasuf2n3fof5aki53bh5o35dpj8n9dq1u8b9g4o.png\" alt=\"\" class=\"wp-image-24013\" style=\"width:198px;height:auto\"\/><\/a><\/figure>\n\n\n\n<p class=\"has-text-align-center\">A la<strong>&nbsp;<a href=\"https:\/\/www.grupiref.org\/dossiers-tematics\/\">p\u00e0gina del Grup IREF<\/a><\/strong>&nbsp;trobareu dossiers tem\u00e0tics (de desc\u00e0rrega gratu\u00efta) de treball sobre diversos temes, que podeu fer servir en diferents assignatures o en projectes de treball o per als dies especials de commemoraci\u00f3 o per a situacions excepcionals, etc., tots ells pensats des de la proposta de Filosofia 3\/18.<\/p>\n<\/div>\n\n\n\n<div class=\"wp-block-column has-border-color has-black-border-color has-cyan-bluish-gray-background-color has-background is-layout-flow wp-block-column-is-layout-flow\">\n<h4 class=\"wp-block-heading has-text-align-center\"><a href=\"https:\/\/serveiseducatius.xtec.cat\/santacolomag\/general\/vii-jornada-descacs-a-lescola-a-santa-coloma-de-gramenet\/\">VII Jornada d\u2019escacs a l\u2019escola a Santa Coloma de Gramenet<\/a><a href=\"https:\/\/serveiseducatius.xtec.cat\/santacolomag\/portada\/plataforma-dalfabetitzacio-mediatica-i-informacional-ami\/\"><br><\/a><\/h4>\n\n\n\n<figure class=\"wp-block-image aligncenter size-full is-resized\"><a href=\"https:\/\/serveiseducatius.xtec.cat\/santacolomag\/general\/vii-jornada-descacs-a-lescola-a-santa-coloma-de-gramenet\/\"><img loading=\"lazy\" decoding=\"async\" width=\"2560\" height=\"1183\" src=\"https:\/\/serveiseducatius.xtec.cat\/santacolomag\/wp-content\/uploads\/usu1183\/2026\/04\/20260424_091941-scaled.jpg\" alt=\"\" class=\"wp-image-24001\" style=\"width:435px;height:auto\" srcset=\"https:\/\/serveiseducatius.xtec.cat\/santacolomag\/wp-content\/uploads\/usu1183\/2026\/04\/20260424_091941-scaled.jpg 2560w, https:\/\/serveiseducatius.xtec.cat\/santacolomag\/wp-content\/uploads\/usu1183\/2026\/04\/20260424_091941-300x139.jpg 300w, https:\/\/serveiseducatius.xtec.cat\/santacolomag\/wp-content\/uploads\/usu1183\/2026\/04\/20260424_091941-1024x473.jpg 1024w, https:\/\/serveiseducatius.xtec.cat\/santacolomag\/wp-content\/uploads\/usu1183\/2026\/04\/20260424_091941-768x355.jpg 768w, https:\/\/serveiseducatius.xtec.cat\/santacolomag\/wp-content\/uploads\/usu1183\/2026\/04\/20260424_091941-1536x710.jpg 1536w, https:\/\/serveiseducatius.xtec.cat\/santacolomag\/wp-content\/uploads\/usu1183\/2026\/04\/20260424_091941-2048x946.jpg 2048w\" sizes=\"auto, (max-width: 2560px) 100vw, 2560px\" \/><\/a><\/figure>\n\n\n\n<p class=\"has-text-align-center\">El divendres 24 d\u2019abril de 2026 a Santa Coloma de Gramenet, es va celebrar la VII Jornada d\u2019Escacs a l\u2019Escola al Complex esportiu Prat de la Riba.<\/p>\n<\/div>\n\n\n\n<div class=\"wp-block-column has-border-color has-black-border-color has-white-background-color has-background is-layout-flow wp-block-column-is-layout-flow\">\n<h4 class=\"wp-block-heading has-text-align-center\"><a href=\"https:\/\/serveiseducatius.xtec.cat\/santacolomag\/general\/convocatoria-erasmus-2026\/\"><br><\/a><a href=\"https:\/\/serveiseducatius.xtec.cat\/santacolomag\/general\/3a-mostra-de-videos-de-quimica-del-numancia-a-la-complutense\/\">3a Mostra de v\u00eddeos de Qu\u00edmica : Del Num\u00e0ncia a la Complutense<br><\/a><\/h4>\n\n\n\n<figure class=\"wp-block-image aligncenter size-full is-resized\"><a href=\"https:\/\/serveiseducatius.xtec.cat\/santacolomag\/general\/3a-mostra-de-videos-de-quimica-del-numancia-a-la-complutense\/\"><img loading=\"lazy\" decoding=\"async\" width=\"768\" height=\"400\" src=\"https:\/\/serveiseducatius.xtec.cat\/santacolomag\/wp-content\/uploads\/usu1183\/2026\/04\/Captura-de-pantalla-2026-04-17-a-les-13.32.36-768x400-1.png\" alt=\"\" class=\"wp-image-23983\" style=\"width:328px;height:auto\" srcset=\"https:\/\/serveiseducatius.xtec.cat\/santacolomag\/wp-content\/uploads\/usu1183\/2026\/04\/Captura-de-pantalla-2026-04-17-a-les-13.32.36-768x400-1.png 768w, https:\/\/serveiseducatius.xtec.cat\/santacolomag\/wp-content\/uploads\/usu1183\/2026\/04\/Captura-de-pantalla-2026-04-17-a-les-13.32.36-768x400-1-300x156.png 300w\" sizes=\"auto, (max-width: 768px) 100vw, 768px\" \/><\/a><\/figure>\n\n\n\n<p class=\"has-text-align-center\">El passat divendres&nbsp;<strong>10 d\u2019abril<\/strong>, l\u2019aula polivalent de l\u2019<strong>Institut Num\u00e0ncia<\/strong>&nbsp;es va transformar per&nbsp;<strong>tercer any consecutiu<\/strong>&nbsp;en l\u2019escenari de la mostra de v\u00eddeos de Qu\u00edmica.&nbsp;<\/p>\n\n\n\n<p class=\"has-text-align-center\"><a href=\"https:\/\/serveiseducatius.xtec.cat\/#facebook\" rel=\"noreferrer noopener\" target=\"_blank\"><\/a><\/p>\n\n\n\n<p><\/p>\n<\/div>\n<\/div>\n","protected":false},"excerpt":{"rendered":"<p>Nova convocat\u00f2ria del programa Centres en Dansa per la inclusi\u00f3 per al curs 26-27 S\u2019obre una nova convocat\u00f2ria del programa&nbsp;Centres [&hellip;]<\/p>\n","protected":false},"author":4,"featured_media":0,"parent":0,"menu_order":0,"comment_status":"closed","ping_status":"close","template":"","meta":{"_bbp_topic_count":0,"_bbp_reply_count":0,"_bbp_total_topic_count":0,"_bbp_total_reply_count":0,"_bbp_voice_count":0,"_bbp_anonymous_reply_count":0,"_bbp_topic_count_hidden":0,"_bbp_reply_count_hidden":0,"_bbp_forum_subforum_count":0,"site-sidebar-layout":"default","site-content-layout":"","ast-site-content-layout":"default","site-content-style":"default","site-sidebar-style":"default","ast-global-header-display":"","ast-banner-title-visibility":"","ast-main-header-display":"","ast-hfb-above-header-display":"","ast-hfb-below-header-display":"","ast-hfb-mobile-header-display":"","site-post-title":"","ast-breadcrumbs-content":"","ast-featured-img":"","footer-sml-layout":"","theme-transparent-header-meta":"","adv-header-id-meta":"","stick-header-meta":"","header-above-stick-meta":"","header-main-stick-meta":"","header-below-stick-meta":"","astra-migrate-meta-layouts":"set","ast-page-background-enabled":"default","ast-page-background-meta":{"desktop":{"background-color":"var(--ast-global-color-4)","background-image":"","background-repeat":"repeat","background-position":"center center","background-size":"auto","background-attachment":"scroll","background-type":"","background-media":"","overlay-type":"","overlay-color":"","overlay-opacity":"","overlay-gradient":""},"tablet":{"background-color":"","background-image":"","background-repeat":"repeat","background-position":"center center","background-size":"auto","background-attachment":"scroll","background-type":"","background-media":"","overlay-type":"","overlay-color":"","overlay-opacity":"","overlay-gradient":""},"mobile":{"background-color":"","background-image":"","background-repeat":"repeat","background-position":"center center","background-size":"auto","background-attachment":"scroll","background-type":"","background-media":"","overlay-type":"","overlay-color":"","overlay-opacity":"","overlay-gradient":""}},"ast-content-background-meta":{"desktop":{"background-color":"var(--ast-global-color-5)","background-image":"","background-repeat":"repeat","background-position":"center center","background-size":"auto","background-attachment":"scroll","background-type":"","background-media":"","overlay-type":"","overlay-color":"","overlay-opacity":"","overlay-gradient":""},"tablet":{"background-color":"var(--ast-global-color-5)","background-image":"","background-repeat":"repeat","background-position":"center center","background-size":"auto","background-attachment":"scroll","background-type":"","background-media":"","overlay-type":"","overlay-color":"","overlay-opacity":"","overlay-gradient":""},"mobile":{"background-color":"var(--ast-global-color-5)","background-image":"","background-repeat":"repeat","background-position":"center center","background-size":"auto","background-attachment":"scroll","background-type":"","background-media":"","overlay-type":"","overlay-color":"","overlay-opacity":"","overlay-gradient":""}},"footnotes":""},"class_list":["post-24030","page","type-page","status-publish","hentry"],"post_mailing_queue_ids":[],"_links":{"self":[{"href":"https:\/\/serveiseducatius.xtec.cat\/santacolomag\/wp-json\/wp\/v2\/pages\/24030","targetHints":{"allow":["GET"]}}],"collection":[{"href":"https:\/\/serveiseducatius.xtec.cat\/santacolomag\/wp-json\/wp\/v2\/pages"}],"about":[{"href":"https:\/\/serveiseducatius.xtec.cat\/santacolomag\/wp-json\/wp\/v2\/types\/page"}],"author":[{"embeddable":true,"href":"https:\/\/serveiseducatius.xtec.cat\/santacolomag\/wp-json\/wp\/v2\/users\/4"}],"replies":[{"embeddable":true,"href":"https:\/\/serveiseducatius.xtec.cat\/santacolomag\/wp-json\/wp\/v2\/comments?post=24030"}],"version-history":[{"count":3,"href":"https:\/\/serveiseducatius.xtec.cat\/santacolomag\/wp-json\/wp\/v2\/pages\/24030\/revisions"}],"predecessor-version":[{"id":24033,"href":"https:\/\/serveiseducatius.xtec.cat\/santacolomag\/wp-json\/wp\/v2\/pages\/24030\/revisions\/24033"}],"wp:attachment":[{"href":"https:\/\/serveiseducatius.xtec.cat\/santacolomag\/wp-json\/wp\/v2\/media?parent=24030"}],"curies":[{"name":"wp","href":"https:\/\/api.w.org\/{rel}","templated":true}]}}