{"id":23208,"date":"2025-12-01T16:47:59","date_gmt":"2025-12-01T15:47:59","guid":{"rendered":"https:\/\/serveiseducatius.xtec.cat\/santacolomag\/?page_id=23208"},"modified":"2025-12-03T08:40:21","modified_gmt":"2025-12-03T07:40:21","slug":"full-informatiu-desembre-2025","status":"publish","type":"page","link":"https:\/\/serveiseducatius.xtec.cat\/santacolomag\/full-informatiu-desembre-2025\/","title":{"rendered":"Full Informatiu. Desembre 2025"},"content":{"rendered":"\n<div class=\"wp-block-columns is-layout-flex wp-container-core-columns-is-layout-1 wp-block-columns-is-layout-flex\">\n<div class=\"wp-block-column has-border-color has-black-border-color has-very-light-gray-to-cyan-bluish-gray-gradient-background has-background is-layout-flow wp-block-column-is-layout-flow\">\n<h4 class=\"wp-block-heading has-text-align-center\"><a href=\"https:\/\/serveiseducatius.xtec.cat\/santacolomag\/general\/un-punt-de-partida-per-entendre-i-aplicar-la-intelligencia-artificial-a-laula\/\">Un punt de partida per entendre i aplicar la Intel\u00b7lig\u00e8ncia Artificial a l\u2019aula<br><br><\/a><\/h4>\n\n\n\n<figure class=\"wp-block-image aligncenter size-full is-resized\"><a href=\"https:\/\/serveiseducatius.xtec.cat\/santacolomag\/general\/un-punt-de-partida-per-entendre-i-aplicar-la-intelligencia-artificial-a-laula\/\"><img loading=\"lazy\" decoding=\"async\" width=\"1024\" height=\"1024\" src=\"https:\/\/serveiseducatius.xtec.cat\/santacolomag\/wp-content\/uploads\/usu1183\/2025\/10\/ChatGPT-Image-10-doct.-del-2025-12_15_33.png\" alt=\"\" class=\"wp-image-22843\" style=\"width:177px;height:auto\" srcset=\"https:\/\/serveiseducatius.xtec.cat\/santacolomag\/wp-content\/uploads\/usu1183\/2025\/10\/ChatGPT-Image-10-doct.-del-2025-12_15_33.png 1024w, https:\/\/serveiseducatius.xtec.cat\/santacolomag\/wp-content\/uploads\/usu1183\/2025\/10\/ChatGPT-Image-10-doct.-del-2025-12_15_33-300x300.png 300w, https:\/\/serveiseducatius.xtec.cat\/santacolomag\/wp-content\/uploads\/usu1183\/2025\/10\/ChatGPT-Image-10-doct.-del-2025-12_15_33-150x150.png 150w, https:\/\/serveiseducatius.xtec.cat\/santacolomag\/wp-content\/uploads\/usu1183\/2025\/10\/ChatGPT-Image-10-doct.-del-2025-12_15_33-768x768.png 768w\" sizes=\"auto, (max-width: 1024px) 100vw, 1024px\" \/><\/a><\/figure>\n\n\n\n<p class=\"has-text-align-center\"><a href=\"https:\/\/serveiseducatius.xtec.cat\/santacolomag\/intelligencia-artificial-i-practica-docent\/\"><strong>Acc\u00e9s a l\u2019espai<\/strong><\/a><\/p>\n\n\n\n<p>Aquest espai, creat en un 90% amb el suport de la IA, t\u00e9 com a objectiu mostrar com funcionen les diferents aplicacions d\u2019IA que van apareixent i com es poden integrar de manera senzilla en la din\u00e0mica educativa, des de generadors de contingut fins a eines d\u2019avaluaci\u00f3, recursos visuals, assistents de llenguatge, plataformes de simulaci\u00f3 o aplicacions creatives, hi trobareu exemples d\u2019\u00fas realment aplicables al context docent.<\/p>\n\n\n\n<div class=\"wp-block-buttons is-content-justification-center is-layout-flex wp-container-core-buttons-is-layout-1 wp-block-buttons-is-layout-flex\"><\/div>\n<\/div>\n\n\n\n<div class=\"wp-block-column has-border-color has-black-border-color is-layout-flow wp-block-column-is-layout-flow\">\n<h4 class=\"wp-block-heading has-text-align-center\"><a href=\"https:\/\/serveiseducatius.xtec.cat\/santacolomag\/general\/8a-edicio-de-cientifiques\/\">8\u00aa edici\u00f3 de #CIENT\u00cdFIQUES<br><\/a><\/h4>\n\n\n\n<figure class=\"wp-block-image aligncenter size-full is-resized\"><a href=\"https:\/\/serveiseducatius.xtec.cat\/santacolomag\/general\/8a-edicio-de-cientifiques\/\"><img loading=\"lazy\" decoding=\"async\" width=\"723\" height=\"1024\" src=\"https:\/\/serveiseducatius.xtec.cat\/santacolomag\/wp-content\/uploads\/usu1183\/2025\/11\/poster_baixa_jpg.jpg\" alt=\"\" class=\"wp-image-23182\" style=\"width:189px;height:auto\" srcset=\"https:\/\/serveiseducatius.xtec.cat\/santacolomag\/wp-content\/uploads\/usu1183\/2025\/11\/poster_baixa_jpg.jpg 723w, https:\/\/serveiseducatius.xtec.cat\/santacolomag\/wp-content\/uploads\/usu1183\/2025\/11\/poster_baixa_jpg-212x300.jpg 212w\" sizes=\"auto, (max-width: 723px) 100vw, 723px\" \/><\/a><\/figure>\n\n\n\n<p>En el marc del 11 de febrer de 2025, Dia de la Dona i la Nena en la Ci\u00e8ncia, el Departament d\u2019Educaci\u00f3 ha organitzat conjuntament amb la La Fundaci\u00f3 Catalana per a la Recerca i la Innovaci\u00f3 (FCRI) i el Barcelona Institute of Science and Technology (BIST) &nbsp;la &nbsp;8a edici\u00f3 de #cient\u00edfiques.<\/p>\n<\/div>\n\n\n\n<div class=\"wp-block-column has-border-color has-black-border-color has-cyan-bluish-gray-background-color has-background is-layout-flow wp-block-column-is-layout-flow\">\n<h4 class=\"wp-block-heading has-text-align-center\"><a href=\"https:\/\/serveiseducatius.xtec.cat\/santacolomag\/general\/convocatoria-erasmus-2026\/\">Convocat\u00f2ria Erasmus+ 2026!<br><\/a><\/h4>\n\n\n\n<figure class=\"wp-block-image aligncenter size-full is-resized\"><a href=\"https:\/\/serveiseducatius.xtec.cat\/santacolomag\/general\/convocatoria-erasmus-2026\/\"><img loading=\"lazy\" decoding=\"async\" width=\"512\" height=\"466\" src=\"https:\/\/serveiseducatius.xtec.cat\/santacolomag\/wp-content\/uploads\/usu1183\/2025\/11\/erasmus-.jpg\" alt=\"\" class=\"wp-image-23127\" style=\"width:282px;height:auto\" srcset=\"https:\/\/serveiseducatius.xtec.cat\/santacolomag\/wp-content\/uploads\/usu1183\/2025\/11\/erasmus-.jpg 512w, https:\/\/serveiseducatius.xtec.cat\/santacolomag\/wp-content\/uploads\/usu1183\/2025\/11\/erasmus--300x273.jpg 300w\" sizes=\"auto, (max-width: 512px) 100vw, 512px\" \/><\/a><\/figure>\n\n\n\n<p>S\u2019ha publicat la&nbsp;<strong>convocat\u00f2ria de propostes Erasmus+ 2026.&nbsp;<\/strong>Amb un pressupost d\u2019aproximadament 5.200 milions d\u2019euros, Erasmus+ segueix donant suport a projectes de mobilitat i cooperaci\u00f3 transfronterera que ajuden a les persones a desenvolupar compet\u00e8ncies necess\u00e0ries per al futur, des de compet\u00e8ncies b\u00e0siques i digitals fins a habilitats ecol\u00f2giques, c\u00edviques i socials.<\/p>\n<\/div>\n<\/div>\n\n\n\n<div class=\"wp-block-columns is-layout-flex wp-container-core-columns-is-layout-2 wp-block-columns-is-layout-flex\">\n<div class=\"wp-block-column has-border-color has-black-border-color is-layout-flow wp-block-column-is-layout-flow\">\n<h4 class=\"wp-block-heading has-text-align-center\"><a href=\"https:\/\/serveiseducatius.xtec.cat\/santacolomag\/general\/premis-baldiri-25-26\/\">Premis Baldiri 25-26<br><br><\/a><\/h4>\n\n\n\n<figure class=\"wp-block-image aligncenter size-full is-resized\"><a href=\"https:\/\/serveiseducatius.xtec.cat\/santacolomag\/general\/premis-baldiri-25-26\/\"><img loading=\"lazy\" decoding=\"async\" width=\"968\" height=\"1200\" src=\"https:\/\/serveiseducatius.xtec.cat\/santacolomag\/wp-content\/uploads\/usu1183\/2025\/11\/premis-baldiri.jpg\" alt=\"\" class=\"wp-image-22933\" style=\"width:199px;height:auto\" srcset=\"https:\/\/serveiseducatius.xtec.cat\/santacolomag\/wp-content\/uploads\/usu1183\/2025\/11\/premis-baldiri.jpg 968w, https:\/\/serveiseducatius.xtec.cat\/santacolomag\/wp-content\/uploads\/usu1183\/2025\/11\/premis-baldiri-242x300.jpg 242w, https:\/\/serveiseducatius.xtec.cat\/santacolomag\/wp-content\/uploads\/usu1183\/2025\/11\/premis-baldiri-826x1024.jpg 826w, https:\/\/serveiseducatius.xtec.cat\/santacolomag\/wp-content\/uploads\/usu1183\/2025\/11\/premis-baldiri-768x952.jpg 768w\" sizes=\"auto, (max-width: 968px) 100vw, 968px\" \/><\/a><\/figure>\n\n\n\n<p>Per a escoles i mestres compromesos, valents i creatius.<\/p>\n\n\n\n<p>44.000 \u20ac en premis per a projectes que fan de les&nbsp;<strong>arts, la llengua i l\u2019educaci\u00f3<\/strong>&nbsp;una eina de transformaci\u00f3.<\/p>\n\n\n\n<div class=\"wp-block-buttons is-content-justification-center is-layout-flex wp-container-core-buttons-is-layout-2 wp-block-buttons-is-layout-flex\"><\/div>\n<\/div>\n\n\n\n<div class=\"wp-block-column has-border-color has-black-border-color has-cyan-bluish-gray-background-color has-background is-layout-flow wp-block-column-is-layout-flow\">\n<h4 class=\"wp-block-heading has-text-align-center\"><a href=\"https:\/\/serveiseducatius.xtec.cat\/santacolomag\/general\/nou-espai-web-recursos-i-materials-per-a-laula-dacollida\/\">Nou espai web: Recursos i materials per a l\u2019Aula d\u2019Acollida<br><\/a><\/h4>\n\n\n\n<figure class=\"wp-block-image aligncenter size-full is-resized\"><a href=\"https:\/\/serveiseducatius.xtec.cat\/santacolomag\/general\/nou-espai-web-recursos-i-materials-per-a-laula-dacollida\/\"><img loading=\"lazy\" decoding=\"async\" width=\"900\" height=\"900\" src=\"https:\/\/serveiseducatius.xtec.cat\/santacolomag\/wp-content\/uploads\/usu1183\/2025\/11\/web-AA.jpg\" alt=\"\" class=\"wp-image-23082\" style=\"width:229px;height:auto\" srcset=\"https:\/\/serveiseducatius.xtec.cat\/santacolomag\/wp-content\/uploads\/usu1183\/2025\/11\/web-AA.jpg 900w, https:\/\/serveiseducatius.xtec.cat\/santacolomag\/wp-content\/uploads\/usu1183\/2025\/11\/web-AA-300x300.jpg 300w, https:\/\/serveiseducatius.xtec.cat\/santacolomag\/wp-content\/uploads\/usu1183\/2025\/11\/web-AA-150x150.jpg 150w, https:\/\/serveiseducatius.xtec.cat\/santacolomag\/wp-content\/uploads\/usu1183\/2025\/11\/web-AA-768x768.jpg 768w\" sizes=\"auto, (max-width: 900px) 100vw, 900px\" \/><\/a><\/figure>\n\n\n\n<p>Ja est\u00e0 disponible la nova p\u00e0gina&nbsp;<a href=\"https:\/\/projectes.xtec.cat\/aula-acollida\/\" target=\"_blank\" rel=\"noreferrer noopener\"><strong><em>Recursos i materials per a l\u2019Aula d\u2019Acollida<\/em><\/strong><\/a>,&nbsp;elaborada&nbsp;per l\u2019equip&nbsp;t\u00e8cnic docent del Servei de Suports i Recursos Ling\u00fc\u00edstics, un&nbsp;espai&nbsp;pensat per donar suport als docents que treballen amb alumnat nouvingut i per facilitar la tasca educativa als centres que disposen d\u2019aula d\u2019acollida. Aquest&nbsp;nou espai&nbsp;t\u00e9 la voluntat d\u2019oferir materials did\u00e0ctics, orientacions i documents \u00fatils per planificar, elaborar i avaluar les activitats d\u2019aprenentatge a les aules d\u2019acollida.<\/p>\n<\/div>\n\n\n\n<div class=\"wp-block-column has-border-color has-black-border-color is-layout-flow wp-block-column-is-layout-flow\">\n<h4 class=\"wp-block-heading has-text-align-center\"><a href=\"https:\/\/serveiseducatius.xtec.cat\/santacolomag\/general\/convocatoria-erasmus-2026\/\">Novetats pel que fa a les proves de final d\u2019etapa (6\u00e8 Prim\u00e0ria i 4t ESO)<\/a><a href=\"https:\/\/serveiseducatius.xtec.cat\/santacolomag\/general\/novetats-pel-que-fa-a-les-proves-de-final-detapa-6e-primaria-i-4t-eso\/\"><br><\/a><\/h4>\n\n\n\n<figure class=\"wp-block-image aligncenter size-full is-resized\"><a href=\"https:\/\/serveiseducatius.xtec.cat\/santacolomag\/general\/novetats-pel-que-fa-a-les-proves-de-final-detapa-6e-primaria-i-4t-eso\/\"><img loading=\"lazy\" decoding=\"async\" width=\"720\" height=\"520\" src=\"https:\/\/serveiseducatius.xtec.cat\/santacolomag\/wp-content\/uploads\/usu1183\/2025\/11\/avaluacions-final-etapa.png\" alt=\"\" class=\"wp-image-23102\" style=\"width:307px;height:auto\" srcset=\"https:\/\/serveiseducatius.xtec.cat\/santacolomag\/wp-content\/uploads\/usu1183\/2025\/11\/avaluacions-final-etapa.png 720w, https:\/\/serveiseducatius.xtec.cat\/santacolomag\/wp-content\/uploads\/usu1183\/2025\/11\/avaluacions-final-etapa-300x217.png 300w\" sizes=\"auto, (max-width: 720px) 100vw, 720px\" \/><\/a><\/figure>\n\n\n\n<p>Des de l\u2019<a href=\"https:\/\/avaluacioeducativa.gencat.cat\/ca\/\">Ag\u00e8ncia d\u2019Avaluaci\u00f3 i Prospectiva de l\u2019Educaci\u00f3<\/a>&nbsp;han publicat noves informacions pel que fa a les proves de final d\u2019etapa de 6\u00e8 de Prim\u00e0ria i de 4t d\u2019ESO.<\/p>\n\n\n\n<ul class=\"wp-block-list\">\n<li><\/li>\n<\/ul>\n\n\n\n<p><\/p>\n<\/div>\n<\/div>\n\n\n\n<p><\/p>\n","protected":false},"excerpt":{"rendered":"<p>Un punt de partida per entendre i aplicar la Intel\u00b7lig\u00e8ncia Artificial a l\u2019aula Acc\u00e9s a l\u2019espai Aquest espai, creat en [&hellip;]<\/p>\n","protected":false},"author":4,"featured_media":0,"parent":0,"menu_order":0,"comment_status":"closed","ping_status":"close","template":"","meta":{"_bbp_topic_count":0,"_bbp_reply_count":0,"_bbp_total_topic_count":0,"_bbp_total_reply_count":0,"_bbp_voice_count":0,"_bbp_anonymous_reply_count":0,"_bbp_topic_count_hidden":0,"_bbp_reply_count_hidden":0,"_bbp_forum_subforum_count":0,"site-sidebar-layout":"default","site-content-layout":"","ast-site-content-layout":"default","site-content-style":"default","site-sidebar-style":"default","ast-global-header-display":"","ast-banner-title-visibility":"","ast-main-header-display":"","ast-hfb-above-header-display":"","ast-hfb-below-header-display":"","ast-hfb-mobile-header-display":"","site-post-title":"","ast-breadcrumbs-content":"","ast-featured-img":"","footer-sml-layout":"","theme-transparent-header-meta":"","adv-header-id-meta":"","stick-header-meta":"","header-above-stick-meta":"","header-main-stick-meta":"","header-below-stick-meta":"","astra-migrate-meta-layouts":"set","ast-page-background-enabled":"default","ast-page-background-meta":{"desktop":{"background-color":"var(--ast-global-color-4)","background-image":"","background-repeat":"repeat","background-position":"center center","background-size":"auto","background-attachment":"scroll","background-type":"","background-media":"","overlay-type":"","overlay-color":"","overlay-opacity":"","overlay-gradient":""},"tablet":{"background-color":"","background-image":"","background-repeat":"repeat","background-position":"center center","background-size":"auto","background-attachment":"scroll","background-type":"","background-media":"","overlay-type":"","overlay-color":"","overlay-opacity":"","overlay-gradient":""},"mobile":{"background-color":"","background-image":"","background-repeat":"repeat","background-position":"center center","background-size":"auto","background-attachment":"scroll","background-type":"","background-media":"","overlay-type":"","overlay-color":"","overlay-opacity":"","overlay-gradient":""}},"ast-content-background-meta":{"desktop":{"background-color":"var(--ast-global-color-5)","background-image":"","background-repeat":"repeat","background-position":"center center","background-size":"auto","background-attachment":"scroll","background-type":"","background-media":"","overlay-type":"","overlay-color":"","overlay-opacity":"","overlay-gradient":""},"tablet":{"background-color":"var(--ast-global-color-5)","background-image":"","background-repeat":"repeat","background-position":"center center","background-size":"auto","background-attachment":"scroll","background-type":"","background-media":"","overlay-type":"","overlay-color":"","overlay-opacity":"","overlay-gradient":""},"mobile":{"background-color":"var(--ast-global-color-5)","background-image":"","background-repeat":"repeat","background-position":"center center","background-size":"auto","background-attachment":"scroll","background-type":"","background-media":"","overlay-type":"","overlay-color":"","overlay-opacity":"","overlay-gradient":""}},"footnotes":""},"class_list":["post-23208","page","type-page","status-publish","hentry"],"post_mailing_queue_ids":[],"_links":{"self":[{"href":"https:\/\/serveiseducatius.xtec.cat\/santacolomag\/wp-json\/wp\/v2\/pages\/23208","targetHints":{"allow":["GET"]}}],"collection":[{"href":"https:\/\/serveiseducatius.xtec.cat\/santacolomag\/wp-json\/wp\/v2\/pages"}],"about":[{"href":"https:\/\/serveiseducatius.xtec.cat\/santacolomag\/wp-json\/wp\/v2\/types\/page"}],"author":[{"embeddable":true,"href":"https:\/\/serveiseducatius.xtec.cat\/santacolomag\/wp-json\/wp\/v2\/users\/4"}],"replies":[{"embeddable":true,"href":"https:\/\/serveiseducatius.xtec.cat\/santacolomag\/wp-json\/wp\/v2\/comments?post=23208"}],"version-history":[{"count":5,"href":"https:\/\/serveiseducatius.xtec.cat\/santacolomag\/wp-json\/wp\/v2\/pages\/23208\/revisions"}],"predecessor-version":[{"id":23216,"href":"https:\/\/serveiseducatius.xtec.cat\/santacolomag\/wp-json\/wp\/v2\/pages\/23208\/revisions\/23216"}],"wp:attachment":[{"href":"https:\/\/serveiseducatius.xtec.cat\/santacolomag\/wp-json\/wp\/v2\/media?parent=23208"}],"curies":[{"name":"wp","href":"https:\/\/api.w.org\/{rel}","templated":true}]}}