{"id":22929,"date":"2025-10-31T13:06:35","date_gmt":"2025-10-31T12:06:35","guid":{"rendered":"https:\/\/serveiseducatius.xtec.cat\/santacolomag\/?page_id=22929"},"modified":"2025-10-31T13:06:36","modified_gmt":"2025-10-31T12:06:36","slug":"full-informatiu-novembre-2025","status":"publish","type":"page","link":"https:\/\/serveiseducatius.xtec.cat\/santacolomag\/full-informatiu-novembre-2025\/","title":{"rendered":"Full informatiu. Novembre 2025"},"content":{"rendered":"\n<div class=\"wp-block-columns is-layout-flex wp-container-core-columns-is-layout-1 wp-block-columns-is-layout-flex\">\n<div class=\"wp-block-column is-layout-flow wp-block-column-is-layout-flow\">\n<h4 class=\"wp-block-heading has-text-align-center\"><a href=\"https:\/\/serveiseducatius.xtec.cat\/santacolomag\/portada\/convocatoria-practiques-educatives-de-referencia-projectes-i-iniciatives-dinnovacio\/\">Convocat\u00f2ria: pr\u00e0ctiques educatives de refer\u00e8ncia, projectes i iniciatives d\u2019innovaci\u00f3<br><\/a><\/h4>\n\n\n\n<figure class=\"wp-block-image aligncenter size-full is-resized\"><a href=\"https:\/\/serveiseducatius.xtec.cat\/santacolomag\/portada\/convocatoria-practiques-educatives-de-referencia-projectes-i-iniciatives-dinnovacio\/\"><img loading=\"lazy\" decoding=\"async\" width=\"243\" height=\"164\" src=\"https:\/\/serveiseducatius.xtec.cat\/santacolomag\/wp-content\/uploads\/usu1183\/2025\/10\/Projectes-educatius.jpg\" alt=\"\" class=\"wp-image-22927\" style=\"width:291px;height:auto\"\/><\/a><\/figure>\n\n\n\n<p>Ja s\u2019ha publicat la<a href=\"https:\/\/dogc.gencat.cat\/ca\/document-del-dogc\/?documentId=1027771\" target=\"_blank\" rel=\"noreferrer noopener\">\u00a0resoluci\u00f3\u00a0<\/a>per la qual es fa p\u00fablica la convocat\u00f2ria per al reconeixement de<strong>\u00a0pr\u00e0ctiques educatives de refer\u00e8ncia, projectes d\u2019innovaci\u00f3 educativa i iniciatives d\u2019innovaci\u00f3<\/strong>\u00a0vinculades a la millora dels resultats educatius en els centres educatius sostinguts amb fons p\u00fablics de Catalunya.<\/p>\n\n\n\n<div class=\"wp-block-buttons is-content-justification-center is-layout-flex wp-container-core-buttons-is-layout-1 wp-block-buttons-is-layout-flex\"><\/div>\n<\/div>\n\n\n\n<div class=\"wp-block-column is-layout-flow wp-block-column-is-layout-flow\">\n<h4 class=\"wp-block-heading has-text-align-center\"><a href=\"https:\/\/serveiseducatius.xtec.cat\/santacolomag\/general\/les-activitats-de-dinamitzacio-del-gt-de-radio-i-audiovisuals\/\">Les activitats de dinamitzaci\u00f3 del GT de r\u00e0dio i audiovisuals<br><\/a><\/h4>\n\n\n\n<figure class=\"wp-block-image aligncenter size-full is-resized\"><a href=\"https:\/\/serveiseducatius.xtec.cat\/santacolomag\/general\/les-activitats-de-dinamitzacio-del-gt-de-radio-i-audiovisuals\/\"><img loading=\"lazy\" decoding=\"async\" width=\"250\" height=\"250\" src=\"https:\/\/serveiseducatius.xtec.cat\/santacolomag\/wp-content\/uploads\/usu1183\/2025\/02\/unnamed.png\" alt=\"\" class=\"wp-image-21530\" style=\"width:216px;height:auto\" srcset=\"https:\/\/serveiseducatius.xtec.cat\/santacolomag\/wp-content\/uploads\/usu1183\/2025\/02\/unnamed.png 250w, https:\/\/serveiseducatius.xtec.cat\/santacolomag\/wp-content\/uploads\/usu1183\/2025\/02\/unnamed-150x150.png 150w\" sizes=\"auto, (max-width: 250px) 100vw, 250px\" \/><\/a><\/figure>\n\n\n\n<p>Aquest \u00e9s el conjunt d\u2019activitats que impulsem des del Grup de Treball \u201cR\u00e0dio i Audiovisuals\u201d juntament amb l\u2019\u00e0rea de Cultura Digital del Departament d\u2019Educaci\u00f3 i Formaci\u00f3 Professional.\u00a0<\/p>\n<\/div>\n\n\n\n<div class=\"wp-block-column is-layout-flow wp-block-column-is-layout-flow\">\n<h4 class=\"wp-block-heading has-text-align-center\"><a href=\"https:\/\/serveiseducatius.xtec.cat\/santacolomag\/general\/nou-espai-de-suport-proves-davaluacio\/\">Nou Espai de suport: Proves d\u2019Avaluaci\u00f3<br><\/a><\/h4>\n\n\n\n<figure class=\"wp-block-image aligncenter size-full is-resized\"><a href=\"https:\/\/serveiseducatius.xtec.cat\/santacolomag\/general\/nou-espai-de-suport-proves-davaluacio\/\"><img loading=\"lazy\" decoding=\"async\" width=\"720\" height=\"520\" src=\"https:\/\/serveiseducatius.xtec.cat\/santacolomag\/wp-content\/uploads\/usu1183\/2025\/10\/avaluacions-expressio-oral.png\" alt=\"\" class=\"wp-image-22857\" style=\"width:126px;height:auto\" srcset=\"https:\/\/serveiseducatius.xtec.cat\/santacolomag\/wp-content\/uploads\/usu1183\/2025\/10\/avaluacions-expressio-oral.png 720w, https:\/\/serveiseducatius.xtec.cat\/santacolomag\/wp-content\/uploads\/usu1183\/2025\/10\/avaluacions-expressio-oral-300x217.png 300w\" sizes=\"auto, (max-width: 720px) 100vw, 720px\" \/><\/a><\/figure>\n\n\n\n<p>Aquest espai es troba dins dels nodes de\u00a0<strong>\u201cEl Nou Curr\u00edculum. Una oportunitat per aprendre amb sentit\u201d<\/strong>, a l\u2019apartat\u00a0<strong>PROVES D\u2019AVALUACI\u00d3<\/strong> on es poden trobar:<\/p>\n\n\n\n<ul class=\"wp-block-list\">\n<li>Les\u00a0<strong>proves de l\u2019educaci\u00f3 b\u00e0sica<\/strong>\u00a0del Departament d\u2019Educaci\u00f3 i Formaci\u00f3 Professional, accessibles a trav\u00e9s d\u2019etiquetes o d\u2019un cercador amb filtres per \u00e0rea\/mat\u00e8ria, compet\u00e8ncia o etapa educativa.<\/li>\n\n\n\n<li>Els\u00a0<strong>\u00edtems alliberats de proves internacionals<\/strong>.<\/li>\n\n\n\n<li>Altres\u00a0<strong>proves d\u2019inter\u00e8s<\/strong>\u00a0per al professorat.<\/li>\n<\/ul>\n\n\n\n<p><\/p>\n<\/div>\n<\/div>\n\n\n\n<div class=\"wp-block-columns is-layout-flex wp-container-core-columns-is-layout-2 wp-block-columns-is-layout-flex\">\n<div class=\"wp-block-column is-layout-flow wp-block-column-is-layout-flow\">\n<h4 class=\"wp-block-heading has-text-align-center\"><a href=\"https:\/\/serveiseducatius.xtec.cat\/santacolomag\/general\/arriba-la-8a-edicio-de-lifest-la-competicio-que-impulsa-la-creativitat-i-lemprenedoria-juvenil-a-catalunya\/\">Arriba la 8a edici\u00f3 de l\u2019iFest, la competici\u00f3 que impulsa la creativitat i l\u2019emprenedoria juvenil a Catalunya.<br><br><\/a><\/h4>\n\n\n\n<figure class=\"wp-block-image aligncenter size-full is-resized\"><a href=\"https:\/\/serveiseducatius.xtec.cat\/santacolomag\/general\/arriba-la-8a-edicio-de-lifest-la-competicio-que-impulsa-la-creativitat-i-lemprenedoria-juvenil-a-catalunya\/\"><img loading=\"lazy\" decoding=\"async\" width=\"338\" height=\"457\" src=\"https:\/\/serveiseducatius.xtec.cat\/santacolomag\/wp-content\/uploads\/usu1183\/2025\/10\/iFest.png\" alt=\"\" class=\"wp-image-22885\" style=\"width:104px;height:auto\" srcset=\"https:\/\/serveiseducatius.xtec.cat\/santacolomag\/wp-content\/uploads\/usu1183\/2025\/10\/iFest.png 338w, https:\/\/serveiseducatius.xtec.cat\/santacolomag\/wp-content\/uploads\/usu1183\/2025\/10\/iFest-222x300.png 222w\" sizes=\"auto, (max-width: 338px) 100vw, 338px\" \/><\/a><\/figure>\n\n\n\n<p>Es posa en marxa la\u00a0<strong>vuitena edici\u00f3 de l\u2019iFest, un programa d\u2019emprenedoria i innovaci\u00f3 que promou el talent del jovent del pa\u00eds<\/strong>\u00a0amb l\u2019objectiu d\u2019incentivar i fomentar la seva capacitat per aportar solucions a reptes de la societat i fer-les realitat. Aquesta iniciativa busca conscienciar els i les joves\u00a0<strong>que les seves idees tenen valor i poden transformar el m\u00f3n<\/strong>, alhora que els proporciona\u00a0<strong>eines i recursos per desenvolupar-les<\/strong>.<\/p>\n\n\n\n<div class=\"wp-block-buttons is-content-justification-center is-layout-flex wp-container-core-buttons-is-layout-2 wp-block-buttons-is-layout-flex\"><\/div>\n<\/div>\n\n\n\n<div class=\"wp-block-column is-layout-flow wp-block-column-is-layout-flow\">\n<h4 class=\"wp-block-heading has-text-align-center\"><a href=\"https:\/\/serveiseducatius.xtec.cat\/santacolomag\/general\/steamconf-barcelona-2025\/\">STEAMConf Barcelona 2025<br><br><\/a><\/h4>\n\n\n\n<figure class=\"wp-block-image aligncenter size-full is-resized\"><a href=\"https:\/\/serveiseducatius.xtec.cat\/santacolomag\/general\/steamconf-barcelona-2025\/\"><img loading=\"lazy\" decoding=\"async\" width=\"1021\" height=\"697\" src=\"https:\/\/serveiseducatius.xtec.cat\/santacolomag\/wp-content\/uploads\/usu1183\/2025\/10\/STEAM_Conf.jpg\" alt=\"\" class=\"wp-image-22840\" style=\"width:248px;height:auto\" srcset=\"https:\/\/serveiseducatius.xtec.cat\/santacolomag\/wp-content\/uploads\/usu1183\/2025\/10\/STEAM_Conf.jpg 1021w, https:\/\/serveiseducatius.xtec.cat\/santacolomag\/wp-content\/uploads\/usu1183\/2025\/10\/STEAM_Conf-300x205.jpg 300w, https:\/\/serveiseducatius.xtec.cat\/santacolomag\/wp-content\/uploads\/usu1183\/2025\/10\/STEAM_Conf-768x524.jpg 768w\" sizes=\"auto, (max-width: 1021px) 100vw, 1021px\" \/><\/a><\/figure>\n\n\n\n<p><strong>10a edici\u00f3 de la Confer\u00e8ncia Internacional d\u2019Aprenentatge STEAMConf Barcelona.<\/strong><\/p>\n\n\n\n<p><strong>Espais:<\/strong>&nbsp;CosmoCaixa, UPF Campus de la Ciutadella, Espai Vela de la UPC i Fundaci\u00f3 Pasqual Maragall<\/p>\n\n\n\n<p>Podeu consultar la programaci\u00f3 de la jornada&nbsp;<strong><a href=\"https:\/\/www.steamconf.com\/\" target=\"_blank\" rel=\"noreferrer noopener\">aqu\u00ed<\/a>.<\/strong><\/p>\n<\/div>\n\n\n\n<div class=\"wp-block-column is-layout-flow wp-block-column-is-layout-flow\">\n<h4 class=\"wp-block-heading has-text-align-center\"><a href=\"https:\/\/serveiseducatius.xtec.cat\/santacolomag\/portada\/conferencia-a-badalona-el-secret-dun-bon-joc-per-aprendre\/\">Confer\u00e8ncia a Badalona \u201cEl secret d\u2019un bon joc per aprendre\u201d<\/a><\/h4>\n\n\n\n<figure class=\"wp-block-image aligncenter size-full is-resized\"><a href=\"https:\/\/serveiseducatius.xtec.cat\/santacolomag\/portada\/conferencia-a-badalona-el-secret-dun-bon-joc-per-aprendre\/\"><img loading=\"lazy\" decoding=\"async\" width=\"819\" height=\"1024\" src=\"https:\/\/serveiseducatius.xtec.cat\/santacolomag\/wp-content\/uploads\/usu1183\/2025\/10\/comunicacio-no-violenta-Publicacio-dInstagram-45-1-819x1024-1.png\" alt=\"\" class=\"wp-image-22888\" style=\"width:164px;height:auto\" srcset=\"https:\/\/serveiseducatius.xtec.cat\/santacolomag\/wp-content\/uploads\/usu1183\/2025\/10\/comunicacio-no-violenta-Publicacio-dInstagram-45-1-819x1024-1.png 819w, https:\/\/serveiseducatius.xtec.cat\/santacolomag\/wp-content\/uploads\/usu1183\/2025\/10\/comunicacio-no-violenta-Publicacio-dInstagram-45-1-819x1024-1-240x300.png 240w, https:\/\/serveiseducatius.xtec.cat\/santacolomag\/wp-content\/uploads\/usu1183\/2025\/10\/comunicacio-no-violenta-Publicacio-dInstagram-45-1-819x1024-1-768x960.png 768w\" sizes=\"auto, (max-width: 819px) 100vw, 819px\" \/><\/a><\/figure>\n\n\n\n<p>Quins s\u00f3n els ingredients clau d\u2019un joc que realment ajuda a aprendre? I com treure\u2019n el m\u00e0xim profit a l\u2019aula?<\/p>\n\n\n\n<p>Us convidem a participar en la confer\u00e8ncia titulada \u201c<strong>El secret d\u2019un bon joc per aprendre<\/strong>\u201d a c\u00e0rrec d\u2019Oriol Ripoll el pr\u00f2xim\u00a0<strong>10 de novembre a les 17.30 h<\/strong>.<\/p>\n<\/div>\n<\/div>\n","protected":false},"excerpt":{"rendered":"<p>Convocat\u00f2ria: pr\u00e0ctiques educatives de refer\u00e8ncia, projectes i iniciatives d\u2019innovaci\u00f3 Ja s\u2019ha publicat la\u00a0resoluci\u00f3\u00a0per la qual es fa p\u00fablica la convocat\u00f2ria [&hellip;]<\/p>\n","protected":false},"author":4,"featured_media":0,"parent":0,"menu_order":0,"comment_status":"closed","ping_status":"close","template":"","meta":{"_bbp_topic_count":0,"_bbp_reply_count":0,"_bbp_total_topic_count":0,"_bbp_total_reply_count":0,"_bbp_voice_count":0,"_bbp_anonymous_reply_count":0,"_bbp_topic_count_hidden":0,"_bbp_reply_count_hidden":0,"_bbp_forum_subforum_count":0,"site-sidebar-layout":"no-sidebar","site-content-layout":"","ast-site-content-layout":"default","site-content-style":"default","site-sidebar-style":"default","ast-global-header-display":"","ast-banner-title-visibility":"","ast-main-header-display":"","ast-hfb-above-header-display":"","ast-hfb-below-header-display":"","ast-hfb-mobile-header-display":"","site-post-title":"","ast-breadcrumbs-content":"","ast-featured-img":"","footer-sml-layout":"","theme-transparent-header-meta":"","adv-header-id-meta":"","stick-header-meta":"","header-above-stick-meta":"","header-main-stick-meta":"","header-below-stick-meta":"","astra-migrate-meta-layouts":"set","ast-page-background-enabled":"default","ast-page-background-meta":{"desktop":{"background-color":"var(--ast-global-color-4)","background-image":"","background-repeat":"repeat","background-position":"center center","background-size":"auto","background-attachment":"scroll","background-type":"","background-media":"","overlay-type":"","overlay-color":"","overlay-opacity":"","overlay-gradient":""},"tablet":{"background-color":"","background-image":"","background-repeat":"repeat","background-position":"center center","background-size":"auto","background-attachment":"scroll","background-type":"","background-media":"","overlay-type":"","overlay-color":"","overlay-opacity":"","overlay-gradient":""},"mobile":{"background-color":"","background-image":"","background-repeat":"repeat","background-position":"center center","background-size":"auto","background-attachment":"scroll","background-type":"","background-media":"","overlay-type":"","overlay-color":"","overlay-opacity":"","overlay-gradient":""}},"ast-content-background-meta":{"desktop":{"background-color":"var(--ast-global-color-5)","background-image":"","background-repeat":"repeat","background-position":"center center","background-size":"auto","background-attachment":"scroll","background-type":"","background-media":"","overlay-type":"","overlay-color":"","overlay-opacity":"","overlay-gradient":""},"tablet":{"background-color":"var(--ast-global-color-5)","background-image":"","background-repeat":"repeat","background-position":"center center","background-size":"auto","background-attachment":"scroll","background-type":"","background-media":"","overlay-type":"","overlay-color":"","overlay-opacity":"","overlay-gradient":""},"mobile":{"background-color":"var(--ast-global-color-5)","background-image":"","background-repeat":"repeat","background-position":"center center","background-size":"auto","background-attachment":"scroll","background-type":"","background-media":"","overlay-type":"","overlay-color":"","overlay-opacity":"","overlay-gradient":""}},"footnotes":""},"class_list":["post-22929","page","type-page","status-publish","hentry"],"post_mailing_queue_ids":[],"_links":{"self":[{"href":"https:\/\/serveiseducatius.xtec.cat\/santacolomag\/wp-json\/wp\/v2\/pages\/22929","targetHints":{"allow":["GET"]}}],"collection":[{"href":"https:\/\/serveiseducatius.xtec.cat\/santacolomag\/wp-json\/wp\/v2\/pages"}],"about":[{"href":"https:\/\/serveiseducatius.xtec.cat\/santacolomag\/wp-json\/wp\/v2\/types\/page"}],"author":[{"embeddable":true,"href":"https:\/\/serveiseducatius.xtec.cat\/santacolomag\/wp-json\/wp\/v2\/users\/4"}],"replies":[{"embeddable":true,"href":"https:\/\/serveiseducatius.xtec.cat\/santacolomag\/wp-json\/wp\/v2\/comments?post=22929"}],"version-history":[{"count":1,"href":"https:\/\/serveiseducatius.xtec.cat\/santacolomag\/wp-json\/wp\/v2\/pages\/22929\/revisions"}],"predecessor-version":[{"id":22930,"href":"https:\/\/serveiseducatius.xtec.cat\/santacolomag\/wp-json\/wp\/v2\/pages\/22929\/revisions\/22930"}],"wp:attachment":[{"href":"https:\/\/serveiseducatius.xtec.cat\/santacolomag\/wp-json\/wp\/v2\/media?parent=22929"}],"curies":[{"name":"wp","href":"https:\/\/api.w.org\/{rel}","templated":true}]}}