{"id":22842,"date":"2025-10-10T12:20:01","date_gmt":"2025-10-10T10:20:01","guid":{"rendered":"https:\/\/serveiseducatius.xtec.cat\/santacolomag\/?page_id=22842"},"modified":"2025-12-11T13:03:39","modified_gmt":"2025-12-11T12:03:39","slug":"intelligencia-artificial-i-practica-docent","status":"publish","type":"page","link":"https:\/\/serveiseducatius.xtec.cat\/santacolomag\/intelligencia-artificial-i-practica-docent\/","title":{"rendered":"Intel\u00b7lig\u00e8ncia Artificial (IA) i pr\u00e0ctica docent"},"content":{"rendered":"\n<figure class=\"wp-block-image aligncenter size-full is-resized\"><a href=\"https:\/\/serveiseducatius.xtec.cat\/santacolomag\/wp-content\/uploads\/usu1183\/2025\/12\/kling_20251211_Image_to_Video__5091_0.gif\"><img loading=\"lazy\" decoding=\"async\" width=\"518\" height=\"518\" src=\"https:\/\/serveiseducatius.xtec.cat\/santacolomag\/wp-content\/uploads\/usu1183\/2025\/12\/kling_20251211_Image_to_Video__5091_0.gif\" alt=\"\" class=\"wp-image-23256\" style=\"width:217px;height:auto\"\/><\/a><\/figure>\n\n\n\n<div class=\"wp-block-buttons is-content-justification-center is-layout-flex wp-container-core-buttons-is-layout-1 wp-block-buttons-is-layout-flex\">\n<div class=\"wp-block-button\"><a class=\"wp-block-button__link wp-element-button\" href=\"https:\/\/serveiseducatius.xtec.cat\/santacolomag\/intelligencia-artificial-i-practica-docent\/\">Inici<\/a><\/div>\n\n\n\n<div class=\"wp-block-button\"><a class=\"wp-block-button__link wp-element-button\" href=\"https:\/\/serveiseducatius.xtec.cat\/santacolomag\/intelligencia-artificial-i-practica-docent\/intelligencia-artificial-i-practica-docent-pagina-1\">Qu\u00e8 \u00e9s la IA i per a qu\u00e8 em serveix?<\/a><\/div>\n\n\n\n<div class=\"wp-block-button\"><a class=\"wp-block-button__link wp-element-button\" href=\"https:\/\/serveiseducatius.xtec.cat\/santacolomag\/intelligencia-artificial-i-practica-docent\/intelligencia-artificial-i-practica-docent-pagina-2\/\">Repositoris d&#8217;aplicacions educatives d&#8217;IA<\/a><\/div>\n\n\n\n<div class=\"wp-block-button\"><a class=\"wp-block-button__link wp-element-button\" href=\"https:\/\/serveiseducatius.xtec.cat\/santacolomag\/intelligencia-artificial-i-practica-docent\/intelligencia-artificial-i-practica-docent-experiencies-daula\/\">Experi\u00e8ncies d&#8217;\u00fas d&#8217;IA a l&#8217;aula<\/a><\/div>\n\n\n\n<div class=\"wp-block-button\"><a class=\"wp-block-button__link wp-element-button\" href=\"https:\/\/serveiseducatius.xtec.cat\/santacolomag\/categoria\/ia\/\">Not\u00edcies<\/a><\/div>\n\n\n\n<div class=\"wp-block-button\"><a class=\"wp-block-button__link wp-element-button\" href=\"https:\/\/docs.google.com\/forms\/d\/e\/1FAIpQLScvYtAq_jOfOqPpKlbRe7glPJI75lQaWYZbKrJV9vepxhFmlg\/viewform?usp=sharing&amp;ouid=101680459209157128960\">Dubtes d&#8217;IA?<\/a><\/div>\n<\/div>\n\n\n\n<p>Us donem la benvinguda a aquest espai digital, un <strong>web pensat per apropar la Intel\u00b7lig\u00e8ncia Artificial (IA) al m\u00f3n docent de manera clara, accessible i sense pretensions d\u2019expertesa<\/strong>. La nostra voluntat \u00e9s oferir un punt de partida per a docents que vulguin entendre qu\u00e8 \u00e9s la IA i com pot convertir-se en una eina realment \u00fatil dins l\u2019aula. No pretenem ser un portal t\u00e8cnic ni exhaustiu, sin\u00f3 un entorn divulgatiu que acompanya, orienta i inspira.<\/p>\n\n\n\n<p>En aquest web, creat en un 90% per la IA, hi trobareu <strong>publicacions cont\u00ednues<\/strong>, sempre amb un enfocament pr\u00e0ctic. Volem mostrar, pas a pas, com funcionen les diferents aplicacions d\u2019IA que van apareixent i com es poden incorporar de manera senzilla a la din\u00e0mica docent. Des de generadors de contingut fins a eines de suport a l\u2019avaluaci\u00f3, passant per recursos visuals, assistents de llenguatge, plataformes de simulaci\u00f3 o aplicacions creatives: la nostra intenci\u00f3 \u00e9s explorar-les amb naturalitat, valorar les seves possibilitats i compartir exemples que puguin ser \u00fatils en el dia a dia.<\/p>\n\n\n\n<p>A m\u00e9s, posem a disposici\u00f3 del professorat un <strong>recull de recursos, guies i ajudes<\/strong> per iniciar-se en aquest camp. Des d\u2019explicacions introduct\u00f2ries fins a recomanacions de bones pr\u00e0ctiques, plantilles preparades, tutorials i enlla\u00e7os d\u2019inter\u00e8s. Tot pensat perqu\u00e8 qualsevol docent, independentment del seu nivell tecnol\u00f2gic, pugui fer un primer pas segur en el m\u00f3n de la Intel\u00b7lig\u00e8ncia Artificial.<\/p>\n\n\n\n<p>Aquest web \u00e9s, en definitiva, una invitaci\u00f3 a aprendre, experimentar i descobrir. Esperem que us sigui \u00fatil i que junts puguem donar forma a una educaci\u00f3 m\u00e9s creativa.<\/p>\n\n\n\n<h3 class=\"wp-block-heading\">Primera mostra de treball amb la IA<\/h3>\n\n\n\n<div class=\"wp-block-columns is-layout-flex wp-container-core-columns-is-layout-1 wp-block-columns-is-layout-flex\">\n<div class=\"wp-block-column is-layout-flow wp-block-column-is-layout-flow\" style=\"flex-basis:25%\">\n<h5 class=\"wp-block-heading\">Logo fet amb la IA <strong><a href=\"https:\/\/imgeditor.co\/es\">Nano Banana<\/a><\/strong><\/h5>\n\n\n\n<p><\/p>\n\n\n\n<figure class=\"wp-block-image size-full is-resized\"><a href=\"https:\/\/serveiseducatius.xtec.cat\/santacolomag\/wp-content\/uploads\/usu1183\/2025\/10\/ChatGPT-Image-10-doct.-del-2025-12_15_33.png\"><img loading=\"lazy\" decoding=\"async\" width=\"1024\" height=\"1024\" src=\"https:\/\/serveiseducatius.xtec.cat\/santacolomag\/wp-content\/uploads\/usu1183\/2025\/10\/ChatGPT-Image-10-doct.-del-2025-12_15_33.png\" alt=\"\" class=\"wp-image-22843\" style=\"width:345px;height:auto\" srcset=\"https:\/\/serveiseducatius.xtec.cat\/santacolomag\/wp-content\/uploads\/usu1183\/2025\/10\/ChatGPT-Image-10-doct.-del-2025-12_15_33.png 1024w, https:\/\/serveiseducatius.xtec.cat\/santacolomag\/wp-content\/uploads\/usu1183\/2025\/10\/ChatGPT-Image-10-doct.-del-2025-12_15_33-300x300.png 300w, https:\/\/serveiseducatius.xtec.cat\/santacolomag\/wp-content\/uploads\/usu1183\/2025\/10\/ChatGPT-Image-10-doct.-del-2025-12_15_33-150x150.png 150w, https:\/\/serveiseducatius.xtec.cat\/santacolomag\/wp-content\/uploads\/usu1183\/2025\/10\/ChatGPT-Image-10-doct.-del-2025-12_15_33-768x768.png 768w\" sizes=\"auto, (max-width: 1024px) 100vw, 1024px\" \/><\/a><\/figure>\n<\/div>\n\n\n\n<div class=\"wp-block-column is-layout-flow wp-block-column-is-layout-flow\" style=\"flex-basis:70%\">\n<h5 class=\"wp-block-heading\">Presentaci\u00f3 digital explicant qu\u00e8 \u00e9s la IA feta amb <strong><a href=\"https:\/\/gamma.app\/es\">Gamma<\/a><\/strong><\/h5>\n\n\n\n<iframe src=\"https:\/\/gamma.app\/embed\/mnnd9b4h9ptrzii\" style=\"width: 950px; max-width: 110%; height: 600px\" allow=\"fullscreen\" title=\"Intel\u00b7lig\u00e8ncia Artificial a l'Educaci\u00f3\"><\/iframe>\n<\/div>\n<\/div>\n\n\n\n<p><\/p>\n\n\n\n<h5 class=\"wp-block-heading\">Podcast i videopresentaci\u00f3 creats per <strong><a href=\"https:\/\/notebooklm.google.com\/\">NotebookLM<\/a><\/strong> a partir de la presentaci\u00f3 anterior<\/h5>\n\n\n\n<div class=\"wp-block-columns is-layout-flex wp-container-core-columns-is-layout-2 wp-block-columns-is-layout-flex\">\n<div class=\"wp-block-column is-layout-flow wp-block-column-is-layout-flow\" style=\"flex-basis:30px\">\n<figure class=\"wp-block-audio\"><audio controls src=\"https:\/\/serveiseducatius.xtec.cat\/santacolomag\/wp-content\/uploads\/usu1183\/2025\/11\/IA_educacio_oportunitat_o_risc_pensament_critic-online-audio-converter.com_.mp3\"><\/audio><\/figure>\n<\/div>\n\n\n\n<div class=\"wp-block-column is-layout-flow wp-block-column-is-layout-flow\"><\/div>\n\n\n\n<div class=\"wp-block-column is-layout-flow wp-block-column-is-layout-flow\">\n<iframe loading=\"lazy\" src=\"https:\/\/drive.google.com\/file\/d\/15o2CAuI1MkTRArV9jklVbxmqikwHZov0\/preview\" width=\"740\" height=\"380\" allow=\"autoplay\"><\/iframe>\n<\/div>\n<\/div>\n\n\n\n<p><\/p>\n","protected":false},"excerpt":{"rendered":"<p>Us donem la benvinguda a aquest espai digital, un web pensat per apropar la Intel\u00b7lig\u00e8ncia Artificial (IA) al m\u00f3n docent [&hellip;]<\/p>\n","protected":false},"author":4,"featured_media":0,"parent":0,"menu_order":0,"comment_status":"closed","ping_status":"close","template":"","meta":{"_bbp_topic_count":0,"_bbp_reply_count":0,"_bbp_total_topic_count":0,"_bbp_total_reply_count":0,"_bbp_voice_count":0,"_bbp_anonymous_reply_count":0,"_bbp_topic_count_hidden":0,"_bbp_reply_count_hidden":0,"_bbp_forum_subforum_count":0,"site-sidebar-layout":"no-sidebar","site-content-layout":"","ast-site-content-layout":"default","site-content-style":"default","site-sidebar-style":"default","ast-global-header-display":"","ast-banner-title-visibility":"","ast-main-header-display":"","ast-hfb-above-header-display":"","ast-hfb-below-header-display":"","ast-hfb-mobile-header-display":"","site-post-title":"","ast-breadcrumbs-content":"","ast-featured-img":"","footer-sml-layout":"","theme-transparent-header-meta":"","adv-header-id-meta":"","stick-header-meta":"","header-above-stick-meta":"","header-main-stick-meta":"","header-below-stick-meta":"","astra-migrate-meta-layouts":"set","ast-page-background-enabled":"default","ast-page-background-meta":{"desktop":{"background-color":"var(--ast-global-color-4)","background-image":"","background-repeat":"repeat","background-position":"center center","background-size":"auto","background-attachment":"scroll","background-type":"","background-media":"","overlay-type":"","overlay-color":"","overlay-opacity":"","overlay-gradient":""},"tablet":{"background-color":"","background-image":"","background-repeat":"repeat","background-position":"center center","background-size":"auto","background-attachment":"scroll","background-type":"","background-media":"","overlay-type":"","overlay-color":"","overlay-opacity":"","overlay-gradient":""},"mobile":{"background-color":"","background-image":"","background-repeat":"repeat","background-position":"center center","background-size":"auto","background-attachment":"scroll","background-type":"","background-media":"","overlay-type":"","overlay-color":"","overlay-opacity":"","overlay-gradient":""}},"ast-content-background-meta":{"desktop":{"background-color":"var(--ast-global-color-5)","background-image":"","background-repeat":"repeat","background-position":"center center","background-size":"auto","background-attachment":"scroll","background-type":"","background-media":"","overlay-type":"","overlay-color":"","overlay-opacity":"","overlay-gradient":""},"tablet":{"background-color":"var(--ast-global-color-5)","background-image":"","background-repeat":"repeat","background-position":"center center","background-size":"auto","background-attachment":"scroll","background-type":"","background-media":"","overlay-type":"","overlay-color":"","overlay-opacity":"","overlay-gradient":""},"mobile":{"background-color":"var(--ast-global-color-5)","background-image":"","background-repeat":"repeat","background-position":"center center","background-size":"auto","background-attachment":"scroll","background-type":"","background-media":"","overlay-type":"","overlay-color":"","overlay-opacity":"","overlay-gradient":""}},"footnotes":""},"class_list":["post-22842","page","type-page","status-publish","hentry"],"post_mailing_queue_ids":[],"_links":{"self":[{"href":"https:\/\/serveiseducatius.xtec.cat\/santacolomag\/wp-json\/wp\/v2\/pages\/22842","targetHints":{"allow":["GET"]}}],"collection":[{"href":"https:\/\/serveiseducatius.xtec.cat\/santacolomag\/wp-json\/wp\/v2\/pages"}],"about":[{"href":"https:\/\/serveiseducatius.xtec.cat\/santacolomag\/wp-json\/wp\/v2\/types\/page"}],"author":[{"embeddable":true,"href":"https:\/\/serveiseducatius.xtec.cat\/santacolomag\/wp-json\/wp\/v2\/users\/4"}],"replies":[{"embeddable":true,"href":"https:\/\/serveiseducatius.xtec.cat\/santacolomag\/wp-json\/wp\/v2\/comments?post=22842"}],"version-history":[{"count":6,"href":"https:\/\/serveiseducatius.xtec.cat\/santacolomag\/wp-json\/wp\/v2\/pages\/22842\/revisions"}],"predecessor-version":[{"id":23257,"href":"https:\/\/serveiseducatius.xtec.cat\/santacolomag\/wp-json\/wp\/v2\/pages\/22842\/revisions\/23257"}],"wp:attachment":[{"href":"https:\/\/serveiseducatius.xtec.cat\/santacolomag\/wp-json\/wp\/v2\/media?parent=22842"}],"curies":[{"name":"wp","href":"https:\/\/api.w.org\/{rel}","templated":true}]}}