{"id":22809,"date":"2025-10-02T08:22:38","date_gmt":"2025-10-02T06:22:38","guid":{"rendered":"https:\/\/serveiseducatius.xtec.cat\/santacolomag\/?page_id=22809"},"modified":"2025-10-02T08:22:39","modified_gmt":"2025-10-02T06:22:39","slug":"full-informatiu-octubre-2025","status":"publish","type":"page","link":"https:\/\/serveiseducatius.xtec.cat\/santacolomag\/full-informatiu-octubre-2025\/","title":{"rendered":"Full informatiu. Octubre 2025"},"content":{"rendered":"\n<div class=\"wp-block-columns is-layout-flex wp-container-core-columns-is-layout-1 wp-block-columns-is-layout-flex\">\n<div class=\"wp-block-column is-layout-flow wp-block-column-is-layout-flow\">\n<h4 class=\"wp-block-heading has-text-align-center\"><a href=\"https:\/\/serveiseducatius.xtec.cat\/santacolomag\/general\/ix-trobada-pedagogica-sobre-la-docencia-i-la-intelligencia-artificial\/\">IX Trobada pedag\u00f2gica: Reptes\u00a0i\u00a0possibilitats\u00a0de l\u2019IA\u00a0a l\u2019educaci\u00f3 i l\u2019aula: recursos i estrat\u00e8gies<br><\/a><\/h4>\n\n\n\n<figure class=\"wp-block-image aligncenter size-full is-resized\"><a href=\"https:\/\/serveiseducatius.xtec.cat\/santacolomag\/general\/ix-trobada-pedagogica-sobre-la-docencia-i-la-intelligencia-artificial\/\"><img loading=\"lazy\" decoding=\"async\" width=\"669\" height=\"485\" src=\"https:\/\/serveiseducatius.xtec.cat\/santacolomag\/wp-content\/uploads\/usu1183\/2025\/09\/mprats.png\" alt=\"Miquel \u00c0ngel Prats - prats.cat\" class=\"wp-image-22747\" style=\"width:291px;height:auto\" srcset=\"https:\/\/serveiseducatius.xtec.cat\/santacolomag\/wp-content\/uploads\/usu1183\/2025\/09\/mprats.png 669w, https:\/\/serveiseducatius.xtec.cat\/santacolomag\/wp-content\/uploads\/usu1183\/2025\/09\/mprats-300x217.png 300w\" sizes=\"auto, (max-width: 669px) 100vw, 669px\" \/><\/a><\/figure>\n\n\n\n<p><strong>Confer\u00e8ncia \u201cReptes\u00a0i\u00a0possibilitats\u00a0de l\u2019IA\u00a0a l\u2019educaci\u00f3 i l\u2019aula: recursos i estrat\u00e8gies<\/strong>\u201d a c\u00e0rrec de\u00a0<strong>\u00a0<a href=\"https:\/\/prats.cat\/\">Miquel \u00c0ngel Prats<\/a>\u00a0<\/strong>Mestre, psicopedagog i Doctor en Pedagogia\u00a0per la Facultat de Psicologia, Ci\u00e8ncies de l\u2019Educaci\u00f3 i de l\u2019Esport Blanquerna <\/p>\n\n\n\n<p>La sessi\u00f3 es dur\u00e0 a terme a la&nbsp;<strong>Biblioteca de Singuerl\u00edn<\/strong>&nbsp;el&nbsp;<strong>4 de novembre de 2025<\/strong>, a les&nbsp;<strong>17:30h<\/strong><\/p>\n\n\n\n<div class=\"wp-block-buttons is-content-justification-center is-layout-flex wp-container-core-buttons-is-layout-1 wp-block-buttons-is-layout-flex\">\n<div class=\"wp-block-button\"><a class=\"wp-block-button__link wp-element-button\" href=\"https:\/\/aplicacions.gestioeducativa.gencat.cat\/ords\/pls\/soloas\/pk_for_mod_ins.p_for_detall_activitat?p_header=Llista%20d%27activitats^pk_for_mod_ins.p_for_cons_activitats?p_crp=207%26p_any=2025-2026%26p_totes=s%26p_inici=11%26p_excloure_crp_rec=F&amp;p_codi=2071011207&amp;p_curs=2025-2026&amp;p_excloure_crp_rec=F\">Inscripci\u00f3<\/a><\/div>\n<\/div>\n<\/div>\n\n\n\n<div class=\"wp-block-column is-layout-flow wp-block-column-is-layout-flow\">\n<h4 class=\"wp-block-heading has-text-align-center\"><a href=\"https:\/\/serveiseducatius.xtec.cat\/santacolomag\/general\/escola-cultura-i-territori-reptes-actuals-duna-pedagogia-transformadora-a-lexposicio-del-casal-del-mestre\/\">\u201cEscola, cultura i territori: Reptes actuals d\u2019una pedagogia transformadora\u201d a l\u2019exposici\u00f3 del Casal del Mestre<br><\/a><\/h4>\n\n\n\n<figure class=\"wp-block-image aligncenter size-full is-resized\"><a href=\"https:\/\/serveiseducatius.xtec.cat\/santacolomag\/general\/escola-cultura-i-territori-reptes-actuals-duna-pedagogia-transformadora-a-lexposicio-del-casal-del-mestre\/\"><img loading=\"lazy\" decoding=\"async\" width=\"890\" height=\"638\" src=\"https:\/\/serveiseducatius.xtec.cat\/santacolomag\/wp-content\/uploads\/usu1183\/2025\/09\/csm_cartell_expo_casal_ff877f5ed211111.jpg\" alt=\"\" class=\"wp-image-22677\" style=\"width:388px;height:auto\" srcset=\"https:\/\/serveiseducatius.xtec.cat\/santacolomag\/wp-content\/uploads\/usu1183\/2025\/09\/csm_cartell_expo_casal_ff877f5ed211111.jpg 890w, https:\/\/serveiseducatius.xtec.cat\/santacolomag\/wp-content\/uploads\/usu1183\/2025\/09\/csm_cartell_expo_casal_ff877f5ed211111-300x215.jpg 300w, https:\/\/serveiseducatius.xtec.cat\/santacolomag\/wp-content\/uploads\/usu1183\/2025\/09\/csm_cartell_expo_casal_ff877f5ed211111-768x551.jpg 768w\" sizes=\"auto, (max-width: 890px) 100vw, 890px\" \/><\/a><\/figure>\n\n\n\n<p>Aquesta activitat ser\u00e0 dimarts\u00a0<strong>7 d\u2019octubre<\/strong>\u00a0a les 17 h al Museu Torre Balldovina (Pla\u00e7a Pau Casals, s\/n): comen\u00e7ar\u00e0 amb una\u00a0<strong>visita guiada a l\u2019exposici\u00f3<\/strong>, i posteriorment, a les 18 h, es realitzar\u00e0 el\u00a0<strong>di\u00e0leg:<\/strong>\u00a0<strong>\u201cEscola, cultura i territori: Reptes actuals d\u2019una pedagogia transformadora\u201d<\/strong><\/p>\n<\/div>\n\n\n\n<div class=\"wp-block-column is-layout-flow wp-block-column-is-layout-flow\">\n<h4 class=\"wp-block-heading has-text-align-center\"><a href=\"https:\/\/serveiseducatius.xtec.cat\/santacolomag\/portada\/guies-de-lectura-per-treballar-la-inclusio\/\">Guies de lectura per treballar la inclusi\u00f3<br><\/a><\/h4>\n\n\n\n<figure class=\"wp-block-image aligncenter size-full is-resized\"><a href=\"https:\/\/serveiseducatius.xtec.cat\/santacolomag\/portada\/guies-de-lectura-per-treballar-la-inclusio\/\"><img loading=\"lazy\" decoding=\"async\" width=\"864\" height=\"353\" src=\"https:\/\/serveiseducatius.xtec.cat\/santacolomag\/wp-content\/uploads\/usu1183\/2025\/09\/lectures-inclusio-aula.png\" alt=\"\" class=\"wp-image-22805\" style=\"width:492px;height:auto\" srcset=\"https:\/\/serveiseducatius.xtec.cat\/santacolomag\/wp-content\/uploads\/usu1183\/2025\/09\/lectures-inclusio-aula.png 864w, https:\/\/serveiseducatius.xtec.cat\/santacolomag\/wp-content\/uploads\/usu1183\/2025\/09\/lectures-inclusio-aula-300x123.png 300w, https:\/\/serveiseducatius.xtec.cat\/santacolomag\/wp-content\/uploads\/usu1183\/2025\/09\/lectures-inclusio-aula-768x314.png 768w\" sizes=\"auto, (max-width: 864px) 100vw, 864px\" \/><\/a><\/figure>\n\n\n\n<p>Us informem que l\u2019\u00e0rea d\u2019inclusiva ha augmentat el nombre de t\u00edtols de les&nbsp;<a href=\"https:\/\/educacio.gencat.cat\/ca\/departament\/publicacions\/colleccions\/inclusio\/\" target=\"_blank\" rel=\"noreferrer noopener\">guies&nbsp;de lectura<\/a>&nbsp;per treballar la inclusi\u00f3 a les aules. S\u00f3n lectures per a infants i adolescents que normalitzen la difer\u00e8ncia i la diversitat.<\/p>\n\n\n\n<p>Cada&nbsp;guia&nbsp;de lectura cont\u00e9 una contextualitzaci\u00f3 de cada llibre i una proposta de preguntes generadores de conversa.<\/p>\n<\/div>\n<\/div>\n\n\n\n<div class=\"wp-block-columns is-layout-flex wp-container-core-columns-is-layout-2 wp-block-columns-is-layout-flex\">\n<div class=\"wp-block-column is-layout-flow wp-block-column-is-layout-flow\">\n<h4 class=\"wp-block-heading has-text-align-center\"><a href=\"https:\/\/serveiseducatius.xtec.cat\/santacolomag\/general\/guia-per-acompanyar-les-families-en-lus-dels-mobils-en-infants-i-joves\/\">Guia per acompanyar les fam\u00edlies en l\u2019\u00fas dels m\u00f2bils en infants i joves<\/a><br><\/h4>\n\n\n\n<figure class=\"wp-block-image aligncenter size-full is-resized\"><a href=\"https:\/\/serveiseducatius.xtec.cat\/santacolomag\/general\/guia-per-acompanyar-les-families-en-lus-dels-mobils-en-infants-i-joves\/\"><img loading=\"lazy\" decoding=\"async\" width=\"768\" height=\"701\" src=\"https:\/\/serveiseducatius.xtec.cat\/santacolomag\/wp-content\/uploads\/usu1183\/2025\/09\/pladigital252-768x701-1.jpg\" alt=\"\" class=\"wp-image-22802\" style=\"width:222px;height:auto\" srcset=\"https:\/\/serveiseducatius.xtec.cat\/santacolomag\/wp-content\/uploads\/usu1183\/2025\/09\/pladigital252-768x701-1.jpg 768w, https:\/\/serveiseducatius.xtec.cat\/santacolomag\/wp-content\/uploads\/usu1183\/2025\/09\/pladigital252-768x701-1-300x274.jpg 300w\" sizes=\"auto, (max-width: 768px) 100vw, 768px\" \/><\/a><\/figure>\n\n\n\n<p>El Departament d\u2019Educaci\u00f3 i Formaci\u00f3 Professional acaba de publicar aquesta guia dintre de les mesures del\u00a0<a href=\"https:\/\/objenv.gencat.cat\/v4\/public\/estadisticas\/link\/gencat_educacio\/2095\/4\/527590\/d5b3f698e4bb9c1f15136c98e354f6af\/\" target=\"_blank\" rel=\"noreferrer noopener\">Pla de digitalitzaci\u00f3 responsable<\/a>. Una eina \u00fatil per donar suport a les fam\u00edlies a l\u2019hora d\u2019introduir els infants i joves en l\u2019\u00fas responsable dels dispositius.<\/p>\n<\/div>\n\n\n\n<div class=\"wp-block-column is-layout-flow wp-block-column-is-layout-flow\">\n<h4 class=\"wp-block-heading has-text-align-center\"><a href=\"https:\/\/serveiseducatius.xtec.cat\/santacolomag\/general\/maletes-pedagogiques-i-maquinari-2025-2026\/\">Maletes pedag\u00f2giques i maquinari 2025-2026<br><\/a><\/h4>\n\n\n\n<figure class=\"wp-block-image aligncenter size-full is-resized\"><a href=\"https:\/\/serveiseducatius.xtec.cat\/santacolomag\/general\/maletes-pedagogiques-i-maquinari-2025-2026\/\"><img loading=\"lazy\" decoding=\"async\" width=\"180\" height=\"120\" src=\"https:\/\/serveiseducatius.xtec.cat\/santacolomag\/wp-content\/uploads\/usu1183\/2025\/01\/maletes-300x200-e1568284291448.png\" alt=\"\" class=\"wp-image-21321\" style=\"width:243px;height:auto\"\/><\/a><\/figure>\n\n\n\n<p>El pr\u00e9stec podr\u00e0 ser per a tot un trimestre. Aquest per\u00edode de pr\u00e9stec es podr\u00e0 ampliar en funci\u00f3 de les necessitats del centre i de la demanda.<\/p>\n\n\n\n<ul class=\"wp-block-list\">\n<li><strong><a href=\"https:\/\/serveiseducatius.xtec.cat\/santacolomag\/maletes-pedagogiques-2\/\">Maletes pedag\u00f2giques disponibles<\/a>. Es pot fer la demanda a trav\u00e9s d\u2019aquest\u00a0<a href=\"https:\/\/forms.gle\/1joPCEUSDpxAwDeB6\">formulari.<\/a><\/strong><\/li>\n\n\n\n<li><strong><a href=\"https:\/\/serveiseducatius.xtec.cat\/santacolomag\/maquinari\/\">Maquinari disponible\u00a0<\/a>\u00a0Es pot fer la demanda a trav\u00e9s d\u2019aquest\u00a0<a href=\"https:\/\/docs.google.com\/forms\/d\/e\/1FAIpQLSe8nYbQ26eyqWeD_LsJxtYL_7mHeF2n5Tvg4NB1VoDE_vCHmQ\/viewform?usp=dialog\">formulari.<\/a><\/strong><\/li>\n<\/ul>\n<\/div>\n\n\n\n<div class=\"wp-block-column is-layout-flow wp-block-column-is-layout-flow\"><\/div>\n<\/div>\n","protected":false},"excerpt":{"rendered":"<p>IX Trobada pedag\u00f2gica: Reptes\u00a0i\u00a0possibilitats\u00a0de l\u2019IA\u00a0a l\u2019educaci\u00f3 i l\u2019aula: recursos i estrat\u00e8gies Confer\u00e8ncia \u201cReptes\u00a0i\u00a0possibilitats\u00a0de l\u2019IA\u00a0a l\u2019educaci\u00f3 i l\u2019aula: recursos i estrat\u00e8gies\u201d [&hellip;]<\/p>\n","protected":false},"author":4,"featured_media":0,"parent":0,"menu_order":0,"comment_status":"closed","ping_status":"close","template":"","meta":{"_bbp_topic_count":0,"_bbp_reply_count":0,"_bbp_total_topic_count":0,"_bbp_total_reply_count":0,"_bbp_voice_count":0,"_bbp_anonymous_reply_count":0,"_bbp_topic_count_hidden":0,"_bbp_reply_count_hidden":0,"_bbp_forum_subforum_count":0,"site-sidebar-layout":"no-sidebar","site-content-layout":"","ast-site-content-layout":"default","site-content-style":"default","site-sidebar-style":"default","ast-global-header-display":"","ast-banner-title-visibility":"","ast-main-header-display":"","ast-hfb-above-header-display":"","ast-hfb-below-header-display":"","ast-hfb-mobile-header-display":"","site-post-title":"","ast-breadcrumbs-content":"","ast-featured-img":"","footer-sml-layout":"","theme-transparent-header-meta":"","adv-header-id-meta":"","stick-header-meta":"","header-above-stick-meta":"","header-main-stick-meta":"","header-below-stick-meta":"","astra-migrate-meta-layouts":"set","ast-page-background-enabled":"default","ast-page-background-meta":{"desktop":{"background-color":"var(--ast-global-color-4)","background-image":"","background-repeat":"repeat","background-position":"center center","background-size":"auto","background-attachment":"scroll","background-type":"","background-media":"","overlay-type":"","overlay-color":"","overlay-opacity":"","overlay-gradient":""},"tablet":{"background-color":"","background-image":"","background-repeat":"repeat","background-position":"center center","background-size":"auto","background-attachment":"scroll","background-type":"","background-media":"","overlay-type":"","overlay-color":"","overlay-opacity":"","overlay-gradient":""},"mobile":{"background-color":"","background-image":"","background-repeat":"repeat","background-position":"center center","background-size":"auto","background-attachment":"scroll","background-type":"","background-media":"","overlay-type":"","overlay-color":"","overlay-opacity":"","overlay-gradient":""}},"ast-content-background-meta":{"desktop":{"background-color":"var(--ast-global-color-5)","background-image":"","background-repeat":"repeat","background-position":"center center","background-size":"auto","background-attachment":"scroll","background-type":"","background-media":"","overlay-type":"","overlay-color":"","overlay-opacity":"","overlay-gradient":""},"tablet":{"background-color":"var(--ast-global-color-5)","background-image":"","background-repeat":"repeat","background-position":"center center","background-size":"auto","background-attachment":"scroll","background-type":"","background-media":"","overlay-type":"","overlay-color":"","overlay-opacity":"","overlay-gradient":""},"mobile":{"background-color":"var(--ast-global-color-5)","background-image":"","background-repeat":"repeat","background-position":"center center","background-size":"auto","background-attachment":"scroll","background-type":"","background-media":"","overlay-type":"","overlay-color":"","overlay-opacity":"","overlay-gradient":""}},"footnotes":""},"class_list":["post-22809","page","type-page","status-publish","hentry"],"post_mailing_queue_ids":[],"_links":{"self":[{"href":"https:\/\/serveiseducatius.xtec.cat\/santacolomag\/wp-json\/wp\/v2\/pages\/22809","targetHints":{"allow":["GET"]}}],"collection":[{"href":"https:\/\/serveiseducatius.xtec.cat\/santacolomag\/wp-json\/wp\/v2\/pages"}],"about":[{"href":"https:\/\/serveiseducatius.xtec.cat\/santacolomag\/wp-json\/wp\/v2\/types\/page"}],"author":[{"embeddable":true,"href":"https:\/\/serveiseducatius.xtec.cat\/santacolomag\/wp-json\/wp\/v2\/users\/4"}],"replies":[{"embeddable":true,"href":"https:\/\/serveiseducatius.xtec.cat\/santacolomag\/wp-json\/wp\/v2\/comments?post=22809"}],"version-history":[{"count":4,"href":"https:\/\/serveiseducatius.xtec.cat\/santacolomag\/wp-json\/wp\/v2\/pages\/22809\/revisions"}],"predecessor-version":[{"id":22825,"href":"https:\/\/serveiseducatius.xtec.cat\/santacolomag\/wp-json\/wp\/v2\/pages\/22809\/revisions\/22825"}],"wp:attachment":[{"href":"https:\/\/serveiseducatius.xtec.cat\/santacolomag\/wp-json\/wp\/v2\/media?parent=22809"}],"curies":[{"name":"wp","href":"https:\/\/api.w.org\/{rel}","templated":true}]}}