{"id":22541,"date":"2025-06-18T13:24:49","date_gmt":"2025-06-18T11:24:49","guid":{"rendered":"https:\/\/serveiseducatius.xtec.cat\/santacolomag\/?page_id=22541"},"modified":"2025-06-19T13:30:31","modified_gmt":"2025-06-19T11:30:31","slug":"horari-i-calendari-2025-2026","status":"publish","type":"page","link":"https:\/\/serveiseducatius.xtec.cat\/santacolomag\/horari-i-calendari-2025-2026\/","title":{"rendered":"Horari i calendari 2025-2026"},"content":{"rendered":"\n<p>L\u2019horari d\u2019atenci\u00f3 al p\u00fablic \u00e9s de dilluns a divendres<\/p>\n\n\n\n<ul class=\"wp-block-list\">\n<li>Mat\u00ed: de<strong>&nbsp;9<\/strong>&nbsp;a&nbsp;<strong>14&nbsp;<\/strong>h<\/li>\n\n\n\n<li>Tarda de dilluns a dijous: de<strong>&nbsp;15<\/strong>&nbsp;a&nbsp;<strong>17:15<\/strong>h i en hores convingudes<\/li>\n\n\n\n<li>Tarda de divendres: de&nbsp;<strong>15 a 17:15h amb cita pr\u00e8via<\/strong><\/li>\n<\/ul>\n\n\n\n<p>Horari intensiu, de&nbsp;<strong>9<\/strong>&nbsp;a&nbsp;<strong>14<\/strong>&nbsp;h:<\/p>\n\n\n\n<ul class=\"wp-block-list\">\n<li>De l\u20191 al 5 de setembre<\/li>\n\n\n\n<li>19 de desembre<\/li>\n\n\n\n<li>Del 8 de juny al 15 de juliol<\/li>\n<\/ul>\n\n\n\n<figure class=\"wp-block-image alignleft size-large is-resized\"><a href=\"https:\/\/drive.google.com\/file\/d\/1R4PNDRnph0848JlnApWsIYBYDuDmS8Hj\/view?usp=drive_link\"><img loading=\"lazy\" decoding=\"async\" width=\"723\" height=\"1024\" src=\"https:\/\/serveiseducatius.xtec.cat\/santacolomag\/wp-content\/uploads\/usu1183\/2025\/06\/calendari-escolar-25-26-Santa-Coloma_page-0001-723x1024.jpg\" alt=\"\" class=\"wp-image-22558\" style=\"width:429px;height:auto\" srcset=\"https:\/\/serveiseducatius.xtec.cat\/santacolomag\/wp-content\/uploads\/usu1183\/2025\/06\/calendari-escolar-25-26-Santa-Coloma_page-0001-723x1024.jpg 723w, https:\/\/serveiseducatius.xtec.cat\/santacolomag\/wp-content\/uploads\/usu1183\/2025\/06\/calendari-escolar-25-26-Santa-Coloma_page-0001-212x300.jpg 212w, https:\/\/serveiseducatius.xtec.cat\/santacolomag\/wp-content\/uploads\/usu1183\/2025\/06\/calendari-escolar-25-26-Santa-Coloma_page-0001-768x1088.jpg 768w, https:\/\/serveiseducatius.xtec.cat\/santacolomag\/wp-content\/uploads\/usu1183\/2025\/06\/calendari-escolar-25-26-Santa-Coloma_page-0001-1085x1536.jpg 1085w, https:\/\/serveiseducatius.xtec.cat\/santacolomag\/wp-content\/uploads\/usu1183\/2025\/06\/calendari-escolar-25-26-Santa-Coloma_page-0001.jpg 1240w\" sizes=\"auto, (max-width: 723px) 100vw, 723px\" \/><\/a><\/figure>\n\n\n\n<p>El nostre servei educatiu romandr\u00e0 tancat al p\u00fablic, a m\u00e9s a m\u00e9s dels per\u00edodes de vacances escolars (del 22 de desembre de 2025 al 7 de gener de 2026 i del 30 de mar\u00e7 de 2026 al 6 d\u2019abril de 2025) i dels dies de festes laborals oficials a Catalunya, els seg\u00fcents dies de festa local i de lliure disposici\u00f3, acordats pel Consell Escolar Municipal de Santa Coloma de Gramenet (Podeu consultar tamb\u00e9 el calendari en format <a href=\"https:\/\/drive.google.com\/file\/d\/1R4PNDRnph0848JlnApWsIYBYDuDmS8Hj\/view?usp=drive_link\">PDF<\/a><strong>)<\/strong>:<\/p>\n\n\n\n<p><\/p>\n\n\n\n<ul class=\"wp-block-list\">\n<li>24 de setembre de 2025 (festa local)<\/li>\n\n\n\n<li>3 de novembre de 2025 (festa de lliure disposici\u00f3)<\/li>\n\n\n\n<li>5 de desembre de 2025 (festa de lliure disposici\u00f3)<\/li>\n\n\n\n<li>16 de febrer de 2026 (festa de lliure disposici\u00f3)<\/li>\n\n\n\n<li>4 de maig de 2026 (festa de lliure disposici\u00f3)<\/li>\n\n\n\n<li>25 de maig de 2026 (festa de local)<\/li>\n<\/ul>\n","protected":false},"excerpt":{"rendered":"<p>L\u2019horari d\u2019atenci\u00f3 al p\u00fablic \u00e9s de dilluns a divendres Horari intensiu, de&nbsp;9&nbsp;a&nbsp;14&nbsp;h: El nostre servei educatiu romandr\u00e0 tancat al p\u00fablic, [&hellip;]<\/p>\n","protected":false},"author":4,"featured_media":0,"parent":0,"menu_order":0,"comment_status":"closed","ping_status":"close","template":"","meta":{"_bbp_topic_count":0,"_bbp_reply_count":0,"_bbp_total_topic_count":0,"_bbp_total_reply_count":0,"_bbp_voice_count":0,"_bbp_anonymous_reply_count":0,"_bbp_topic_count_hidden":0,"_bbp_reply_count_hidden":0,"_bbp_forum_subforum_count":0,"site-sidebar-layout":"default","site-content-layout":"","ast-site-content-layout":"default","site-content-style":"default","site-sidebar-style":"default","ast-global-header-display":"","ast-banner-title-visibility":"","ast-main-header-display":"","ast-hfb-above-header-display":"","ast-hfb-below-header-display":"","ast-hfb-mobile-header-display":"","site-post-title":"","ast-breadcrumbs-content":"","ast-featured-img":"","footer-sml-layout":"","theme-transparent-header-meta":"","adv-header-id-meta":"","stick-header-meta":"","header-above-stick-meta":"","header-main-stick-meta":"","header-below-stick-meta":"","astra-migrate-meta-layouts":"set","ast-page-background-enabled":"default","ast-page-background-meta":{"desktop":{"background-color":"var(--ast-global-color-4)","background-image":"","background-repeat":"repeat","background-position":"center center","background-size":"auto","background-attachment":"scroll","background-type":"","background-media":"","overlay-type":"","overlay-color":"","overlay-opacity":"","overlay-gradient":""},"tablet":{"background-color":"","background-image":"","background-repeat":"repeat","background-position":"center center","background-size":"auto","background-attachment":"scroll","background-type":"","background-media":"","overlay-type":"","overlay-color":"","overlay-opacity":"","overlay-gradient":""},"mobile":{"background-color":"","background-image":"","background-repeat":"repeat","background-position":"center center","background-size":"auto","background-attachment":"scroll","background-type":"","background-media":"","overlay-type":"","overlay-color":"","overlay-opacity":"","overlay-gradient":""}},"ast-content-background-meta":{"desktop":{"background-color":"var(--ast-global-color-5)","background-image":"","background-repeat":"repeat","background-position":"center center","background-size":"auto","background-attachment":"scroll","background-type":"","background-media":"","overlay-type":"","overlay-color":"","overlay-opacity":"","overlay-gradient":""},"tablet":{"background-color":"var(--ast-global-color-5)","background-image":"","background-repeat":"repeat","background-position":"center center","background-size":"auto","background-attachment":"scroll","background-type":"","background-media":"","overlay-type":"","overlay-color":"","overlay-opacity":"","overlay-gradient":""},"mobile":{"background-color":"var(--ast-global-color-5)","background-image":"","background-repeat":"repeat","background-position":"center center","background-size":"auto","background-attachment":"scroll","background-type":"","background-media":"","overlay-type":"","overlay-color":"","overlay-opacity":"","overlay-gradient":""}},"footnotes":""},"class_list":["post-22541","page","type-page","status-publish","hentry"],"post_mailing_queue_ids":[],"_links":{"self":[{"href":"https:\/\/serveiseducatius.xtec.cat\/santacolomag\/wp-json\/wp\/v2\/pages\/22541","targetHints":{"allow":["GET"]}}],"collection":[{"href":"https:\/\/serveiseducatius.xtec.cat\/santacolomag\/wp-json\/wp\/v2\/pages"}],"about":[{"href":"https:\/\/serveiseducatius.xtec.cat\/santacolomag\/wp-json\/wp\/v2\/types\/page"}],"author":[{"embeddable":true,"href":"https:\/\/serveiseducatius.xtec.cat\/santacolomag\/wp-json\/wp\/v2\/users\/4"}],"replies":[{"embeddable":true,"href":"https:\/\/serveiseducatius.xtec.cat\/santacolomag\/wp-json\/wp\/v2\/comments?post=22541"}],"version-history":[{"count":5,"href":"https:\/\/serveiseducatius.xtec.cat\/santacolomag\/wp-json\/wp\/v2\/pages\/22541\/revisions"}],"predecessor-version":[{"id":22562,"href":"https:\/\/serveiseducatius.xtec.cat\/santacolomag\/wp-json\/wp\/v2\/pages\/22541\/revisions\/22562"}],"wp:attachment":[{"href":"https:\/\/serveiseducatius.xtec.cat\/santacolomag\/wp-json\/wp\/v2\/media?parent=22541"}],"curies":[{"name":"wp","href":"https:\/\/api.w.org\/{rel}","templated":true}]}}