{"id":19543,"date":"2023-07-07T13:21:55","date_gmt":"2023-07-07T11:21:55","guid":{"rendered":"https:\/\/serveiseducatius.xtec.cat\/santacolomag\/?page_id=19543"},"modified":"2026-09-04T10:08:32","modified_gmt":"2026-09-04T08:08:32","slug":"formacio-interzonal-2023-2024-badalona-st-adria-santa-coloma","status":"publish","type":"page","link":"https:\/\/serveiseducatius.xtec.cat\/santacolomag\/formacio-interzonal-2023-2024-badalona-st-adria-santa-coloma\/","title":{"rendered":"Formaci\u00f3 Interzonal 2026-2027 (Badalona, Sant Adri\u00e0 i Santa Coloma)"},"content":{"rendered":"\n<p><strong>Activitats interzonals per a docents de Badalona, Sant Adri\u00e0 de Bes\u00f2s i Santa Coloma de Gramenet<br>Curs 2026-2027<\/strong>  <\/p>\n\n\n\n<ul class=\"wp-block-list\">\n<li><a href=\"https:\/\/aplicacions.gestioeducativa.gencat.cat\/ords\/pls\/soloas\/pk_for_mod_ins.p_for_detall_activitat?p_header=Llista%20d%27activitats%5Epk_for_mod_ins.p_for_cons_activitats?p_crp=206%26p_crp_txt=Ciutat%20de%20Sant%20Adri%C2%BF%20del%20Bes%C2%BFs%26p_any=2026-2027%26p_totes=S%26p_inici=11%26p_excloure_crp_rec=T&amp;p_codi=2061011206&amp;p_curs=2026-2027&amp;p_excloure_crp_rec=T\" target=\"_blank\" rel=\"noreferrer noopener\">Oralitat: teoria i estrat\u00e8gies pedag\u00f2giques per l&#8217;aula<\/a><\/li>\n\n\n\n<li><a href=\"https:\/\/aplicacions.gestioeducativa.gencat.cat\/ords\/pls\/soloas\/pk_for_mod_ins.p_for_detall_activitat?p_header=Llista%20d%27activitats%5Epk_for_mod_ins.p_for_cons_activitats?p_crp=206%26p_crp_txt=Ciutat%20de%20Sant%20Adri%C2%BF%20del%20Bes%C2%BFs%26p_any=2026-2027%26p_totes=S%26p_inici=11%26p_excloure_crp_rec=T&amp;p_codi=2061020532&amp;p_curs=2026-2027&amp;p_excloure_crp_rec=T\" target=\"_blank\" rel=\"noreferrer noopener\">AraMat 1. Saber m\u00e9s matem\u00e0tiques per ensenyar-les millor<\/a><\/li>\n\n\n\n<li><a href=\"https:\/\/aplicacions.gestioeducativa.gencat.cat\/ords\/pls\/gafoas\/pk_for_mod_res.p_for_cons_activitats?p_header=Men%C3%BA%5Epk_for_mod_menu.p_for_opcions_menu?p_perfil=RES*Cerca%20d%27activitats%5Epk_for_mod_res.p_for_form_cons_res?p_submit=Llistar%2520activitat\/s*Llista%20d%27activitats%5Epk_for_mod_res.p_for_cons_activitats?p_curs=2026-2027%26p_curs_txt=2026-2027%26p_paginar=N%26p_page_size=10%26p_submit=Llistar%20activitat\/s%26p_ordre=C%26p_inici=1&amp;p_codi=2042010532&amp;p_curs=2026-2027\" target=\"_blank\" rel=\"noreferrer noopener\">AraMat 2. Saber m\u00e9s matem\u00e0tiques per ensenyar-les millor<\/a>\u00a02n torn<\/li>\n\n\n\n<li><a href=\"https:\/\/aplicacions.gestioeducativa.gencat.cat\/ords\/pls\/soloas\/pk_for_mod_ins.p_for_detall_activitat?p_header=Llista%20d%27activitats%5Epk_for_mod_ins.p_for_cons_activitats?p_crp=206%26p_crp_txt=Ciutat%20de%20Sant%20Adri%C2%BF%20del%20Bes%C2%BFs%26p_any=2026-2027%26p_totes=S%26p_inici=11%26p_excloure_crp_rec=T&amp;p_codi=2061030532&amp;p_curs=2026-2027&amp;p_excloure_crp_rec=T\" target=\"_blank\" rel=\"noreferrer noopener\">Tallers en Centre de Matem\u00e0tiques a Secund\u00e0ria<\/a>&nbsp; <\/li>\n\n\n\n<li><a href=\"https:\/\/aplicacions.gestioeducativa.gencat.cat\/ords\/pls\/soloas\/pk_for_mod_ins.p_for_detall_activitat?p_header=Llista%20d%27activitats^pk_for_mod_ins.p_for_cons_activitats?p_crp=207%26p_any=2026-2027%26p_totes=s%26p_inici=11%26p_excloure_crp_rec=F&amp;p_codi=2071050509&amp;p_curs=2026-2027&amp;p_excloure_crp_rec=F\">Escacs a l&#8217;escola 1<\/a><\/li>\n\n\n\n<li><a href=\"https:\/\/aplicacions.gestioeducativa.gencat.cat\/ords\/pls\/soloas\/pk_for_mod_ins.p_for_detall_activitat?p_header=Llista%20d%27activitats%5Epk_for_mod_ins.p_for_cons_activitats?p_crp=206%26p_crp_txt=Ciutat%20de%20Sant%20Adri%C2%BF%20del%20Bes%C2%BFs%26p_any=2026-2027%26p_totes=S%26p_inici=21%26p_excloure_crp_rec=T&amp;p_codi=2061060509&amp;p_curs=2026-2027&amp;p_excloure_crp_rec=T\" target=\"_blank\" rel=\"noreferrer noopener\">Escacs a l&#8217;escola 2<\/a><\/li>\n\n\n\n<li><a href=\"https:\/\/aplicacions.gestioeducativa.gencat.cat\/ords\/pls\/soloas\/pk_for_mod_ins.p_for_detall_activitat?p_header=Llista%20d%27activitats^pk_for_mod_ins.p_for_cons_activitats?p_crp=204%26p_any=2026-2027%26p_modalitat=10%26p_totes=s%26p_inici=1%26p_excloure_crp_rec=F&amp;p_codi=2042020509&amp;p_curs=2026-2027&amp;p_excloure_crp_rec=F\">Escacs a l&#8217;escola 3<\/a> 2n torn<\/li>\n\n\n\n<li><a href=\"https:\/\/aplicacions.gestioeducativa.gencat.cat\/ords\/pls\/soloas\/pk_for_mod_ins.p_for_detall_activitat?p_header=Llista%20d%27activitats%5Epk_for_mod_ins.p_for_cons_activitats?p_crp=206%26p_crp_txt=Ciutat%20de%20Sant%20Adri%C2%BF%20del%20Bes%C2%BFs%26p_any=2026-2027%26p_totes=S%26p_inici=1%26p_excloure_crp_rec=T&amp;p_codi=2060101206&amp;p_curs=2026-2027&amp;p_excloure_crp_rec=T\" target=\"_blank\" rel=\"noreferrer noopener\">Robocodi 2027 &#8211; Mostra de rob\u00f2tica i programaci\u00f3 de Sant Adri\u00e0 i Santa Coloma<\/a><\/li>\n\n\n\n<li><a href=\"https:\/\/aplicacions.gestioeducativa.gencat.cat\/ords\/pls\/soloas\/pk_for_mod_ins.p_for_detall_activitat?p_header=Llista%20d%27activitats%5Epk_for_mod_ins.p_for_cons_activitats?p_crp=206%26p_crp_txt=Ciutat%20de%20Sant%20Adri%C2%BF%20del%20Bes%C2%BFs%26p_any=2026-2027%26p_totes=S%26p_inici=11%26p_excloure_crp_rec=T&amp;p_codi=2060110519&amp;p_curs=2026-2027&amp;p_excloure_crp_rec=T\" target=\"_blank\" rel=\"noreferrer noopener\">Seminari de Coordinadors\/es coeducaci\u00f3 conviv\u00e8ncia i benestar<\/a><\/li>\n\n\n\n<li><a href=\"https:\/\/aplicacions.gestioeducativa.gencat.cat\/ords\/pls\/gafoas\/pk_for_mod_res.p_for_cons_activitats?p_header=Men%C3%BA%5Epk_for_mod_menu.p_for_opcions_menu?p_perfil=RES*Cerca%20d%27activitats%5Epk_for_mod_res.p_for_form_cons_res?p_submit=Llistar%2520activitat\/s*Llista%20d%27activitats%5Epk_for_mod_res.p_for_cons_activitats?p_curs=2026-2027%26p_curs_txt=2026-2027%26p_paginar=N%26p_page_size=10%26p_submit=Llistar%20activitat\/s%26p_ordre=C%26p_inici=1&amp;p_codi=2042061204&amp;p_curs=2026-2027\" target=\"_blank\" rel=\"noreferrer noopener\">Disseny 3D per a la inclusi\u00f3<\/a>&nbsp;&nbsp;<\/li>\n\n\n\n<li><a href=\"https:\/\/aplicacions.gestioeducativa.gencat.cat\/ords\/pls\/gafoas\/pk_for_mod_mant_activitat.p_for_edit_activitat?p_header=Men%C3%BA%5Epk_for_mod_menu.p_for_opcions_menu?p_perfil=RES*Manteniment%20d%27activitats%5Epk_for_mod_mant_activitat.p_for_form_selec_activitat*Llista%20d%27activitats%5Epk_for_mod_mant_activitat.p_for_llista_activitats?p_curs=2025-2026%26p_inici=121*Manteniment%20d%27activitats%5Epk_for_mod_mant_activitat.p_for_form_selec_activitat?p_status=A7*Llista%20d%27activitats%5Epk_for_mod_mant_activitat.p_for_llista_activitats?p_curs=2026-2027%26p_inici=61&amp;p_codi=2042031204&amp;p_curs=2026-2027&amp;p_modalitat_gestio=5\" target=\"_blank\" rel=\"noreferrer noopener\">M\u00e0gia i educaci\u00f3<\/a>\u00a0\u00a02n torn<\/li>\n<\/ul>\n\n\n\n<p><a href=\"https:\/\/aplicacions.gestioeducativa.gencat.cat\/ords\/pls\/soloas\/pk_for_mod_ins.p_for_cons_activitats?p_any=2026-2027&amp;p_totes=s&amp;p_crp=200\">Activitats formatives del Servei Territorial de Barcelona Comarques&nbsp;<\/a><\/p>\n\n\n\n<p><\/p>\n","protected":false},"excerpt":{"rendered":"<p>Activitats interzonals per a docents de Badalona, Sant Adri\u00e0 de Bes\u00f2s i Santa Coloma de GramenetCurs 2026-2027 Activitats formatives del [&hellip;]<\/p>\n","protected":false},"author":4,"featured_media":0,"parent":0,"menu_order":0,"comment_status":"closed","ping_status":"closed","template":"","meta":{"_bbp_topic_count":0,"_bbp_reply_count":0,"_bbp_total_topic_count":0,"_bbp_total_reply_count":0,"_bbp_voice_count":0,"_bbp_anonymous_reply_count":0,"_bbp_topic_count_hidden":0,"_bbp_reply_count_hidden":0,"_bbp_forum_subforum_count":0,"site-sidebar-layout":"default","site-content-layout":"","ast-site-content-layout":"default","site-content-style":"default","site-sidebar-style":"default","ast-global-header-display":"","ast-banner-title-visibility":"","ast-main-header-display":"","ast-hfb-above-header-display":"","ast-hfb-below-header-display":"","ast-hfb-mobile-header-display":"","site-post-title":"","ast-breadcrumbs-content":"","ast-featured-img":"","footer-sml-layout":"","theme-transparent-header-meta":"","adv-header-id-meta":"","stick-header-meta":"","header-above-stick-meta":"","header-main-stick-meta":"","header-below-stick-meta":"","astra-migrate-meta-layouts":"set","ast-page-background-enabled":"default","ast-page-background-meta":{"desktop":{"background-color":"var(--ast-global-color-4)","background-image":"","background-repeat":"repeat","background-position":"center center","background-size":"auto","background-attachment":"scroll","background-type":"","background-media":"","overlay-type":"","overlay-color":"","overlay-opacity":"","overlay-gradient":""},"tablet":{"background-color":"","background-image":"","background-repeat":"repeat","background-position":"center center","background-size":"auto","background-attachment":"scroll","background-type":"","background-media":"","overlay-type":"","overlay-color":"","overlay-opacity":"","overlay-gradient":""},"mobile":{"background-color":"","background-image":"","background-repeat":"repeat","background-position":"center center","background-size":"auto","background-attachment":"scroll","background-type":"","background-media":"","overlay-type":"","overlay-color":"","overlay-opacity":"","overlay-gradient":""}},"ast-content-background-meta":{"desktop":{"background-color":"var(--ast-global-color-5)","background-image":"","background-repeat":"repeat","background-position":"center center","background-size":"auto","background-attachment":"scroll","background-type":"","background-media":"","overlay-type":"","overlay-color":"","overlay-opacity":"","overlay-gradient":""},"tablet":{"background-color":"var(--ast-global-color-5)","background-image":"","background-repeat":"repeat","background-position":"center center","background-size":"auto","background-attachment":"scroll","background-type":"","background-media":"","overlay-type":"","overlay-color":"","overlay-opacity":"","overlay-gradient":""},"mobile":{"background-color":"var(--ast-global-color-5)","background-image":"","background-repeat":"repeat","background-position":"center center","background-size":"auto","background-attachment":"scroll","background-type":"","background-media":"","overlay-type":"","overlay-color":"","overlay-opacity":"","overlay-gradient":""}},"footnotes":""},"class_list":["post-19543","page","type-page","status-publish","hentry"],"post_mailing_queue_ids":[],"_links":{"self":[{"href":"https:\/\/serveiseducatius.xtec.cat\/santacolomag\/wp-json\/wp\/v2\/pages\/19543","targetHints":{"allow":["GET"]}}],"collection":[{"href":"https:\/\/serveiseducatius.xtec.cat\/santacolomag\/wp-json\/wp\/v2\/pages"}],"about":[{"href":"https:\/\/serveiseducatius.xtec.cat\/santacolomag\/wp-json\/wp\/v2\/types\/page"}],"author":[{"embeddable":true,"href":"https:\/\/serveiseducatius.xtec.cat\/santacolomag\/wp-json\/wp\/v2\/users\/4"}],"replies":[{"embeddable":true,"href":"https:\/\/serveiseducatius.xtec.cat\/santacolomag\/wp-json\/wp\/v2\/comments?post=19543"}],"version-history":[{"count":6,"href":"https:\/\/serveiseducatius.xtec.cat\/santacolomag\/wp-json\/wp\/v2\/pages\/19543\/revisions"}],"predecessor-version":[{"id":24504,"href":"https:\/\/serveiseducatius.xtec.cat\/santacolomag\/wp-json\/wp\/v2\/pages\/19543\/revisions\/24504"}],"wp:attachment":[{"href":"https:\/\/serveiseducatius.xtec.cat\/santacolomag\/wp-json\/wp\/v2\/media?parent=19543"}],"curies":[{"name":"wp","href":"https:\/\/api.w.org\/{rel}","templated":true}]}}

Formació Interzonal 2026-2027 (Badalona, Sant Adrià i Santa Coloma)

<p><strong>Activitats interzonals per a docents de Badalona, Sant Adrià de Besòs i Santa Coloma de Gramenet<br>Curs 2026-2027</strong>  </p>



<ul class="wp-block-list">
<li><a href="https://aplicacions.gestioeducativa.gencat.cat/ords/pls/soloas/pk_for_mod_ins.p_for_detall_activitat?p_header=Llista%20d%27activitats%5Epk_for_mod_ins.p_for_cons_activitats?p_crp=206%26p_crp_txt=Ciutat%20de%20Sant%20Adri%C2%BF%20del%20Bes%C2%BFs%26p_any=2026-2027%26p_totes=S%26p_inici=11%26p_excloure_crp_rec=T&amp;p_codi=2061011206&amp;p_curs=2026-2027&amp;p_excloure_crp_rec=T" target="_blank" rel="noreferrer noopener">Oralitat: teoria i estratègies pedagògiques per l&#8217;aula</a></li>



<li><a href="https://aplicacions.gestioeducativa.gencat.cat/ords/pls/soloas/pk_for_mod_ins.p_for_detall_activitat?p_header=Llista%20d%27activitats%5Epk_for_mod_ins.p_for_cons_activitats?p_crp=206%26p_crp_txt=Ciutat%20de%20Sant%20Adri%C2%BF%20del%20Bes%C2%BFs%26p_any=2026-2027%26p_totes=S%26p_inici=11%26p_excloure_crp_rec=T&amp;p_codi=2061020532&amp;p_curs=2026-2027&amp;p_excloure_crp_rec=T" target="_blank" rel="noreferrer noopener">AraMat 1. Saber més matemàtiques per ensenyar-les millor</a></li>



<li><a href="https://aplicacions.gestioeducativa.gencat.cat/ords/pls/gafoas/pk_for_mod_res.p_for_cons_activitats?p_header=Men%C3%BA%5Epk_for_mod_menu.p_for_opcions_menu?p_perfil=RES*Cerca%20d%27activitats%5Epk_for_mod_res.p_for_form_cons_res?p_submit=Llistar%2520activitat/s*Llista%20d%27activitats%5Epk_for_mod_res.p_for_cons_activitats?p_curs=2026-2027%26p_curs_txt=2026-2027%26p_paginar=N%26p_page_size=10%26p_submit=Llistar%20activitat/s%26p_ordre=C%26p_inici=1&amp;p_codi=2042010532&amp;p_curs=2026-2027" target="_blank" rel="noreferrer noopener">AraMat 2. Saber més matemàtiques per ensenyar-les millor</a> 2n torn</li>



<li><a href="https://aplicacions.gestioeducativa.gencat.cat/ords/pls/soloas/pk_for_mod_ins.p_for_detall_activitat?p_header=Llista%20d%27activitats%5Epk_for_mod_ins.p_for_cons_activitats?p_crp=206%26p_crp_txt=Ciutat%20de%20Sant%20Adri%C2%BF%20del%20Bes%C2%BFs%26p_any=2026-2027%26p_totes=S%26p_inici=11%26p_excloure_crp_rec=T&amp;p_codi=2061030532&amp;p_curs=2026-2027&amp;p_excloure_crp_rec=T" target="_blank" rel="noreferrer noopener">Tallers en Centre de Matemàtiques a Secundària</a>&nbsp; </li>



<li><a href="https://aplicacions.gestioeducativa.gencat.cat/ords/pls/soloas/pk_for_mod_ins.p_for_detall_activitat?p_header=Llista%20d%27activitats^pk_for_mod_ins.p_for_cons_activitats?p_crp=207%26p_any=2026-2027%26p_totes=s%26p_inici=11%26p_excloure_crp_rec=F&amp;p_codi=2071050509&amp;p_curs=2026-2027&amp;p_excloure_crp_rec=F">Escacs a l&#8217;escola 1</a></li>



<li><a href="https://aplicacions.gestioeducativa.gencat.cat/ords/pls/soloas/pk_for_mod_ins.p_for_detall_activitat?p_header=Llista%20d%27activitats%5Epk_for_mod_ins.p_for_cons_activitats?p_crp=206%26p_crp_txt=Ciutat%20de%20Sant%20Adri%C2%BF%20del%20Bes%C2%BFs%26p_any=2026-2027%26p_totes=S%26p_inici=21%26p_excloure_crp_rec=T&amp;p_codi=2061060509&amp;p_curs=2026-2027&amp;p_excloure_crp_rec=T" target="_blank" rel="noreferrer noopener">Escacs a l&#8217;escola 2</a></li>



<li><a href="https://aplicacions.gestioeducativa.gencat.cat/ords/pls/soloas/pk_for_mod_ins.p_for_detall_activitat?p_header=Llista%20d%27activitats^pk_for_mod_ins.p_for_cons_activitats?p_crp=204%26p_any=2026-2027%26p_modalitat=10%26p_totes=s%26p_inici=1%26p_excloure_crp_rec=F&amp;p_codi=2042020509&amp;p_curs=2026-2027&amp;p_excloure_crp_rec=F">Escacs a l&#8217;escola 3</a> 2n torn</li>



<li><a href="https://aplicacions.gestioeducativa.gencat.cat/ords/pls/soloas/pk_for_mod_ins.p_for_detall_activitat?p_header=Llista%20d%27activitats%5Epk_for_mod_ins.p_for_cons_activitats?p_crp=206%26p_crp_txt=Ciutat%20de%20Sant%20Adri%C2%BF%20del%20Bes%C2%BFs%26p_any=2026-2027%26p_totes=S%26p_inici=1%26p_excloure_crp_rec=T&amp;p_codi=2060101206&amp;p_curs=2026-2027&amp;p_excloure_crp_rec=T" target="_blank" rel="noreferrer noopener">Robocodi 2027 &#8211; Mostra de robòtica i programació de Sant Adrià i Santa Coloma</a></li>



<li><a href="https://aplicacions.gestioeducativa.gencat.cat/ords/pls/soloas/pk_for_mod_ins.p_for_detall_activitat?p_header=Llista%20d%27activitats%5Epk_for_mod_ins.p_for_cons_activitats?p_crp=206%26p_crp_txt=Ciutat%20de%20Sant%20Adri%C2%BF%20del%20Bes%C2%BFs%26p_any=2026-2027%26p_totes=S%26p_inici=11%26p_excloure_crp_rec=T&amp;p_codi=2060110519&amp;p_curs=2026-2027&amp;p_excloure_crp_rec=T" target="_blank" rel="noreferrer noopener">Seminari de Coordinadors/es coeducació convivència i benestar</a></li>



<li><a href="https://aplicacions.gestioeducativa.gencat.cat/ords/pls/gafoas/pk_for_mod_res.p_for_cons_activitats?p_header=Men%C3%BA%5Epk_for_mod_menu.p_for_opcions_menu?p_perfil=RES*Cerca%20d%27activitats%5Epk_for_mod_res.p_for_form_cons_res?p_submit=Llistar%2520activitat/s*Llista%20d%27activitats%5Epk_for_mod_res.p_for_cons_activitats?p_curs=2026-2027%26p_curs_txt=2026-2027%26p_paginar=N%26p_page_size=10%26p_submit=Llistar%20activitat/s%26p_ordre=C%26p_inici=1&amp;p_codi=2042061204&amp;p_curs=2026-2027" target="_blank" rel="noreferrer noopener">Disseny 3D per a la inclusió</a>&nbsp;&nbsp;</li>



<li><a href="https://aplicacions.gestioeducativa.gencat.cat/ords/pls/gafoas/pk_for_mod_mant_activitat.p_for_edit_activitat?p_header=Men%C3%BA%5Epk_for_mod_menu.p_for_opcions_menu?p_perfil=RES*Manteniment%20d%27activitats%5Epk_for_mod_mant_activitat.p_for_form_selec_activitat*Llista%20d%27activitats%5Epk_for_mod_mant_activitat.p_for_llista_activitats?p_curs=2025-2026%26p_inici=121*Manteniment%20d%27activitats%5Epk_for_mod_mant_activitat.p_for_form_selec_activitat?p_status=A7*Llista%20d%27activitats%5Epk_for_mod_mant_activitat.p_for_llista_activitats?p_curs=2026-2027%26p_inici=61&amp;p_codi=2042031204&amp;p_curs=2026-2027&amp;p_modalitat_gestio=5" target="_blank" rel="noreferrer noopener">Màgia i educació</a>  2n torn</li>
</ul>



<p><a href="https://aplicacions.gestioeducativa.gencat.cat/ords/pls/soloas/pk_for_mod_ins.p_for_cons_activitats?p_any=2026-2027&amp;p_totes=s&amp;p_crp=200">Activitats formatives del Servei Territorial de Barcelona Comarques&nbsp;</a></p>



<p></p>

<p>Activitats interzonals per a docents de Badalona, Sant Adrià de Besòs i Santa Coloma de GramenetCurs 2026-2027 Activitats formatives del [&hellip;]</p>
