{"id":18477,"date":"2022-11-04T09:21:39","date_gmt":"2022-11-04T08:21:39","guid":{"rendered":"https:\/\/serveiseducatius.xtec.cat\/santacolomag\/?page_id=18477"},"modified":"2026-02-06T08:34:08","modified_gmt":"2026-02-06T07:34:08","slug":"servei-comunitari-aps","status":"publish","type":"page","link":"https:\/\/serveiseducatius.xtec.cat\/santacolomag\/comunitat\/servei-comunitari-aps\/","title":{"rendered":"Servei comunitari &#8211; APS"},"content":{"rendered":"\n<div class=\"wp-block-buttons is-content-justification-center is-layout-flex wp-container-core-buttons-is-layout-1 wp-block-buttons-is-layout-flex\">\n<div class=\"wp-block-button\"><a class=\"wp-block-button__link wp-element-button\" href=\"https:\/\/serveiseducatius.xtec.cat\/santacolomag\/comunitat\/servei-comunitari-aps\/\">Inici<\/a><\/div>\n\n\n\n<div class=\"wp-block-button\"><a class=\"wp-block-button__link wp-element-button\" href=\"https:\/\/serveiseducatius.xtec.cat\/santacolomag\/comunitat\/servei-comunitari-aps\/els-convenis-de-servei-comunitari\/\">Els convenis de Servei comunitari<\/a><\/div>\n\n\n\n<div class=\"wp-block-button\"><a class=\"wp-block-button__link wp-element-button\" href=\"https:\/\/docs.google.com\/document\/d\/1W1TxRPvjnEWsbJ_0wnpl5pEEIYKg9NyZd-Yd5jrqbS0\/edit?tab=t.0#heading=h.hjwyp9wczxa9\">Documentaci\u00f3 de Servei comunitari<\/a><\/div>\n\n\n\n<div class=\"wp-block-button\"><a class=\"wp-block-button__link wp-element-button\" href=\"https:\/\/docs.google.com\/document\/d\/1G-Jg0LZIYVAfOmU9csISZckXkmteuyQf-f1qPm_rcDI\/edit?tab=t.0#heading=h.39xd3emh80hb\">Exemples de Servei comunitari<\/a><\/div>\n<\/div>\n\n\n\n<p><strong>Qu\u00e8 \u00e9s?<\/strong><\/p>\n\n\n\n<figure class=\"wp-block-image alignleft\"><img decoding=\"async\" src=\"https:\/\/serveiseducatius.xtec.cat\/garraf\/wp-content\/uploads\/usu1185\/2025\/10\/com-fer-aps.png\" alt=\"\" class=\"wp-image-18590\"\/><\/figure>\n\n\n\n<p>El&nbsp;<strong>Servei Comunitari&nbsp;<\/strong>\u00e9s una activitat lectiva i avaluable que es realitza a 3r o 4t d\u2019ESO de forma curricular, tot i que \u00e9s adaptable a qualsevol nivell educatiu. Aquesta activitat no est\u00e0 vinculada a cap mat\u00e8ria en concret i es basa en la metodologia d\u2019<strong>Aprenentatge Servei (ApS)<\/strong>&nbsp;que combina processos d\u2019aprenentatge i de servei a la comunitat en un sol projecte en el qual l\u2019alumnat participant es forma tot treballant sobre necessitats reals de l\u2019entorn amb l\u2019objectiu de millorar-lo.<\/p>\n\n\n\n<p><strong>Objectius<\/strong><\/p>\n\n\n\n<ul class=\"wp-block-list\">\n<li>Desenvolupar la compet\u00e8ncia social i ciutadana, afavorint una actitud cr\u00edtica i compromesa davant la societat, per tal d\u2019esdevenir membres actius en una societat catalana democr\u00e0tica i participativa.<\/li>\n\n\n\n<li>Desenvolupar habilitats relacionades amb el disseny i realitzaci\u00f3 de projectes i amb el treball d\u2019equip.<\/li>\n\n\n\n<li>Donar a con\u00e8ixer a l\u2019alumnat i les seves fam\u00edlies la xarxa associativa i les entitats de l\u2019entorn, per tal de promoure la participaci\u00f3 dels joves.<\/li>\n\n\n\n<li>Promoure el treball en xarxa entre els diferents agents educatius de l\u2019entorn.<\/li>\n\n\n\n<li>Donar una resposta educativa a les necessitats emergents de l\u2019entorn escolar.<\/li>\n\n\n\n<li>Augmentar la participaci\u00f3 en el teixit associatiu i les entitats de caire social per fomentar el comprom\u00eds amb la construcci\u00f3 d\u2019una societat m\u00e9s justa, cohesionada i arrelada al territori.<\/li>\n<\/ul>\n\n\n\n<p><strong>\u00c0mbits d\u2019actuaci\u00f3<\/strong><\/p>\n\n\n\n<ul class=\"wp-block-list\">\n<li><strong>Acompanyament i suport a l\u2019escolaritzaci\u00f3:&nbsp;<\/strong>tallers o activitats relacionades amb l\u2019acompanyament o el refor\u00e7 escolar per col\u00b7lectius de l\u2019entorn que ho necessitin.<\/li>\n\n\n\n<li><strong>Suport a necessitats b\u00e0siques:&nbsp;<\/strong>Ajuda, acompanyament o suport directe a col\u00b7lectius vulnerables o en risc d\u2019exclusi\u00f3.<\/li>\n\n\n\n<li><strong>Intercanvi generacional:&nbsp;<\/strong>apropament de col\u00b7lectius de diferents edats amb l\u2019objectiu de facilitar el coneixement mutu i l\u2019intercanvi de coneixements, experi\u00e8ncies i\/o habilitats.<\/li>\n\n\n\n<li><strong>Medi ambient<\/strong>: actuacions encarades a la conservaci\u00f3, difusi\u00f3, observaci\u00f3 o millora d\u2019entorns naturals.<\/li>\n\n\n\n<li><strong>Participaci\u00f3 ciutadana<\/strong>: estimulaci\u00f3 de la participaci\u00f3 en el barri o l\u2019entorn immediat amb l\u2019objectiu d\u2019afavorir el comprom\u00eds c\u00edvic i la millora de la qualitat de vida dels seus habitants.<\/li>\n\n\n\n<li><strong>Patrimoni cultural<\/strong>: conservaci\u00f3 i restauraci\u00f3 del patrimoni cultural i per a la recuperaci\u00f3 i difusi\u00f3 de les tradicions culturals.<\/li>\n\n\n\n<li><strong>Projectes de solidaritat i cooperaci\u00f3<\/strong>: sensibilitzaci\u00f3 i defensa dels drets humans, causes solid\u00e0ries i humanit\u00e0ries en l\u2019\u00e0mbit internacional.<\/li>\n\n\n\n<li><strong>Preservaci\u00f3 i manteniment del medi urb\u00e0<\/strong>: actuacions de conscienciaci\u00f3, conservaci\u00f3 i restauraci\u00f3 del medi i mobiliari urb\u00e0.<\/li>\n\n\n\n<li><strong>Lleure<\/strong>: realitzaci\u00f3 d\u2019actuacions conjuntament amb les entitats d\u2019educaci\u00f3 en el lleure.<\/li>\n<\/ul>\n\n\n\n<p><strong>Recursos<\/strong><\/p>\n\n\n\n<ul class=\"wp-block-list\">\n<li><strong><a href=\"https:\/\/xtec.gencat.cat\/ca\/curriculum\/serveicomunitari\/modelstransferibles\/\">Models de transferibles<\/a>:&nbsp;<\/strong>programacions d\u2019activitats de Servei Comunitari<\/li>\n\n\n\n<li><a href=\"http:\/\/www.tercersector.cat\/mapa\"><strong>Mapa d\u2019entitats socials de Catalunya<\/strong><\/a>.<\/li>\n<\/ul>\n\n\n\n<p><strong>Normativa i documents de suport<\/strong><\/p>\n\n\n\n<ul class=\"wp-block-list\">\n<li><a href=\"https:\/\/portaldogc.gencat.cat\/utilsEADOP\/PDF\/8147\/1796782.pdf\">RESOLUCI\u00d3 EDU\/1189\/2020<\/a>, de 28 de maig, d\u2019avocaci\u00f3 i delegaci\u00f3 de compet\u00e8ncies de la persona titular del Departament d\u2019Educaci\u00f3.<\/li>\n\n\n\n<li>Curr\u00edculum ESO:&nbsp;<a href=\"http:\/\/portaldogc.gencat.cat\/utilsEADOP\/PDF\/6945\/1441278.pdf\" target=\"_blank\" rel=\"noreferrer noopener\">DECRET 187\/2015, de 25 d\u2019agost, d\u2019ordenaci\u00f3 dels ensenyaments de l\u2019educaci\u00f3 secund\u00e0ria obligat\u00f2ria<\/a>&nbsp;(Servei comunitari: article 16, pp. 8-6 i disposici\u00f3 addicional 1a, p. 14)<\/li>\n\n\n\n<li><a href=\"http:\/\/www.edubcn.cat\/rcs_gene\/extra\/00_asc\/documents\/1_1_DOCUMENT_MARC_SERVEI_COMUNITARI.pdf\" target=\"_blank\" rel=\"noreferrer noopener\">Document marc Servei Comunitari. Departament d\u2019Educaci\u00f3<\/a>. Octubre 2015<\/li>\n\n\n\n<li><a href=\"https:\/\/drive.google.com\/file\/d\/1qIjAlxAQC06G9yoCrOhnBGP5mC2DTVzC\/view?usp=sharing\">Document marc del Servei comunitari.<\/a>&nbsp;Departament d\u2019Educaci\u00f3. Octubre 2015<\/li>\n\n\n\n<li>Document&nbsp;<a href=\"https:\/\/drive.google.com\/file\/d\/1crmaTK5JKHS_Ejx1LhBM6QyrpcH4Tfyj\/view?usp=sharing\">Impuls del Servei comunitari per a l\u2019alumnat de secund\u00e0ria obligat\u00f2ria<\/a>. Departament d\u2019Educaci\u00f3.<\/li>\n\n\n\n<li>Document per al&nbsp;<a href=\"https:\/\/drive.google.com\/file\/d\/1d675DNz8PRViu0UIKQZ1825K_V_wECYd\/view?usp=sharing\">Desenvolupament del projecte de Servei comunitari<\/a><\/li>\n\n\n\n<li>Document sobre&nbsp;<a href=\"https:\/\/drive.google.com\/file\/d\/1WYJ7VpW4vrnQNEaKO200Uk62rJbDp1vS\/view?usp=sharing\">Orientacions als centres educatius per a desenvolupar un projecte de Servei comunitari<\/a><\/li>\n\n\n\n<li>Document&nbsp;<a href=\"https:\/\/educacio.gencat.cat\/web\/.content\/home\/departament\/publicacions\/colleccions\/inclusio\/mesures-suports-universals-centre-educatiu\/mesures-suports-universals-centre-educatiu.pdf\">Mesures i suports universals en el centres educatiu<\/a>&nbsp;(apartat 1.3.9 i fitxa 12). Departament d\u2019Educaci\u00f3. Novembre 2023.<\/li>\n\n\n\n<li>Document de&nbsp;<a href=\"https:\/\/drive.google.com\/file\/d\/1Lt8rDvuTwbY6H_XQu8cbf9mjsH6M3G5G\/view?usp=sharing\">Preguntes m\u00e9s freq\u00fcents sobre el Servei comunitari<\/a><\/li>\n\n\n\n<li>Model de&nbsp;<a href=\"https:\/\/drive.google.com\/file\/d\/1XdK7TYpD-yMPb5ex1x7-WXaFAADSMTHl\/view?usp=sharing\">Fitxa de Projecte de Servei comunitari<\/a><\/li>\n\n\n\n<li>Guia per a&nbsp;<a href=\"https:\/\/drive.google.com\/file\/d\/1kMJSxLCitJki-Tnb4NeT2SdUone1zHWi\/view?usp=sharing\">complimentar la Fitxa de Projecte de Servei comunitari<\/a><\/li>\n\n\n\n<li>Guia per a&nbsp;<a href=\"https:\/\/drive.google.com\/file\/d\/1VRoLPWhweeKjGTEn6DHvikLux3ZAbwXZ\/view?usp=sharing\">la revisi\u00f3 de projectes de Servei comunitari<\/a><\/li>\n\n\n\n<li>Qu\u00e8 diu&nbsp;<a href=\"https:\/\/docs.google.com\/document\/d\/1gVL-dHOmlvahA8oe6UTG6CumWerEAHtY\/edit?usp=share_link&amp;ouid=112274088673579735152&amp;rtpof=true&amp;sd=true\">el nou curr\u00edculum del Servei comunitari<\/a>? Extracte del&nbsp;<a href=\"https:\/\/portaldogc.gencat.cat\/utilsEADOP\/PDF\/8762\/1928585.pdf\">DECRET 175\/2022<\/a>, de 27 de setembre, d\u2019ordenaci\u00f3 dels ensenyaments de l\u2019educaci\u00f3 b\u00e0sica.<\/li>\n<\/ul>\n\n\n\n<p><strong>Bibliografia<\/strong><\/p>\n\n\n\n<ul class=\"wp-block-list\">\n<li><a href=\"http:\/\/www.grao.com\/llibres\/11-ideas-clave-como-realizar-un-proyecto-de-aprendizaje-servicio\" target=\"_blank\" rel=\"noreferrer noopener\">11 ideas clave \u00bfC\u00f3mo realizar un proyecto de aprendizaje servicio?<\/a>&nbsp;(Josep M. Puig i alt. Editorial Gra\u00f3)<\/li>\n\n\n\n<li><a href=\"http:\/\/www.aprenentatgeservei.org\/intra\/aps\/documents\/Llibre%20Educar%20per%20la%20ciutadania.pdf\" target=\"_blank\" rel=\"noreferrer noopener\">Aprenentatge Servei. Educar per a la ciutadania<\/a>&nbsp;(Josep M. Puig, Roser Batlle, Carme Bosch i Josep Palos. Editorial OCTAEDRO).<\/li>\n\n\n\n<li><a href=\"http:\/\/www.edubcn.cat\/rcs_gene\/extra\/00_asc\/documents\/2_3_Aprendizaje-servicio.pdf\" target=\"_blank\" rel=\"noreferrer noopener\">Aprendizaje y servicio. Cuadernos de pedagogia<\/a>&nbsp;n\u00fam. 450<\/li>\n\n\n\n<li><a href=\"http:\/\/www.edubcn.cat\/rcs_gene\/extra\/00_asc\/documents\/2_4_ApS_i_competencias_basicas.pdf\" target=\"_blank\" rel=\"noreferrer noopener\">Aprendizaje y Servicio solidario y desarrollo de las competencias basicas<\/a>&nbsp;. Gu\u00edas Zerbicas 2<\/li>\n\n\n\n<li><a href=\"http:\/\/www.edubcn.cat\/rcs_gene\/extra\/00_asc\/documents\/2_5_ApS_y_proyecto_integrado.pdf\" target=\"_blank\" rel=\"noreferrer noopener\">Aprendizaje y Servicio solidario: un proyecto integrado de aprendizaje<\/a>. Gu\u00edas Zerbicas 5<\/li>\n\n\n\n<li><a href=\"https:\/\/drive.google.com\/file\/d\/1hfgPZ5hSb0FB1SHvft3JrEgn6zW4SgKc\/view?usp=sharing\">C\u00f3mo iniciar un proyecto de aprendizaje y servicio solidario<\/a>. Gu\u00edas Zerbicas 1<\/li>\n\n\n\n<li>Document&nbsp;<a href=\"https:\/\/educacio.gencat.cat\/web\/.content\/home\/departament\/publicacions\/colleccions\/inclusio\/mesures-suports-universals-centre-educatiu\/mesures-suports-universals-centre-educatiu.pdf\">Mesures i suports universals en el centres educatiu<\/a>&nbsp;(apartat 1.3.9 i fitxa 12). Departament d\u2019Educaci\u00f3. Novembre 2023.<\/li>\n\n\n\n<li><a href=\"http:\/\/www.edubcn.cat\/rcs_gene\/extra\/00_asc\/documents\/2_1Educacio_i_servei_a_la_comunitat.pdf\" target=\"_blank\" rel=\"noreferrer noopener\">Educaci\u00f3 i Servei a la comunitat<\/a>. Josep M. Puig<\/li>\n\n\n\n<li><a href=\"http:\/\/www.aprenentatgeservei.org\/intra\/aps\/documents\/LLibre%20Experiencies%20APS.pdf\" target=\"_blank\" rel=\"noreferrer noopener\">Experi\u00e8ncies d\u2019Aprenentatge Servei<\/a>\u00a0(Coord. Xus Marin i Laura Rubio. Editorial OCTAEDRO)<\/li>\n\n\n\n<li><a href=\"http:\/\/www.edubcn.cat\/rcs_gene\/extra\/00_asc\/documents\/2_2_ApS_al_mon.pdf\" target=\"_blank\" rel=\"noreferrer noopener\">L\u2019Aprenentatge servei al m\u00f3n: una visi\u00f3 comparativa<\/a>. Roser Batlle<\/li>\n\n\n\n<li><a href=\"http:\/\/www.raco.cat\/index.php\/TempsEducacio\/issue\/view\/18803\/showToc\" target=\"_blank\" rel=\"noreferrer noopener\">Monografia Aprenentatge i Servei. Temps d\u2019educaci\u00f3<\/a>&nbsp;n\u00fam. 41<\/li>\n<\/ul>\n\n\n\n<p><\/p>\n\n\n\n<figure class=\"wp-block-image aligncenter\"><img decoding=\"async\" src=\"https:\/\/serveiseducatius.xtec.cat\/santadria\/wp-content\/uploads\/usu1189\/2022\/10\/SC1.png\" alt=\"\" class=\"wp-image-14033\"\/><\/figure>\n\n\n\n<p><\/p>\n","protected":false},"excerpt":{"rendered":"<p>Qu\u00e8 \u00e9s? El&nbsp;Servei Comunitari&nbsp;\u00e9s una activitat lectiva i avaluable que es realitza a 3r o 4t d\u2019ESO de forma curricular, [&hellip;]<\/p>\n","protected":false},"author":4,"featured_media":0,"parent":341,"menu_order":0,"comment_status":"closed","ping_status":"closed","template":"","meta":{"_bbp_topic_count":0,"_bbp_reply_count":0,"_bbp_total_topic_count":0,"_bbp_total_reply_count":0,"_bbp_voice_count":0,"_bbp_anonymous_reply_count":0,"_bbp_topic_count_hidden":0,"_bbp_reply_count_hidden":0,"_bbp_forum_subforum_count":0,"site-sidebar-layout":"left-sidebar","site-content-layout":"","ast-site-content-layout":"default","site-content-style":"default","site-sidebar-style":"default","ast-global-header-display":"","ast-banner-title-visibility":"","ast-main-header-display":"","ast-hfb-above-header-display":"","ast-hfb-below-header-display":"","ast-hfb-mobile-header-display":"","site-post-title":"","ast-breadcrumbs-content":"","ast-featured-img":"","footer-sml-layout":"","theme-transparent-header-meta":"","adv-header-id-meta":"","stick-header-meta":"","header-above-stick-meta":"","header-main-stick-meta":"","header-below-stick-meta":"","astra-migrate-meta-layouts":"set","ast-page-background-enabled":"default","ast-page-background-meta":{"desktop":{"background-color":"var(--ast-global-color-4)","background-image":"","background-repeat":"repeat","background-position":"center center","background-size":"auto","background-attachment":"scroll","background-type":"","background-media":"","overlay-type":"","overlay-color":"","overlay-opacity":"","overlay-gradient":""},"tablet":{"background-color":"","background-image":"","background-repeat":"repeat","background-position":"center center","background-size":"auto","background-attachment":"scroll","background-type":"","background-media":"","overlay-type":"","overlay-color":"","overlay-opacity":"","overlay-gradient":""},"mobile":{"background-color":"","background-image":"","background-repeat":"repeat","background-position":"center center","background-size":"auto","background-attachment":"scroll","background-type":"","background-media":"","overlay-type":"","overlay-color":"","overlay-opacity":"","overlay-gradient":""}},"ast-content-background-meta":{"desktop":{"background-color":"var(--ast-global-color-5)","background-image":"","background-repeat":"repeat","background-position":"center center","background-size":"auto","background-attachment":"scroll","background-type":"","background-media":"","overlay-type":"","overlay-color":"","overlay-opacity":"","overlay-gradient":""},"tablet":{"background-color":"var(--ast-global-color-5)","background-image":"","background-repeat":"repeat","background-position":"center center","background-size":"auto","background-attachment":"scroll","background-type":"","background-media":"","overlay-type":"","overlay-color":"","overlay-opacity":"","overlay-gradient":""},"mobile":{"background-color":"var(--ast-global-color-5)","background-image":"","background-repeat":"repeat","background-position":"center center","background-size":"auto","background-attachment":"scroll","background-type":"","background-media":"","overlay-type":"","overlay-color":"","overlay-opacity":"","overlay-gradient":""}},"footnotes":""},"class_list":["post-18477","page","type-page","status-publish","hentry"],"post_mailing_queue_ids":[],"_links":{"self":[{"href":"https:\/\/serveiseducatius.xtec.cat\/santacolomag\/wp-json\/wp\/v2\/pages\/18477","targetHints":{"allow":["GET"]}}],"collection":[{"href":"https:\/\/serveiseducatius.xtec.cat\/santacolomag\/wp-json\/wp\/v2\/pages"}],"about":[{"href":"https:\/\/serveiseducatius.xtec.cat\/santacolomag\/wp-json\/wp\/v2\/types\/page"}],"author":[{"embeddable":true,"href":"https:\/\/serveiseducatius.xtec.cat\/santacolomag\/wp-json\/wp\/v2\/users\/4"}],"replies":[{"embeddable":true,"href":"https:\/\/serveiseducatius.xtec.cat\/santacolomag\/wp-json\/wp\/v2\/comments?post=18477"}],"version-history":[{"count":5,"href":"https:\/\/serveiseducatius.xtec.cat\/santacolomag\/wp-json\/wp\/v2\/pages\/18477\/revisions"}],"predecessor-version":[{"id":23520,"href":"https:\/\/serveiseducatius.xtec.cat\/santacolomag\/wp-json\/wp\/v2\/pages\/18477\/revisions\/23520"}],"up":[{"embeddable":true,"href":"https:\/\/serveiseducatius.xtec.cat\/santacolomag\/wp-json\/wp\/v2\/pages\/341"}],"wp:attachment":[{"href":"https:\/\/serveiseducatius.xtec.cat\/santacolomag\/wp-json\/wp\/v2\/media?parent=18477"}],"curies":[{"name":"wp","href":"https:\/\/api.w.org\/{rel}","templated":true}]}}