{"id":18362,"date":"2022-10-14T11:33:10","date_gmt":"2022-10-14T09:33:10","guid":{"rendered":"https:\/\/serveiseducatius.xtec.cat\/santacolomag\/?page_id=18362"},"modified":"2022-11-08T10:26:39","modified_gmt":"2022-11-08T09:26:39","slug":"full-informatiu-octubre-2022","status":"publish","type":"page","link":"https:\/\/serveiseducatius.xtec.cat\/santacolomag\/full-informatiu-octubre-2022\/","title":{"rendered":"Full Informatiu. Octubre 2022"},"content":{"rendered":"<header class=\"entry-header\">\n<h3 class=\"entry-title\"><a href=\"https:\/\/serveiseducatius.xtec.cat\/santacolomag\/portada\/pla-de-formacio-de-zona-2022-2023-consulta-dadjudicacions\/\">Pla de Formaci\u00f3 de Zona 2022-2023. Consulta d\u2019adjudicacions<\/a><\/h3>\n<\/header>\n<div class=\"entry-content\">\n<p><a href=\"http:\/\/serveiseducatius.xtec.cat\/santacolomag\/wp-content\/uploads\/usu1183\/2016\/09\/PFZlogo.png\"><img loading=\"lazy\" decoding=\"async\" class=\" wp-image-8229 alignleft\" src=\"http:\/\/serveiseducatius.xtec.cat\/santacolomag\/wp-content\/uploads\/usu1183\/2016\/09\/PFZlogo.png\" alt=\"PFZlogo\" width=\"187\" height=\"136\" \/><\/a><\/p>\n<p><span style=\"color: #000000;\"><br \/>\nA partir de l&#8217;11 d&#8217;octubre ja <\/span><span style=\"font-size: 12pt;\">podeu consultar les adjudicacions a les vostres activitats de formaci\u00f3<\/span><\/p>\n<p><strong><a href=\"https:\/\/aplicacions.gestioeducativa.gencat.cat\/pls\/soloas\/pk_for_mod_ins.p_for_form_cons_selec\"><span style=\"font-size: 14pt;\">XTEC: <\/span><\/a><\/strong><strong><a href=\"https:\/\/aplicacions.gestioeducativa.gencat.cat\/pls\/soloas\/pk_for_mod_ins.p_for_form_cons_selec\"><span style=\"font-size: 14pt;\">Les meves activitats<\/span><\/a><\/strong><\/p>\n<\/div>\n<p>&nbsp;<\/p>\n<hr \/>\n<div class=\"entry-content\">\n<header class=\"entry-header\">\n<header class=\"entry-header\">\n<h3 class=\"entry-title\"><a href=\"https:\/\/serveiseducatius.xtec.cat\/santacolomag\/portada\/inscripcio-per-participar-al-ix-congres-de-ciencia-deducacio-infantil-i-primaria\/\">Inscripci\u00f3 al IX Congr\u00e9s de ci\u00e8ncia d\u2019educaci\u00f3 infantil i prim\u00e0ria<\/a><\/h3>\n<\/header>\n<div class=\"entry-content\">\n<header class=\"entry-header\">\n<h3 class=\"entry-title\"><img loading=\"lazy\" decoding=\"async\" class=\"alignleft\" src=\"https:\/\/ci6.googleusercontent.com\/proxy\/S76Kd5jNmTJ65xia4tbWhRq9iU8AF5X2N5dRyVZ3XOAwW7F0iZPCWaqgFgmaLInoG4xN7HHcrlWsTW7wpHracHy5lWaaXHBgko-lvNsPknoMhPf5g6f-wZVGRj8M07xCcRQ0O0xEIOtzbJfk=s0-d-e1-ft#http:\/\/serveiseducatius.xtec.cat\/santacolomag\/wp-content\/uploads\/usu1183\/2014\/09\/brot.jpg\" alt=\"\" width=\"226\" height=\"169\" \/><\/h3>\n<\/header>\n<div class=\"entry-content\">\n<p>Us convidem a participar amb el vostre alumnat al IX Congr\u00e9s de ci\u00e8ncia d\u2019educaci\u00f3 infantil i prim\u00e0ria de Santa Coloma de Gramenet.<br \/>\nSi esteu treballant algun projecte d\u2019indagaci\u00f3 cient\u00edfica o social, us animem a presentar la vostra pon\u00e8ncia al\u00a0\u00a0<a href=\"https:\/\/sites.google.com\/a\/xtec.cat\/congres-de-ciencia-santa-coloma-gramenet\/presentaci%C3%B3?authuser=0\">Congr\u00e9s de ci\u00e8ncia d\u2019educaci\u00f3 infantil i prim\u00e0ria.<\/a><br \/>\n<a href=\"https:\/\/aplicacions.gestioeducativa.gencat.cat\/pls\/soloas\/pk_for_mod_ins.p_for_detall_activitat?p_header=Llista%20d%27activitats^pk_for_mod_ins.p_for_cons_activitats?p_crp=207%26p_any=2021-2022%26p_modalitat=51%26p_totes=s%26p_inici=1%26p_excloure_crp_rec=F&amp;p_codi=2070321207&amp;p_curs=2021-2022&amp;p_excloure_crp_rec=F\">Inscripci\u00f3<\/a><strong><a href=\"https:\/\/aplicacions.gestioeducativa.gencat.cat\/pls\/soloas\/pk_for_mod_ins.p_for_detall_activitat?p_header=Llista%20d%27activitats^pk_for_mod_ins.p_for_cons_activitats?p_crp=207%26p_any=2021-2022%26p_modalitat=51%26p_totes=s%26p_inici=1%26p_excloure_crp_rec=F&amp;p_codi=2070321207&amp;p_curs=2021-2022&amp;p_excloure_crp_rec=F\"> del professorat, dins del Pla de Formaci\u00f3 de Zona a l\u2019enlla\u00e7<\/a>\u00a0abans del\u00a030 de novembre.<br \/>\n<\/strong>La participaci\u00f3 com a professorat t\u00e9 una certificaci\u00f3 com a ponent.<br \/>\n<a href=\"https:\/\/docs.google.com\/forms\/d\/e\/1FAIpQLSeS2WjHMTt4NPXRgbDBasi8bvLT7WGnvYsQVs7tddcDrv0-ew\/viewform\"><strong>Inscripci\u00f3 de la pon\u00e8ncia en aquest<\/strong> formulari<\/a><\/p>\n<hr \/>\n<\/div>\n<\/div>\n<h3 class=\"entry-title\"><a href=\"https:\/\/serveiseducatius.xtec.cat\/santacolomag\/portada\/maletes-educatives-en-servei-de-prestec\/\">Maletes educatives del CRP en servei de pr\u00e9stec<\/a><\/h3>\n<\/header>\n<div class=\"entry-content\">\n<p><strong><img loading=\"lazy\" decoding=\"async\" class=\"alignleft wp-image-18384\" src=\"https:\/\/serveiseducatius.xtec.cat\/santacolomag\/wp-content\/uploads\/usu1183\/2022\/10\/nen-i-nino-284x300.jpg\" alt=\"\" width=\"156\" height=\"165\" \/><\/strong><\/p>\n<p><strong><br \/>\nPodeu\u00a0<a href=\"https:\/\/docs.google.com\/document\/d\/1ZjS29G2Iw0yCFVptGC99UYLGB0j8SLgKTfMJmuq_uuM\/edit?usp=sharing\">consultar la disponibilitat, els continguts i nivells de les maletes<\/a> educatives.<\/strong><\/p>\n<p>Si teniu inter\u00e8s a disposar d\u2019alguns d\u2019aquests materials durant un trimestre o menys temps, feu-nos arribar la vostra sol\u00b7licitud trav\u00e9s d\u2019aquest\u00a0<a href=\"https:\/\/forms.gle\/VZCa2i3Cs4rRhYo67\">formulari<\/a><\/p>\n<\/div>\n<hr \/>\n<header class=\"entry-header\">\n<h3 class=\"entry-title\"><a href=\"https:\/\/serveiseducatius.xtec.cat\/santacolomag\/portada\/visita-al-museu-de-les-matematiques-de-catalunya-casal-del-mestre\/\">Visita al Museu de les Matem\u00e0tiques de Catalunya. Casal del Mestre<\/a><\/h3>\n<\/header>\n<div class=\"entry-content\">\n<p><img loading=\"lazy\" decoding=\"async\" class=\"alignleft size-medium wp-image-18334\" src=\"https:\/\/serveiseducatius.xtec.cat\/santacolomag\/wp-content\/uploads\/usu1183\/2022\/10\/Inscriu-te-1-300x100.png\" sizes=\"auto, (max-width: 300px) 100vw, 300px\" srcset=\"https:\/\/serveiseducatius.xtec.cat\/santacolomag\/wp-content\/uploads\/usu1183\/2022\/10\/Inscriu-te-1-300x100.png 300w, https:\/\/serveiseducatius.xtec.cat\/santacolomag\/wp-content\/uploads\/usu1183\/2022\/10\/Inscriu-te-1-1024x341.png 1024w, https:\/\/serveiseducatius.xtec.cat\/santacolomag\/wp-content\/uploads\/usu1183\/2022\/10\/Inscriu-te-1-768x256.png 768w, https:\/\/serveiseducatius.xtec.cat\/santacolomag\/wp-content\/uploads\/usu1183\/2022\/10\/Inscriu-te-1.png 1500w\" alt=\"\" width=\"300\" height=\"100\" \/>El museu que busca divulgar i estimular una imatge social positiva de les matem\u00e0tiques, apropant-les a les persones mitjan\u00e7ant experi\u00e8ncies interactives i activitats de manipulaci\u00f3. Una oportunitat per reflexionar al voltant de les matem\u00e0tiques amb companyes i companys de diferents escoles.<\/p>\n<hr \/>\n<header class=\"entry-header\">\n<h3 class=\"entry-title\"><a href=\"https:\/\/serveiseducatius.xtec.cat\/santacolomag\/portada\/el-treball-per-projectes-fer-recerca-a-leducacio-infantil\/\">El treball per projectes. Fer recerca a l\u2019educaci\u00f3 infantil<\/a><\/h3>\n<\/header>\n<div class=\"entry-content\">\n<p><img loading=\"lazy\" decoding=\"async\" class=\"alignleft wp-image-18325\" src=\"https:\/\/serveiseducatius.xtec.cat\/santacolomag\/wp-content\/uploads\/usu1183\/2022\/10\/9788412279665-196x300.jpg\" alt=\"\" width=\"142\" height=\"217\" \/><br \/>\nAnna Pujol ,<em>\u00a0El treball per projectes.\u00a0Fer recerca a l\u2019educaci\u00f3 infantil. Ed.\u00a0<\/em>Rosa Sensat, 2022,<\/p>\n<p>Reivindica l\u2019escola com a context per a la recerca d\u2019infants i adults. La recerca entesa com a estrat\u00e8gia creativa que respecta i desvetlla les m\u00faltiples formes d\u2019expressar-se i de con\u00e8ixer. S\u2019hi presenta el treball conjunt d\u2019adults i infants d\u2019educaci\u00f3 infantil a l\u2019escola p\u00fablica Les Pinediques de Taradell (Osona) al llarg de gaireb\u00e9 quaranta anys. Una traject\u00f2ria d\u2019experimentaci\u00f3 gr\u00e0cies a la qual s\u2019aprofundeix en el coneixement de l\u2019entorn natural, cient\u00edfic, social, art\u00edstic i cultural, i en els diferents llenguatges.<\/p>\n<\/div>\n<\/div>\n<\/div>\n<hr \/>\n<header class=\"entry-header\">\n<h3 class=\"entry-title\"><a href=\"https:\/\/serveiseducatius.xtec.cat\/santacolomag\/general\/commemoracio-picasso\/\">Commemoraci\u00f3 Picasso<\/a><\/h3>\n<\/header>\n<div class=\"entry-content\">\n<p><img loading=\"lazy\" decoding=\"async\" class=\"alignleft size-medium wp-image-18314\" src=\"https:\/\/serveiseducatius.xtec.cat\/santacolomag\/wp-content\/uploads\/usu1183\/2022\/10\/picasso-copia-300x169.jpg\" sizes=\"auto, (max-width: 300px) 100vw, 300px\" srcset=\"https:\/\/serveiseducatius.xtec.cat\/santacolomag\/wp-content\/uploads\/usu1183\/2022\/10\/picasso-copia-300x169.jpg 300w, https:\/\/serveiseducatius.xtec.cat\/santacolomag\/wp-content\/uploads\/usu1183\/2022\/10\/picasso-copia-1024x576.jpg 1024w, https:\/\/serveiseducatius.xtec.cat\/santacolomag\/wp-content\/uploads\/usu1183\/2022\/10\/picasso-copia-768x432.jpg 768w, https:\/\/serveiseducatius.xtec.cat\/santacolomag\/wp-content\/uploads\/usu1183\/2022\/10\/picasso-copia-1536x864.jpg 1536w, https:\/\/serveiseducatius.xtec.cat\/santacolomag\/wp-content\/uploads\/usu1183\/2022\/10\/picasso-copia.jpg 1600w\" alt=\"\" width=\"300\" height=\"169\" \/><strong><br \/>\nMUSEU PICASSO- Barcelona<\/strong><\/p>\n<p><strong><a href=\"http:\/\/www.bcn.cat\/museupicasso\/ca\/educacio\/formacio-picasso-2023.html\">Activitats de Formaci\u00f3 2023<\/a><br \/>\n<\/strong><strong><a href=\"http:\/\/www.bcn.cat\/museupicasso\/ca\/educacio\/programa-educatiu.html\">L\u2019escola amb ulls de Picasso<\/a><br \/>\n<\/strong><strong><a href=\"https:\/\/www.barcelona.cat\/barcelonacultura\/ca\/recomanem\/exposicio-fotografia-museu-picasso-david-douglas-duncan-mirada-complice\">David Douglas Duncan, l\u2019amic retratista de Picasso\u00a0<\/a><\/strong><strong>El Museu Picasso<\/strong> exposa una selecci\u00f3 de fotografies que en documenten l\u2019amistat i el proc\u00e9s creatiu del mestre entre 1956 i 1973.<\/p>\n<hr \/>\n<header class=\"entry-header\">\n<h3 class=\"entry-title\"><a href=\"https:\/\/serveiseducatius.xtec.cat\/santacolomag\/general\/exposicio-ella-una-i-altra-vegada\/\">Exposici\u00f3 \u201cElla, una i altra vegada\u201d. Estereotips femenins<\/a><\/h3>\n<\/header>\n<div class=\"entry-content\">\n<p><a href=\"https:\/\/www.fundaciovilacasas.com\/ca\/exposicio\/ella-una-i-altra-vegada\"><img loading=\"lazy\" decoding=\"async\" class=\"alignleft size-medium wp-image-18302\" src=\"https:\/\/serveiseducatius.xtec.cat\/santacolomag\/wp-content\/uploads\/usu1183\/2022\/09\/th_th_A38242479-300x176.png\" alt=\"\" width=\"300\" height=\"176\" \/>L\u2019exposici\u00f3 \u201cElla, una i altra vegada\u201d,<\/a>\u00a0d\u2019\u00a0<a href=\"https:\/\/eugeniabalcellsfoundation.org\/home-4\/\"><strong>Eug\u00e8nia Balcells\u00a0<\/strong><\/a>presenta diverses obres de finals de la d\u00e8cada dels setanta i comen\u00e7aments dels vuitanta \u2013<em>Fin, Re-Prise, Boy Meets Girl, Going Through Languages\u2013<\/em>, on queda reflectit el seu incisiu q\u00fcestionament sobre la imatge de les dones.<br \/>\nCuradora de l\u2019exposici\u00f3:\u00a0<strong>Eul\u00e0lia Bosch<\/strong>.\u00a0<a href=\"https:\/\/gestio.fundaciovilacasas.com\/\/contactes\/upfiles\/ca_exposiciofull\/A97842872.pdf\" target=\"_blank\" rel=\"noopener\"><span class=\"fullsala\">FULL DE SALA<\/span><\/a><br \/>\nArticle d\u2019<a class=\"author-list-item-name site-color-text site-color-text-16\" href=\"https:\/\/www.catorze.cat\/author\/andrea-jofre\/\">Andrea Jofre\u00a0<\/a>a Cultura Viva Catorze:<em>\u00a0<a href=\"https:\/\/www.catorze.cat\/passadis\/eugenia-balcells-vila-casas-187785\/\">Estereotips femenins,\u00a0\u00a0<\/a><br \/>\nVisites concertades<\/em><\/p>\n<\/div>\n<\/div>\n","protected":false},"excerpt":{"rendered":"<p>Pla de Formaci\u00f3 de Zona 2022-2023. Consulta d\u2019adjudicacions A partir de l&#8217;11 d&#8217;octubre ja podeu consultar les adjudicacions a les [&hellip;]<\/p>\n","protected":false},"author":7,"featured_media":0,"parent":0,"menu_order":0,"comment_status":"closed","ping_status":"closed","template":"","meta":{"_bbp_topic_count":0,"_bbp_reply_count":0,"_bbp_total_topic_count":0,"_bbp_total_reply_count":0,"_bbp_voice_count":0,"_bbp_anonymous_reply_count":0,"_bbp_topic_count_hidden":0,"_bbp_reply_count_hidden":0,"_bbp_forum_subforum_count":0,"site-sidebar-layout":"default","site-content-layout":"","ast-site-content-layout":"","site-content-style":"default","site-sidebar-style":"default","ast-global-header-display":"","ast-banner-title-visibility":"","ast-main-header-display":"","ast-hfb-above-header-display":"","ast-hfb-below-header-display":"","ast-hfb-mobile-header-display":"","site-post-title":"","ast-breadcrumbs-content":"","ast-featured-img":"","footer-sml-layout":"","theme-transparent-header-meta":"","adv-header-id-meta":"","stick-header-meta":"","header-above-stick-meta":"","header-main-stick-meta":"","header-below-stick-meta":"","astra-migrate-meta-layouts":"default","ast-page-background-enabled":"default","ast-page-background-meta":{"desktop":{"background-color":"var(--ast-global-color-4)","background-image":"","background-repeat":"repeat","background-position":"center center","background-size":"auto","background-attachment":"scroll","background-type":"","background-media":"","overlay-type":"","overlay-color":"","overlay-opacity":"","overlay-gradient":""},"tablet":{"background-color":"","background-image":"","background-repeat":"repeat","background-position":"center center","background-size":"auto","background-attachment":"scroll","background-type":"","background-media":"","overlay-type":"","overlay-color":"","overlay-opacity":"","overlay-gradient":""},"mobile":{"background-color":"","background-image":"","background-repeat":"repeat","background-position":"center center","background-size":"auto","background-attachment":"scroll","background-type":"","background-media":"","overlay-type":"","overlay-color":"","overlay-opacity":"","overlay-gradient":""}},"ast-content-background-meta":{"desktop":{"background-color":"var(--ast-global-color-5)","background-image":"","background-repeat":"repeat","background-position":"center center","background-size":"auto","background-attachment":"scroll","background-type":"","background-media":"","overlay-type":"","overlay-color":"","overlay-opacity":"","overlay-gradient":""},"tablet":{"background-color":"var(--ast-global-color-5)","background-image":"","background-repeat":"repeat","background-position":"center center","background-size":"auto","background-attachment":"scroll","background-type":"","background-media":"","overlay-type":"","overlay-color":"","overlay-opacity":"","overlay-gradient":""},"mobile":{"background-color":"var(--ast-global-color-5)","background-image":"","background-repeat":"repeat","background-position":"center center","background-size":"auto","background-attachment":"scroll","background-type":"","background-media":"","overlay-type":"","overlay-color":"","overlay-opacity":"","overlay-gradient":""}},"footnotes":""},"class_list":["post-18362","page","type-page","status-publish","hentry"],"post_mailing_queue_ids":[],"_links":{"self":[{"href":"https:\/\/serveiseducatius.xtec.cat\/santacolomag\/wp-json\/wp\/v2\/pages\/18362","targetHints":{"allow":["GET"]}}],"collection":[{"href":"https:\/\/serveiseducatius.xtec.cat\/santacolomag\/wp-json\/wp\/v2\/pages"}],"about":[{"href":"https:\/\/serveiseducatius.xtec.cat\/santacolomag\/wp-json\/wp\/v2\/types\/page"}],"author":[{"embeddable":true,"href":"https:\/\/serveiseducatius.xtec.cat\/santacolomag\/wp-json\/wp\/v2\/users\/7"}],"replies":[{"embeddable":true,"href":"https:\/\/serveiseducatius.xtec.cat\/santacolomag\/wp-json\/wp\/v2\/comments?post=18362"}],"version-history":[{"count":3,"href":"https:\/\/serveiseducatius.xtec.cat\/santacolomag\/wp-json\/wp\/v2\/pages\/18362\/revisions"}],"predecessor-version":[{"id":18393,"href":"https:\/\/serveiseducatius.xtec.cat\/santacolomag\/wp-json\/wp\/v2\/pages\/18362\/revisions\/18393"}],"wp:attachment":[{"href":"https:\/\/serveiseducatius.xtec.cat\/santacolomag\/wp-json\/wp\/v2\/media?parent=18362"}],"curies":[{"name":"wp","href":"https:\/\/api.w.org\/{rel}","templated":true}]}}