{"id":17207,"date":"2021-12-14T12:13:24","date_gmt":"2021-12-14T11:13:24","guid":{"rendered":"https:\/\/serveiseducatius.xtec.cat\/santacolomag\/?page_id=17207"},"modified":"2021-12-14T12:13:24","modified_gmt":"2021-12-14T11:13:24","slug":"full-informatiu-desembre-2021","status":"publish","type":"page","link":"https:\/\/serveiseducatius.xtec.cat\/santacolomag\/full-informatiu-desembre-2021\/","title":{"rendered":"Full informatiu. Desembre 2021"},"content":{"rendered":"<header class=\"entry-header\">\n<header class=\"entry-header\">\n<header class=\"entry-header\">\n<h3>\u00a0<a href=\"https:\/\/serveiseducatius.xtec.cat\/santacolomag\/portada\/activitats-de-formacio-del-pfz-2021-2022-gener-juny\/\">Activitats de formaci\u00f3 del PFZ 2021-2022 (gener-juny)<\/a><\/h3>\n<\/header>\n<div class=\"entry-content\">\n<p><strong><img decoding=\"async\" class=\"alignleft\" src=\"https:\/\/serveiseducatius.xtec.cat\/santacolomag\/wp-content\/uploads\/usu1183\/2020\/06\/pfz-e1591961593334.jpg\" \/><\/strong><\/p>\n<p>Ja s\u2019ha obert el per\u00edode d\u2019<strong>inscripci\u00f3<\/strong>\u00a0a les activitats del Pla de Formaci\u00f3 de Zona de\u00a0Santa Coloma (gener-juny 2022)<strong><br \/>\n<\/strong><\/p>\n<p>Es podran consultar les\u00a0<strong>adjudicacions<\/strong>\u00a0a partir del 31 de gener de 2021 a\u00a0<a href=\"http:\/\/xtec.gencat.cat\/ca\/formacio\/la-meva-formacio\/les-meves-activitats\/\" target=\"_blank\" rel=\"noopener noreferrer\" data-saferedirecturl=\"https:\/\/www.google.com\/url?q=http:\/\/xtec.gencat.cat\/ca\/formacio\/la-meva-formacio\/les-meves-activitats\/&amp;source=gmail&amp;ust=1600168382466000&amp;usg=AFQjCNF0l5egzzn-19aSvL3CmMGE0oQIqg\">XTEC: Les meves activitats<\/a>.<\/p>\n<hr \/>\n<\/div>\n<header class=\"entry-header\">\n<h3 class=\"entry-title\"><a href=\"https:\/\/serveiseducatius.xtec.cat\/santacolomag\/portada\/v-trobada-pedagogica-de-secundaria-ensenyar-a-informar-se-i-no-caure-en-paranys\/\">V Trobada pedag\u00f2gica de secund\u00e0ria \u201cEnsenyar a informar-se i no caure en paranys\u201d\u00a0<\/a><\/h3>\n<\/header>\n<div class=\"entry-content\">\n<p><img loading=\"lazy\" decoding=\"async\" class=\"alignleft wp-image-17158\" src=\"https:\/\/serveiseducatius.xtec.cat\/santacolomag\/wp-content\/uploads\/usu1183\/2021\/11\/unnamed-1-300x133.png\" sizes=\"auto, (max-width: 354px) 100vw, 354px\" srcset=\"https:\/\/serveiseducatius.xtec.cat\/santacolomag\/wp-content\/uploads\/usu1183\/2021\/11\/unnamed-1-300x133.png 300w, https:\/\/serveiseducatius.xtec.cat\/santacolomag\/wp-content\/uploads\/usu1183\/2021\/11\/unnamed-1.png 425w\" alt=\"\" width=\"325\" height=\"144\" \/>A la sessi\u00f3 es presentaran claus i\u00a0 eines de verificaci\u00f3 digital\u00a0 per contrastar informaci\u00f3 a les xarxes: \u00a0fotografies, v\u00eddeos i continguts, i comptes de xarxes socials.<br \/>\nA c\u00e0rrec de <strong>Nereida Carrillo.\u00a0<\/strong>Doctora en Periodisme i Comunicaci\u00f3 per la Universitat Aut\u00f2noma de Barcelona.<br \/>\n<strong><a href=\"https:\/\/aplicacions.gestioeducativa.gencat.cat\/pls\/soloas\/pk_for_mod_ins.p_for_cons_activitats?p_any=2021-2022&amp;p_modalitat=50&amp;p_totes=s&amp;p_crp=207\">Inscripci\u00f3 fins al 25 de gener<\/a><br \/>\n<\/strong><span style=\"font-family: inherit; font-size: 1em;\">Dia: 26 de gener<br \/>\n<\/span><span style=\"font-family: inherit; font-size: 1em;\">Hora: De 16:00 a 18:00h. Format virtual<br \/>\n<\/span><\/p>\n<hr \/>\n<\/div>\n<h3><a href=\"https:\/\/serveiseducatius.xtec.cat\/santacolomag\/general\/xvi-jornades-deducacio-infantil-0-6-anys\/\">\u00a0XVI Jornades d\u2019Educaci\u00f3 Infantil 0-6 anys<\/a><\/h3>\n<div class=\"entry-content\">\n<p><img loading=\"lazy\" decoding=\"async\" class=\"alignleft size-medium wp-image-11329\" src=\"https:\/\/serveiseducatius.xtec.cat\/santacolomag\/wp-content\/uploads\/usu1183\/2019\/01\/Calder_llars-300x202.png\" alt=\"\" width=\"300\" height=\"202\" \/><\/p>\n<p class=\"gmail_quote\"><b>Dijous 3 de febrer de 2022: Confer\u00e8ncia\u00a0<i>L\u00edmits, una necessitat vital<\/i><\/b><br \/>\n<i>Com acompanyar els infants durant l\u2019etapa de l\u2019educaci\u00f3 infantil per ajudar-los a integrar normes de conviv\u00e8ncia i desenvolupar habilitats socials.<\/i><br \/>\nDe 18 a 20h<br \/>\n<b style=\"font-family: inherit; font-size: 1em;\">Dimarts 15 de febrer de 2022: <\/b><b style=\"font-family: inherit; font-size: 1em;\">\u00a0Espai Compartim<br \/>\n<\/b>De 18 a 19.30h<br \/>\n<strong><a href=\"https:\/\/aplicacions.gestioeducativa.gencat.cat\/pls\/soloas\/pk_for_mod_ins.p_for_detall_activitat?p_header=Llista%20d%27activitats^pk_for_mod_ins.p_for_cons_activitats?p_crp=207%26p_any=2021-2022%26p_totes=s%26p_inici=31%26p_excloure_crp_rec=F&amp;p_codi=2070331207&amp;p_curs=2021-2022&amp;p_excloure_crp_rec=F\" target=\"_blank\" rel=\"noopener\">Inscripci\u00f3 <\/a><\/strong><\/p>\n<\/div>\n<hr \/>\n<header class=\"entry-header\">\n<h3 class=\"entry-title\"><a href=\"https:\/\/serveiseducatius.xtec.cat\/santacolomag\/general\/maletes-pedagogiques-2021-2022-2n-trimestre\/\">Maletes pedag\u00f2giques 2021-2022 (2n trimestre)<\/a><\/h3>\n<\/header>\n<div class=\"entry-content\">\n<p><strong><a href=\"https:\/\/serveiseducatius.xtec.cat\/santacolomag\/maletes-pedagogiques-2\/\"><img loading=\"lazy\" decoding=\"async\" class=\"size-full wp-image-9693 alignleft\" src=\"https:\/\/serveiseducatius.xtec.cat\/santacolomag\/wp-content\/uploads\/usu1183\/2017\/09\/maletes-300x200-e1568284291448.png\" alt=\"\" width=\"180\" height=\"120\" \/><br \/>\nAquestes s\u00f3n les maletes pedag\u00f2giques<\/a><\/strong> del CRP que encara estan disponibles al pr\u00e9stec segon trimestre del curs 2021-2022.<\/p>\n<p><a href=\"https:\/\/docs.google.com\/forms\/d\/e\/1FAIpQLSdc1svvpfQdpmkgQCIecGs05fbN_epW4v--ASTpPcOHDzQVVQ\/viewform\"><b>Formulari<\/b><\/a> de sol\u00b7licitud.\u00a0\u00a0M\u00e9s\u00a0<strong><a href=\"https:\/\/serveiseducatius.xtec.cat\/santacolomag\/maletes-pedagogiques-2\/\">informaci\u00f3<\/a><br \/>\n<\/strong><span style=\"font-family: inherit; font-size: 1em;\">El pr\u00e9stec ser\u00e0 per a tot el trimestre i s\u2019iniciar\u00e0 el 17 de gener de 2022<\/span><\/p>\n<header class=\"entry-header\">\n<hr \/>\n<header class=\"entry-header\">\n<h3 class=\"entry-title\"><a href=\"https:\/\/serveiseducatius.xtec.cat\/santacolomag\/general\/recomanacions-de-lectures-per-nadal-2021-grup-de-treball-biblioteques-escolars-de-santa-coloma\/\">Recomanacions de lectures per Nadal 2021<\/a><\/h3>\n<\/header>\n<div class=\"entry-content\">\n<p><img loading=\"lazy\" decoding=\"async\" class=\"alignleft size-full wp-image-17272\" src=\"https:\/\/serveiseducatius.xtec.cat\/santacolomag\/wp-content\/uploads\/usu1183\/2021\/12\/admin-ajax.jpg\" alt=\"\" width=\"200\" height=\"106\" \/><br \/>\nDes del Grup de Treball de Biblioteques escolars de Santa Coloma de Gramenet (PFZ 2021-2022) han elaborat\u00a0<strong><a href=\"https:\/\/drive.google.com\/file\/d\/1o9hKVnxYMK2tSSboCNYQZqKPouwQnH_T\/view?usp=sharing\">una guia de recomanacions de lectures per aquest Nadal 2021<\/a>.\u00a0<\/strong>A la guia hi ha recomanacions bibliogr\u00e0fiques de diverses modalitats liter\u00e0ries i per a l\u2019alumnat dels quatre cicles d\u2019Educaci\u00f3 Infantil i Prim\u00e0ria.<\/p>\n<hr \/>\n<\/div>\n<header class=\"entry-header\">\n<h3 class=\"entry-title\"><a href=\"https:\/\/serveiseducatius.xtec.cat\/santacolomag\/portada\/presentacio-apadrinem-lantiga-masia-de-can-peixauet\/\">Presentaci\u00f3: Apadrinem l\u2019antiga masia de Can Peixauet<\/a><\/h3>\n<\/header>\n<div class=\"entry-content\">\n<p><img loading=\"lazy\" decoding=\"async\" class=\"wp-image-16296 alignleft\" src=\"https:\/\/serveiseducatius.xtec.cat\/santacolomag\/wp-content\/uploads\/usu1183\/2021\/05\/245_Can_Peixauet_Santa_Coloma_de_Gramenet-SE-CRP-Ciutat-de-Sta.-Coloma-Gramenet-300x215.jpg\" alt=\"\" width=\"243\" height=\"174\" \/><\/p>\n<p>En el marc de la formaci\u00f3 \u201cCon\u00e8ixer Santa Coloma\u201d, l\u2019institut Can Peixauet presenta el seu projecte\u00a0<em>Apadrinem l\u2019antiga masia de Can Peixauet.<\/em><br \/>\nDijous 13\/01\/2022<br \/>\nDe 17.30 a 19h<br \/>\n<span style=\"font-family: inherit; font-size: 1em;\">Lloc:\u00a0<\/span><a style=\"font-family: inherit; font-size: 1em;\" href=\"https:\/\/www.facebook.com\/CanPeixauet\" target=\"_blank\" rel=\"noopener\" data-saferedirecturl=\"https:\/\/www.google.com\/url?q=https:\/\/www.facebook.com\/CanPeixauet&amp;source=gmail&amp;ust=1639466863324000&amp;usg=AOvVaw0YOS2oGQa0IidIXVkEN90o\">Biblioteca de Can Peixauet <\/a><span style=\"font-family: inherit; font-size: 1em;\">(sempre que les condicions sanit\u00e0ries ho permetin)<\/span><\/p>\n<p><a href=\"https:\/\/forms.gle\/3JTtTWGoHLyGsWsWA\">Formulari d\u2019inscripci\u00f3<\/a><\/p>\n<\/div>\n<\/header>\n<\/div>\n<hr \/>\n<h3 class=\"entry-title\"><a href=\"https:\/\/serveiseducatius.xtec.cat\/santacolomag\/portada\/dia-de-la-ciencia-a-les-escoles-2021-videos-conferencies\/\">Dia de la Ci\u00e8ncia a les Escoles 2021. V\u00eddeos confer\u00e8ncies<\/a><\/h3>\n<\/header>\n<div class=\"entry-content\">\n<p><img loading=\"lazy\" decoding=\"async\" class=\"alignleft size-full wp-image-16821\" src=\"https:\/\/serveiseducatius.xtec.cat\/santacolomag\/wp-content\/uploads\/usu1183\/2021\/10\/logo-sc-left.png\" alt=\"\" width=\"181\" height=\"93\" \/><span style=\"font-family: inherit; font-size: 1em;\"><br \/>\nEl 17 de novembre de 2021 se celebr\u00e0 el Dia de la Ci\u00e8ncia a les Escoles 2021. Dins la not\u00edcia, trobareu l&#8217;enlla\u00e7 \u00a0als v\u00eddeos de les confer\u00e8ncies.<br \/>\n<a href=\"https:\/\/setmanaciencia.fundaciorecerca.cat\/frontend\/diacienciaescoles.asp\">A la p\u00e0gina web de l\u2019activitat trobareu els reptes que els i les cient\u00edfiques van proposar a l\u2019alumnat.<\/a><br \/>\nEs tracta de documents cient\u00edfics de plena actualitat que podeu usar per a les vostres classes.<\/span><\/p>\n<section class=\"container separator\">\n<div class=\"col-lg-8 col-md-8 col-sm-8 separator\">\n<hr \/>\n<\/div>\n<\/section>\n<\/div>\n<header class=\"entry-header\">\n<h3 class=\"entry-title\"><a href=\"https:\/\/serveiseducatius.xtec.cat\/santacolomag\/general\/100tifiques-2022\/\">Confer\u00e8ncies #100t\u00edfiques 2022<\/a><\/h3>\n<\/header>\n<div class=\"entry-content\">\n<p><img loading=\"lazy\" decoding=\"async\" class=\"alignleft wp-image-17275\" src=\"https:\/\/serveiseducatius.xtec.cat\/santacolomag\/wp-content\/uploads\/usu1183\/2021\/12\/logo-fcri-1.png\" alt=\"\" width=\"88\" height=\"114\" \/><br \/>\nL\u2019activitat se celebrar\u00e0 l\u201911 de febrer, en coincid\u00e8ncia amb el Dia Internacional de les Dones i les Nenes en la Ci\u00e8ncia, t\u00e9 per objectiu impulsar les vocacions STEAM, especialment entre les nenes.<a href=\"https:\/\/drive.google.com\/file\/d\/1GI9i2AJ_c9jJfZLylh40VjvKKPbkFByk\/view\"> La confer\u00e8ncia pot demanar-se en format presencial o virtual.<\/a> <a href=\"https:\/\/100tifiques.cat\/cientifiques\/\"><span style=\"font-family: inherit; font-size: 1em; background-color: #ffffff; color: #222222;\">Consisteix a inscriure-us una xerrada, presencial o virtual, impartida per una #100t\u00edfica o dona innovadora en el camp de les STEAM. <\/span><\/a><strong style=\"font-family: inherit; font-size: 1em; background-color: #ffffff; color: #222222;\"><a href=\"https:\/\/100tifiques.cat\/cientifiques\/\">100t\u00edfiques.<\/a><\/strong><\/p>\n<\/div>\n<hr \/>\n<\/header>\n<div class=\"entry-content\">\n<header class=\"entry-header\">\n<header class=\"entry-header\">\n<h3 class=\"entry-title\"><a href=\"https:\/\/serveiseducatius.xtec.cat\/santacolomag\/portada\/recursos-educatius-per-entendre-el-canvi-climatic\/\">Recursos educatius per entendre el canvi clim\u00e0tic<\/a><\/h3>\n<\/header>\n<div class=\"entry-content\">\n<p><img loading=\"lazy\" decoding=\"async\" class=\"alignleft size-medium wp-image-17219\" src=\"https:\/\/serveiseducatius.xtec.cat\/santacolomag\/wp-content\/uploads\/usu1183\/2021\/12\/unnamed-300x188.jpg\" alt=\"\" width=\"300\" height=\"188\" \/><br \/>\nAqu\u00ed teniu\u00a0 un resum, publicat al blog d\u2019Escoles Verdes de Barcelona Comarques, sobre\u00a0<a href=\"https:\/\/escoles.fundesplai.org\/?mailpoet_router&amp;endpoint=track&amp;action=click&amp;data=WzcxNjcsInczcmQ4dHo5aDJzOGc4a2dnOGM0c2NvY3NrdzBna3c4IiwiMjEyIiwiOTcyNmYyMzJlMzY5IixmYWxzZV0\" target=\"_blank\" rel=\"noopener\" data-saferedirecturl=\"https:\/\/www.google.com\/url?q=https:\/\/escoles.fundesplai.org?mailpoet_router%26endpoint%3Dtrack%26action%3Dclick%26data%3DWzcxNjcsInczcmQ4dHo5aDJzOGc4a2dnOGM0c2NvY3NrdzBna3c4IiwiMjEyIiwiOTcyNmYyMzJlMzY5IixmYWxzZV0&amp;source=gmail&amp;ust=1639126499090000&amp;usg=AOvVaw2HoUb89aGZ0wOtbvHvVYE1\"><strong>qu\u00e8 s\u00f3n les Confer\u00e8ncies Internacionals del Clima<\/strong><\/a>\u00a0i les expectatives i els resultats de la COP-26 que va tenir lloc el passat mes de novembre a Glasgow.<\/p>\n<p><strong><a href=\"https:\/\/escoles.fundesplai.org\/?mailpoet_router&amp;endpoint=track&amp;action=click&amp;data=WzcxNjcsInczcmQ4dHo5aDJzOGc4a2dnOGM0c2NvY3NrdzBna3c4IiwiMjEyIiwiNmIwZWNjMzg4MTIwIixmYWxzZV0\" target=\"_blank\" rel=\"noopener\" data-saferedirecturl=\"https:\/\/www.google.com\/url?q=https:\/\/escoles.fundesplai.org?mailpoet_router%26endpoint%3Dtrack%26action%3Dclick%26data%3DWzcxNjcsInczcmQ4dHo5aDJzOGc4a2dnOGM0c2NvY3NrdzBna3c4IiwiMjEyIiwiNmIwZWNjMzg4MTIwIixmYWxzZV0&amp;source=gmail&amp;ust=1639126499090000&amp;usg=AOvVaw0KrdVt43kkR7s6SOKNKVH-\">Tamb\u00e9 hi trobareu una selecci\u00f3 de recursos per entendre el canvi clim\u00e0tic i una infografia per passar a l\u2019acci\u00f3<\/a><\/strong><\/p>\n<\/div>\n<\/header>\n<div class=\"entry-content\">\n<p>&nbsp;<\/p>\n<p dir=\"ltr\">\n<\/div>\n<\/div>\n","protected":false},"excerpt":{"rendered":"<p>\u00a0Activitats de formaci\u00f3 del PFZ 2021-2022 (gener-juny) Ja s\u2019ha obert el per\u00edode d\u2019inscripci\u00f3\u00a0a les activitats del Pla de Formaci\u00f3 de [&hellip;]<\/p>\n","protected":false},"author":7,"featured_media":0,"parent":0,"menu_order":0,"comment_status":"closed","ping_status":"closed","template":"","meta":{"_bbp_topic_count":0,"_bbp_reply_count":0,"_bbp_total_topic_count":0,"_bbp_total_reply_count":0,"_bbp_voice_count":0,"_bbp_anonymous_reply_count":0,"_bbp_topic_count_hidden":0,"_bbp_reply_count_hidden":0,"_bbp_forum_subforum_count":0,"site-sidebar-layout":"default","site-content-layout":"","ast-site-content-layout":"","site-content-style":"default","site-sidebar-style":"default","ast-global-header-display":"","ast-banner-title-visibility":"","ast-main-header-display":"","ast-hfb-above-header-display":"","ast-hfb-below-header-display":"","ast-hfb-mobile-header-display":"","site-post-title":"","ast-breadcrumbs-content":"","ast-featured-img":"","footer-sml-layout":"","theme-transparent-header-meta":"","adv-header-id-meta":"","stick-header-meta":"","header-above-stick-meta":"","header-main-stick-meta":"","header-below-stick-meta":"","astra-migrate-meta-layouts":"default","ast-page-background-enabled":"default","ast-page-background-meta":{"desktop":{"background-color":"var(--ast-global-color-4)","background-image":"","background-repeat":"repeat","background-position":"center center","background-size":"auto","background-attachment":"scroll","background-type":"","background-media":"","overlay-type":"","overlay-color":"","overlay-opacity":"","overlay-gradient":""},"tablet":{"background-color":"","background-image":"","background-repeat":"repeat","background-position":"center center","background-size":"auto","background-attachment":"scroll","background-type":"","background-media":"","overlay-type":"","overlay-color":"","overlay-opacity":"","overlay-gradient":""},"mobile":{"background-color":"","background-image":"","background-repeat":"repeat","background-position":"center center","background-size":"auto","background-attachment":"scroll","background-type":"","background-media":"","overlay-type":"","overlay-color":"","overlay-opacity":"","overlay-gradient":""}},"ast-content-background-meta":{"desktop":{"background-color":"var(--ast-global-color-5)","background-image":"","background-repeat":"repeat","background-position":"center center","background-size":"auto","background-attachment":"scroll","background-type":"","background-media":"","overlay-type":"","overlay-color":"","overlay-opacity":"","overlay-gradient":""},"tablet":{"background-color":"var(--ast-global-color-5)","background-image":"","background-repeat":"repeat","background-position":"center center","background-size":"auto","background-attachment":"scroll","background-type":"","background-media":"","overlay-type":"","overlay-color":"","overlay-opacity":"","overlay-gradient":""},"mobile":{"background-color":"var(--ast-global-color-5)","background-image":"","background-repeat":"repeat","background-position":"center center","background-size":"auto","background-attachment":"scroll","background-type":"","background-media":"","overlay-type":"","overlay-color":"","overlay-opacity":"","overlay-gradient":""}},"footnotes":""},"class_list":["post-17207","page","type-page","status-publish","hentry"],"post_mailing_queue_ids":[],"_links":{"self":[{"href":"https:\/\/serveiseducatius.xtec.cat\/santacolomag\/wp-json\/wp\/v2\/pages\/17207","targetHints":{"allow":["GET"]}}],"collection":[{"href":"https:\/\/serveiseducatius.xtec.cat\/santacolomag\/wp-json\/wp\/v2\/pages"}],"about":[{"href":"https:\/\/serveiseducatius.xtec.cat\/santacolomag\/wp-json\/wp\/v2\/types\/page"}],"author":[{"embeddable":true,"href":"https:\/\/serveiseducatius.xtec.cat\/santacolomag\/wp-json\/wp\/v2\/users\/7"}],"replies":[{"embeddable":true,"href":"https:\/\/serveiseducatius.xtec.cat\/santacolomag\/wp-json\/wp\/v2\/comments?post=17207"}],"version-history":[{"count":3,"href":"https:\/\/serveiseducatius.xtec.cat\/santacolomag\/wp-json\/wp\/v2\/pages\/17207\/revisions"}],"predecessor-version":[{"id":17281,"href":"https:\/\/serveiseducatius.xtec.cat\/santacolomag\/wp-json\/wp\/v2\/pages\/17207\/revisions\/17281"}],"wp:attachment":[{"href":"https:\/\/serveiseducatius.xtec.cat\/santacolomag\/wp-json\/wp\/v2\/media?parent=17207"}],"curies":[{"name":"wp","href":"https:\/\/api.w.org\/{rel}","templated":true}]}}