{"id":15227,"date":"2021-01-20T09:27:57","date_gmt":"2021-01-20T08:27:57","guid":{"rendered":"http:\/\/serveiseducatius.xtec.cat\/santacolomag\/?page_id=15227"},"modified":"2021-07-15T09:07:17","modified_gmt":"2021-07-15T07:07:17","slug":"inscripcions","status":"publish","type":"page","link":"https:\/\/serveiseducatius.xtec.cat\/santacolomag\/cicle-de-conferencies-la-meva-area-necessita-de-les-altres\/inscripcions\/","title":{"rendered":"Inscripcions"},"content":{"rendered":"<p>Qui vulgui assistir a les tres confer\u00e8ncies pot fer la\u00a0<strong><a href=\"https:\/\/aplicacions.gestioeducativa.gencat.cat\/pls\/soloas\/pk_for_mod_ins.p_for_detall_activitat?p_header=Llista%20d%27activitats%5Epk_for_mod_ins.p_for_cons_activitats?p_crp=207%26p_any=2020-2021%26p_totes=s%26p_inici=71%26p_excloure_crp_rec=F&amp;p_codi=2070821207&amp;p_curs=2020-2021&amp;p_excloure_crp_rec=F\" target=\"_blank\" rel=\"noopener noreferrer\" data-saferedirecturl=\"https:\/\/www.google.com\/url?q=https:\/\/aplicacions.gestioeducativa.gencat.cat\/pls\/soloas\/pk_for_mod_ins.p_for_detall_activitat?p_header%3DLlista%2520d%2527activitats%255Epk_for_mod_ins.p_for_cons_activitats?p_crp%3D207%2526p_any%3D2020-2021%2526p_totes%3Ds%2526p_inici%3D71%2526p_excloure_crp_rec%3DF%26p_codi%3D2070821207%26p_curs%3D2020-2021%26p_excloure_crp_rec%3DF&amp;source=gmail&amp;ust=1611041097735000&amp;usg=AFQjCNHOgmmUJpFYqqFnlxdSqBngwyIk3g\">inscripci\u00f3 a tot el cicle de confer\u00e8ncies<\/a><\/strong>. Es reconeix amb una certificaci\u00f3 de 6 hores. Termini: 02\/02\/2021<\/p>\n<p>Si nom\u00e9s voleu assistir a una o dues de les confer\u00e8ncies del cicle heu de fer la inscripci\u00f3 a trav\u00e9s dels seg\u00fcents formularis:<\/p>\n<ul>\n<li><strong>INSCRIPCI\u00d3<\/strong> a \u201cL\u2019educaci\u00f3 online: llums, ombres i algun mite trencat\u201d, a c\u00e0rrec d\u2019Albert Sangr\u00e0. 02\/02\/2021<\/li>\n<li><strong>INSCRIPCI\u00d3 <\/strong>a &#8220;L\u2019aprenentatge cient\u00edfic i el ling\u00fc\u00edstic: vasos comunicants&#8221;, a c\u00e0rrec de Digna Couso i Carme Dur\u00e1n. 11\/03\/2021<\/li>\n<li><strong>INSCRIPCI\u00d3<\/strong> a &#8220;De l\u2019art al m\u00f3n i del m\u00f3n a l\u2019art&#8221;, a c\u00e0rrec de Dimas F\u00e0bregas. 07\/04\/2021<\/li>\n<\/ul>\n","protected":false},"excerpt":{"rendered":"<p>Qui vulgui assistir a les tres confer\u00e8ncies pot fer la\u00a0inscripci\u00f3 a tot el cicle de confer\u00e8ncies. Es reconeix amb una [&hellip;]<\/p>\n","protected":false},"author":4,"featured_media":0,"parent":15219,"menu_order":0,"comment_status":"closed","ping_status":"closed","template":"page-templates\/side-menu.php","meta":{"_bbp_topic_count":0,"_bbp_reply_count":0,"_bbp_total_topic_count":0,"_bbp_total_reply_count":0,"_bbp_voice_count":0,"_bbp_anonymous_reply_count":0,"_bbp_topic_count_hidden":0,"_bbp_reply_count_hidden":0,"_bbp_forum_subforum_count":0,"site-sidebar-layout":"default","site-content-layout":"","ast-site-content-layout":"","site-content-style":"default","site-sidebar-style":"default","ast-global-header-display":"","ast-banner-title-visibility":"","ast-main-header-display":"","ast-hfb-above-header-display":"","ast-hfb-below-header-display":"","ast-hfb-mobile-header-display":"","site-post-title":"","ast-breadcrumbs-content":"","ast-featured-img":"","footer-sml-layout":"","theme-transparent-header-meta":"","adv-header-id-meta":"","stick-header-meta":"","header-above-stick-meta":"","header-main-stick-meta":"","header-below-stick-meta":"","astra-migrate-meta-layouts":"default","ast-page-background-enabled":"default","ast-page-background-meta":{"desktop":{"background-color":"var(--ast-global-color-4)","background-image":"","background-repeat":"repeat","background-position":"center center","background-size":"auto","background-attachment":"scroll","background-type":"","background-media":"","overlay-type":"","overlay-color":"","overlay-opacity":"","overlay-gradient":""},"tablet":{"background-color":"","background-image":"","background-repeat":"repeat","background-position":"center center","background-size":"auto","background-attachment":"scroll","background-type":"","background-media":"","overlay-type":"","overlay-color":"","overlay-opacity":"","overlay-gradient":""},"mobile":{"background-color":"","background-image":"","background-repeat":"repeat","background-position":"center center","background-size":"auto","background-attachment":"scroll","background-type":"","background-media":"","overlay-type":"","overlay-color":"","overlay-opacity":"","overlay-gradient":""}},"ast-content-background-meta":{"desktop":{"background-color":"var(--ast-global-color-5)","background-image":"","background-repeat":"repeat","background-position":"center center","background-size":"auto","background-attachment":"scroll","background-type":"","background-media":"","overlay-type":"","overlay-color":"","overlay-opacity":"","overlay-gradient":""},"tablet":{"background-color":"var(--ast-global-color-5)","background-image":"","background-repeat":"repeat","background-position":"center center","background-size":"auto","background-attachment":"scroll","background-type":"","background-media":"","overlay-type":"","overlay-color":"","overlay-opacity":"","overlay-gradient":""},"mobile":{"background-color":"var(--ast-global-color-5)","background-image":"","background-repeat":"repeat","background-position":"center center","background-size":"auto","background-attachment":"scroll","background-type":"","background-media":"","overlay-type":"","overlay-color":"","overlay-opacity":"","overlay-gradient":""}},"footnotes":""},"class_list":["post-15227","page","type-page","status-publish","hentry"],"post_mailing_queue_ids":[],"_links":{"self":[{"href":"https:\/\/serveiseducatius.xtec.cat\/santacolomag\/wp-json\/wp\/v2\/pages\/15227","targetHints":{"allow":["GET"]}}],"collection":[{"href":"https:\/\/serveiseducatius.xtec.cat\/santacolomag\/wp-json\/wp\/v2\/pages"}],"about":[{"href":"https:\/\/serveiseducatius.xtec.cat\/santacolomag\/wp-json\/wp\/v2\/types\/page"}],"author":[{"embeddable":true,"href":"https:\/\/serveiseducatius.xtec.cat\/santacolomag\/wp-json\/wp\/v2\/users\/4"}],"replies":[{"embeddable":true,"href":"https:\/\/serveiseducatius.xtec.cat\/santacolomag\/wp-json\/wp\/v2\/comments?post=15227"}],"version-history":[{"count":4,"href":"https:\/\/serveiseducatius.xtec.cat\/santacolomag\/wp-json\/wp\/v2\/pages\/15227\/revisions"}],"predecessor-version":[{"id":16548,"href":"https:\/\/serveiseducatius.xtec.cat\/santacolomag\/wp-json\/wp\/v2\/pages\/15227\/revisions\/16548"}],"up":[{"embeddable":true,"href":"https:\/\/serveiseducatius.xtec.cat\/santacolomag\/wp-json\/wp\/v2\/pages\/15219"}],"wp:attachment":[{"href":"https:\/\/serveiseducatius.xtec.cat\/santacolomag\/wp-json\/wp\/v2\/media?parent=15227"}],"curies":[{"name":"wp","href":"https:\/\/api.w.org\/{rel}","templated":true}]}}

<p>Qui vulgui assistir a les tres conferències pot fer la <strong><a href="https://aplicacions.gestioeducativa.gencat.cat/pls/soloas/pk_for_mod_ins.p_for_detall_activitat?p_header=Llista%20d%27activitats%5Epk_for_mod_ins.p_for_cons_activitats?p_crp=207%26p_any=2020-2021%26p_totes=s%26p_inici=71%26p_excloure_crp_rec=F&amp;p_codi=2070821207&amp;p_curs=2020-2021&amp;p_excloure_crp_rec=F" target="_blank" rel="noopener noreferrer" data-saferedirecturl="https://www.google.com/url?q=https://aplicacions.gestioeducativa.gencat.cat/pls/soloas/pk_for_mod_ins.p_for_detall_activitat?p_header%3DLlista%2520d%2527activitats%255Epk_for_mod_ins.p_for_cons_activitats?p_crp%3D207%2526p_any%3D2020-2021%2526p_totes%3Ds%2526p_inici%3D71%2526p_excloure_crp_rec%3DF%26p_codi%3D2070821207%26p_curs%3D2020-2021%26p_excloure_crp_rec%3DF&amp;source=gmail&amp;ust=1611041097735000&amp;usg=AFQjCNHOgmmUJpFYqqFnlxdSqBngwyIk3g">inscripció a tot el cicle de conferències</a></strong>. Es reconeix amb una certificació de 6 hores. Termini: 02/02/2021</p>
<p>Si només voleu assistir a una o dues de les conferències del cicle heu de fer la inscripció a través dels següents formularis:</p>
<ul>
<li><strong>INSCRIPCIÓ</strong> a “L’educació online: llums, ombres i algun mite trencat”, a càrrec d’Albert Sangrà. 02/02/2021</li>
<li><strong>INSCRIPCIÓ </strong>a &#8220;L’aprenentatge científic i el lingüístic: vasos comunicants&#8221;, a càrrec de Digna Couso i Carme Durán. 11/03/2021</li>
<li><strong>INSCRIPCIÓ</strong> a &#8220;De l’art al món i del món a l’art&#8221;, a càrrec de Dimas Fàbregas. 07/04/2021</li>
</ul>

<p>Qui vulgui assistir a les tres conferències pot fer la inscripció a tot el cicle de conferències. Es reconeix amb una [&hellip;]</p>
