{"id":13114,"date":"2020-02-21T10:24:24","date_gmt":"2020-02-21T09:24:24","guid":{"rendered":"http:\/\/serveiseducatius.xtec.cat\/santacolomag\/?page_id=13114"},"modified":"2020-07-12T19:42:39","modified_gmt":"2020-07-12T17:42:39","slug":"xx-presentacio-de-treballs-de-recerca-2019-2020","status":"publish","type":"page","link":"https:\/\/serveiseducatius.xtec.cat\/santacolomag\/xx-presentacio-de-treballs-de-recerca-2019-2020\/","title":{"rendered":"XX Presentaci\u00f3 de treballs de recerca 2019-2020"},"content":{"rendered":"<p><span style=\"color: #000000;\"><a href=\"https:\/\/drive.google.com\/file\/d\/1YOds7JUCybd0hxlm5hFUI7U5CLHs8vOi\/view?usp=sharing\"><img loading=\"lazy\" decoding=\"async\" class=\"alignleft wp-image-14239\" src=\"https:\/\/serveiseducatius.xtec.cat\/santacolomag\/wp-content\/uploads\/usu1183\/2020\/05\/descarga.png\" alt=\"\" width=\"179\" height=\"242\" \/><\/a><\/span><\/p>\n<p>&nbsp;<\/p>\n<p><span style=\"color: #000000;\">El 13 de mar\u00e7 de 2020 no va poder tenir lloc la Presentaci\u00f3 anual de treballs de recerca de Santa Coloma de Gramenet\u00a0 com a conseq\u00fc\u00e8ncia de la situaci\u00f3 de pand\u00e8mia i confinament.<\/span><\/p>\n<p><span style=\"color: #000000;\"><span style=\"font-family: inherit; font-size: 1em;\">Amb tot, <strong>publiquem els articles dels treballs seleccionats per a la presentaci\u00f3 anual<\/strong>, amb el desig que inspirin i orientin futures recerques i estudis.<\/span><\/span><\/p>\n<p><span style=\"color: #000000;\"><span style=\"font-family: inherit; font-size: 1em;\">Donem l<\/span><span style=\"font-family: inherit; font-size: 1em;\">es gr\u00e0cies <\/span><span style=\"font-family: inherit; font-size: 1em;\">a l&#8217;alumnat que ha presentat el seu article, al professorat que ha tutoritzat els treballs i als insituts que s&#8217;han coordinat per poder-los publicar.<\/span><\/span><\/p>\n<p><span style=\"font-size: 14pt;\"><strong><a href=\"https:\/\/drive.google.com\/file\/d\/1YOds7JUCybd0hxlm5hFUI7U5CLHs8vOi\/view?usp=sharing\">Publicaci\u00f3 digital<\/a><\/strong><\/span><\/p>\n<table style=\"height: 678px; width: 831px;\">\n<tbody>\n<tr style=\"height: 32px;\">\n<td style=\"height: 32px; width: 241px;\"><span style=\"font-size: 12pt; color: #993300;\"><b>\u00a0<\/b><b>Centre<\/b><b><br \/>\n<\/b><\/span><\/td>\n<td style=\"height: 32px; width: 582px;\"><span style=\"font-size: 12pt; color: #993300;\"><b>Treballs de recerca<\/b><\/span><\/td>\n<\/tr>\n<tr style=\"height: 78px;\">\n<td style=\"height: 78px; width: 241px;\"><span style=\"font-size: 12pt; color: #993300;\"><strong>INS Can Peixauet<\/strong><\/span><\/td>\n<td style=\"height: 78px; width: 582px;\">\n<ul>\n<li><span style=\"font-size: 12pt;\"><a href=\"https:\/\/drive.google.com\/file\/d\/1NHyphFP7uoJe5YDjSroLNZqntsP2ty2Y\/view?usp=sharing\"><strong>Stop Motion. Passat i Futur<\/strong><\/a><\/span><\/li>\n<li><span style=\"font-size: 12pt;\"><a href=\"https:\/\/drive.google.com\/file\/d\/1GjZ8gaanWTlIM4QYu1Z4mYH_HPGvNvUz\/view?usp=sharing\"><strong>L&#8217;anor\u00e8xia i la bul\u00edmia <\/strong><\/a><\/span><\/li>\n<\/ul>\n<\/td>\n<\/tr>\n<tr style=\"height: 78px;\">\n<td style=\"height: 78px; width: 241px;\"><span style=\"font-size: 12pt; color: #993300;\"><strong>INS La Bastida<\/strong><\/span><\/td>\n<td style=\"height: 78px; width: 582px;\">\n<ul>\n<li><span style=\"font-size: 12pt;\"><a href=\"https:\/\/drive.google.com\/file\/d\/1Fr2n1onf1iDHLmVCga0BPBBaCmDqY7Aw\/view?usp=sharing\"><strong>L\u2019evoluci\u00f3 del vampir a la literatura<\/strong><\/a><\/span><\/li>\n<li><span style=\"font-size: 12pt;\"><a href=\"https:\/\/drive.google.com\/file\/d\/17Dly576xm5Q-OP5Obg6i2OOo1BJTaXrU\/view?usp=sharing\"><strong>La nutrici\u00f3 del futur<\/strong><\/a><\/span><\/li>\n<\/ul>\n<\/td>\n<\/tr>\n<tr style=\"height: 78px;\">\n<td style=\"height: 78px; width: 241px;\"><span style=\"font-size: 12pt; color: #993300;\"><strong>INS Les Vinyes<\/strong><\/span><\/td>\n<td style=\"height: 78px; width: 582px;\">\n<ul>\n<li><a href=\"https:\/\/drive.google.com\/file\/d\/1l2eHGmOzOt2GobplRfbm6spx7keRY5sc\/view?usp=sharing\"><span style=\"font-size: 12pt;\"><strong>Introducci\u00f3 als fractals<\/strong><\/span><\/a><\/li>\n<li><a href=\"https:\/\/drive.google.com\/file\/d\/1qEM0-CrRJr_eWGRfdt1riJniGrofy27X\/view?usp=sharing\"><span style=\"font-size: 12pt;\"><strong>Una vida diferent. El Batxillerat a l\u2019\u00cdndia<\/strong><\/span><\/a><\/li>\n<\/ul>\n<\/td>\n<\/tr>\n<tr style=\"height: 78px;\">\n<td style=\"height: 78px; width: 241px;\"><span style=\"font-size: 12pt; color: #993300;\"><strong>INS Num\u00e0ncia<\/strong><\/span><\/td>\n<td style=\"height: 78px; width: 582px;\">\n<ul>\n<li><a href=\"https:\/\/drive.google.com\/file\/d\/1xmY0D6Q67mMZeDrT47B0FnUN304tZo3c\/view?usp=sharing\"><span style=\"font-size: 12pt;\"><strong>La cara oculta de YouTube: La divulgaci\u00f3 cient\u00edfica<\/strong><\/span><\/a><\/li>\n<li><a href=\"https:\/\/drive.google.com\/file\/d\/1g1XuXvW2p8tTJKU7V2ciBaUN4nP3Iqp3\/view?usp=sharing\"><span style=\"font-size: 12pt;\"><strong>2016: El retorn del gran germ\u00e0<\/strong><\/span><\/a><\/li>\n<\/ul>\n<\/td>\n<\/tr>\n<tr style=\"height: 78px;\">\n<td style=\"height: 78px; width: 241px;\"><span style=\"font-size: 12pt; color: #993300;\"><strong>INS Puig Castellar<\/strong><\/span><\/td>\n<td style=\"height: 78px; width: 582px;\">\n<ul>\n<li><a href=\"https:\/\/drive.google.com\/file\/d\/15JQIBrB_msaGuiRPSfqwvxZeu4OcARzr\/view?usp=sharing\"><span style=\"font-size: 12pt;\"><strong>Implementaci\u00f3 i calibratge de pr\u00f2tesis rob\u00f2tiques i bi\u00f2niques de dit<\/strong><\/span><\/a><\/li>\n<li><a href=\"https:\/\/drive.google.com\/file\/d\/1LQ619Bf5qO2EYewUcZfK516wQLBbXdrs\/view?usp=sharing\"><span style=\"font-size: 12pt;\"><strong>La psicologia de la tercera edat. Aplicaci\u00f3 pr\u00e0ctica a Santa Coloma de Gramenet<\/strong><\/span><\/a><\/li>\n<\/ul>\n<\/td>\n<\/tr>\n<tr style=\"height: 78px;\">\n<td style=\"height: 78px; width: 241px;\"><span style=\"font-size: 12pt; color: #993300;\"><strong>INS Ramon Berenguer IV<\/strong><\/span><\/td>\n<td style=\"height: 78px; width: 582px;\">\n<ul>\n<li><a href=\"https:\/\/drive.google.com\/file\/d\/1UNsGsQedIG_c6XFEG64Ohl4aWBq5PMAU\/view?usp=sharing\"><span style=\"font-size: 12pt;\"><strong>Controv\u00e8rsies entre la qualitat dels productes cosm\u00e8tics<\/strong><\/span><\/a><\/li>\n<li><a href=\"https:\/\/drive.google.com\/file\/d\/1Xhn7U4sdnNgaXdCDgyIH1yN8InZ2CoGC\/view?usp=sharing\"><span style=\"font-size: 12pt;\"><strong>La ind\u00fastria c\u00e0rnia<\/strong><\/span><\/a><\/li>\n<\/ul>\n<\/td>\n<\/tr>\n<tr style=\"height: 78px;\">\n<td style=\"height: 78px; width: 241px;\"><span style=\"font-size: 12pt; color: #993300;\"><strong>INS Terra Roja<\/strong><\/span><\/td>\n<td style=\"height: 78px; width: 582px;\">\n<ul>\n<li><a href=\"https:\/\/drive.google.com\/file\/d\/1SvSsRAjMw4GphcV0RnD3EAyWJgiI7lqq\/view?usp=sharing\"><span style=\"font-size: 12pt;\"><strong>Els mites que ens fan humans<\/strong><\/span><\/a><\/li>\n<li><a href=\"https:\/\/drive.google.com\/file\/d\/1V2TzKsyond4GWC5bsDcFvoeyWI6m8IzW\/view?usp=sharing\"><span style=\"font-size: 12pt;\"><strong>Fabricant prote\u00efnes amb bacteris<\/strong><\/span><\/a><\/li>\n<\/ul>\n<\/td>\n<\/tr>\n<tr style=\"height: 100px;\">\n<td style=\"height: 100px; width: 241px;\"><span style=\"font-size: 12pt; color: #993300;\"><strong>INS Torrent de les Bruixes<\/strong><\/span><\/td>\n<td style=\"height: 100px; width: 582px;\">\n<ul>\n<li><a href=\"https:\/\/drive.google.com\/file\/d\/1hj3Y_ZheKoGD3Zb-qkuI0Q3_A3LYNpYX\/view?usp=sharing\"><span style=\"font-size: 12pt;\"><strong>Horts urbans: tradicional o hidrop\u00f2nic?<\/strong><\/span><\/a><\/li>\n<li><a href=\"https:\/\/drive.google.com\/file\/d\/1jy0tZ1JZhToTocBC2T7_Kdgz58D54ChQ\/view?usp=sharing\"><span style=\"font-size: 12pt;\"><strong>El despertar d\u2019una ciutat dormitori, Santa Coloma de Gramenet durant els 70: reivindicaci\u00f3 i mobilitzaci\u00f3 popular<\/strong><\/span><\/a><\/li>\n<\/ul>\n<\/td>\n<\/tr>\n<\/tbody>\n<\/table>\n<p><span style=\"font-size: 18pt;\"><a href=\"https:\/\/serveiseducatius.xtec.cat\/santacolomag\/xix-presentacio-de-treballs-de-recerca-2018-201\/\"><strong>Acc\u00e9s a les edicions anteriors<\/strong><\/a><\/span><\/p>\n","protected":false},"excerpt":{"rendered":"<p>&nbsp; El 13 de mar\u00e7 de 2020 no va poder tenir lloc la Presentaci\u00f3 anual de treballs de recerca de [&hellip;]<\/p>\n","protected":false},"author":7,"featured_media":0,"parent":0,"menu_order":0,"comment_status":"closed","ping_status":"closed","template":"","meta":{"_bbp_topic_count":0,"_bbp_reply_count":0,"_bbp_total_topic_count":0,"_bbp_total_reply_count":0,"_bbp_voice_count":0,"_bbp_anonymous_reply_count":0,"_bbp_topic_count_hidden":0,"_bbp_reply_count_hidden":0,"_bbp_forum_subforum_count":0,"site-sidebar-layout":"default","site-content-layout":"","ast-site-content-layout":"","site-content-style":"default","site-sidebar-style":"default","ast-global-header-display":"","ast-banner-title-visibility":"","ast-main-header-display":"","ast-hfb-above-header-display":"","ast-hfb-below-header-display":"","ast-hfb-mobile-header-display":"","site-post-title":"","ast-breadcrumbs-content":"","ast-featured-img":"","footer-sml-layout":"","theme-transparent-header-meta":"","adv-header-id-meta":"","stick-header-meta":"","header-above-stick-meta":"","header-main-stick-meta":"","header-below-stick-meta":"","astra-migrate-meta-layouts":"default","ast-page-background-enabled":"default","ast-page-background-meta":{"desktop":{"background-color":"var(--ast-global-color-4)","background-image":"","background-repeat":"repeat","background-position":"center center","background-size":"auto","background-attachment":"scroll","background-type":"","background-media":"","overlay-type":"","overlay-color":"","overlay-opacity":"","overlay-gradient":""},"tablet":{"background-color":"","background-image":"","background-repeat":"repeat","background-position":"center center","background-size":"auto","background-attachment":"scroll","background-type":"","background-media":"","overlay-type":"","overlay-color":"","overlay-opacity":"","overlay-gradient":""},"mobile":{"background-color":"","background-image":"","background-repeat":"repeat","background-position":"center center","background-size":"auto","background-attachment":"scroll","background-type":"","background-media":"","overlay-type":"","overlay-color":"","overlay-opacity":"","overlay-gradient":""}},"ast-content-background-meta":{"desktop":{"background-color":"var(--ast-global-color-5)","background-image":"","background-repeat":"repeat","background-position":"center center","background-size":"auto","background-attachment":"scroll","background-type":"","background-media":"","overlay-type":"","overlay-color":"","overlay-opacity":"","overlay-gradient":""},"tablet":{"background-color":"var(--ast-global-color-5)","background-image":"","background-repeat":"repeat","background-position":"center center","background-size":"auto","background-attachment":"scroll","background-type":"","background-media":"","overlay-type":"","overlay-color":"","overlay-opacity":"","overlay-gradient":""},"mobile":{"background-color":"var(--ast-global-color-5)","background-image":"","background-repeat":"repeat","background-position":"center center","background-size":"auto","background-attachment":"scroll","background-type":"","background-media":"","overlay-type":"","overlay-color":"","overlay-opacity":"","overlay-gradient":""}},"footnotes":""},"class_list":["post-13114","page","type-page","status-publish","hentry"],"post_mailing_queue_ids":[],"_links":{"self":[{"href":"https:\/\/serveiseducatius.xtec.cat\/santacolomag\/wp-json\/wp\/v2\/pages\/13114","targetHints":{"allow":["GET"]}}],"collection":[{"href":"https:\/\/serveiseducatius.xtec.cat\/santacolomag\/wp-json\/wp\/v2\/pages"}],"about":[{"href":"https:\/\/serveiseducatius.xtec.cat\/santacolomag\/wp-json\/wp\/v2\/types\/page"}],"author":[{"embeddable":true,"href":"https:\/\/serveiseducatius.xtec.cat\/santacolomag\/wp-json\/wp\/v2\/users\/7"}],"replies":[{"embeddable":true,"href":"https:\/\/serveiseducatius.xtec.cat\/santacolomag\/wp-json\/wp\/v2\/comments?post=13114"}],"version-history":[{"count":3,"href":"https:\/\/serveiseducatius.xtec.cat\/santacolomag\/wp-json\/wp\/v2\/pages\/13114\/revisions"}],"predecessor-version":[{"id":14443,"href":"https:\/\/serveiseducatius.xtec.cat\/santacolomag\/wp-json\/wp\/v2\/pages\/13114\/revisions\/14443"}],"wp:attachment":[{"href":"https:\/\/serveiseducatius.xtec.cat\/santacolomag\/wp-json\/wp\/v2\/media?parent=13114"}],"curies":[{"name":"wp","href":"https:\/\/api.w.org\/{rel}","templated":true}]}}