{"id":13050,"date":"2020-03-03T10:19:24","date_gmt":"2020-03-03T09:19:24","guid":{"rendered":"http:\/\/serveiseducatius.xtec.cat\/santacolomag\/?page_id=13050"},"modified":"2020-06-19T11:42:13","modified_gmt":"2020-06-19T09:42:13","slug":"jornades-deducacio-infantil-0-6-curs-2019-2020","status":"publish","type":"page","link":"https:\/\/serveiseducatius.xtec.cat\/santacolomag\/jornades-deducacio-infantil-0-6-curs-2019-2020\/","title":{"rendered":"Jornades d\u2019Educaci\u00f3 Infantil 0-6. Curs 2019-2020"},"content":{"rendered":"<h2><b><span class=\"m_-3185780121421500654gmail-m_4938392877433875787m_1633080528701805097m_-7242384922150942180gmail-m_938103402724842766gmail-il\"><a href=\"https:\/\/serveiseducatius.xtec.cat\/santacolomag\/wp-content\/uploads\/usu1183\/2019\/01\/Calder_llars-e1547024304437.png\"><img loading=\"lazy\" decoding=\"async\" class=\"alignleft size-full wp-image-11329\" src=\"https:\/\/serveiseducatius.xtec.cat\/santacolomag\/wp-content\/uploads\/usu1183\/2019\/01\/Calder_llars-e1547024304437.png\" alt=\"\" width=\"250\" height=\"168\" \/><\/a><\/span><\/b><\/h2>\n<h1 class=\"entry-title\">XIV Jornades d\u2019Educaci\u00f3 Infantil 0-6 anys<\/h1>\n<h2><b><span class=\"m_-3185780121421500654gmail-m_4938392877433875787m_1633080528701805097m_-7242384922150942180gmail-m_938103402724842766gmail-il\">\u00a0<\/span><\/b><\/h2>\n<p>&nbsp;<\/p>\n<h4><b>Dimecres 26 de febrer de 2020<\/b><\/h4>\n<h4>Confer\u00e8ncia\u00a0<b>\u201c<\/b><b>Cr\u00e9ixer amb valentia de 0 a 6 anys<\/b><b>\u201d\u00a0<\/b><\/h4>\n<pre><span style=\"font-family: helvetica, arial, sans-serif;\">a c\u00e0rrec de <span style=\"font-size: 12pt;\"><a href=\"https:\/\/www.lagranja.cat\/ca\/qui-som\/cristina-gurierrez-la-directora\" target=\"_blank\" rel=\"noopener noreferrer\">Cristina Guti\u00e9rrez Lest\u00f3n<\/a>. Educadora emocional, escriptora i directora de La Granja.<\/span><\/span><\/pre>\n<p><span style=\"font-size: 12pt;\"><span style=\"font-weight: 400;\"><br \/>\nL\u2019autonomia, apoderar als infants i entrenar-los en la valentia \u00e9s vital per a una sana autoestima, base de l\u2019\u00e8xit i la felicitat. Per\u00f2 com entrenar als infants de 0 a 6 anys amb la actual sobreprotecci\u00f3 de les fam\u00edlies? Trucs, idees i recursos per aconseguir-ho des de l\u2019aula.<\/span><i><span style=\"font-weight: 400;\"><br \/>\n<\/span><\/i><\/span><\/p>\n<ul>\n<li><a href=\"https:\/\/drive.google.com\/file\/d\/1TK7Y1fz19hD4Ld1M3i0XJWEPYtQxs1pK\/view\" target=\"_blank\" rel=\"noopener noreferrer\">Selecci\u00f3 recursos presentats a la confer\u00e8ncia<\/a><\/li>\n<li><a href=\"https:\/\/barcelona.lagranja.top\/ca\/recursos-idees\/\" target=\"_blank\" rel=\"noopener noreferrer\">Recursos al web de La Granja<\/a><\/li>\n<\/ul>\n<div class=\"gmail_quote\">\n<div class=\"gmail_quote\">\n<div class=\"gmail_quote\">\n<div class=\"gmail_quote\">\n<div class=\"gmail_quote\">\n<div class=\"gmail_quote\">\n<div class=\"gmail_quote\">\n<div class=\"gmail_extra\">\n<hr \/>\n<\/div>\n<\/div>\n<\/div>\n<\/div>\n<\/div>\n<\/div>\n<\/div>\n<\/div>\n<h4><b>Dimecres 11 de mar\u00e7 de 2020 [sessi\u00f3 anul\u00b7lada]<\/b><\/h4>\n<h4>Presentaci\u00f3 d\u2019experi\u00e8ncies<\/h4>\n<ul>\n<li><em>Espais de creativitat a l\u2019escola bressol<\/em>. EBM L\u2019\u00c0nec<\/li>\n<li><em>Mans que aprenen. <\/em>ESC Riera Alta<\/li>\n<li><em>Transformaci\u00f3 d&#8217;elements quotidians en art. <\/em>ESC Tanit<\/li>\n<li><em>Espais d\u2019aprenentatge, espais de creativitat<\/em>. EBM Marinada. Cabrera de Mar<\/li>\n<\/ul>\n<hr \/>\n<p>Horari:<b>\u00a0de 18 a 20h\u00a0<\/b><\/p>\n<div class=\"gmail_quote\">\n<div class=\"gmail_quote\">\n<div class=\"gmail_quote\">\n<div class=\"gmail_quote\">\n<div class=\"gmail_quote\">\n<div class=\"gmail_extra\">\n<p class=\"gmail_quote\">Lloc:<b>\u00a0Biblioteca Singuerl\u00edn \u2013 Salvador Cabr\u00e9<\/b><\/p>\n<\/div>\n<div><a href=\"https:\/\/aplicacions.gestioeducativa.gencat.cat\/pls\/soloas\/pk_for_mod_ins.p_for_detall_activitat?p_header=Llista%20d%27activitats%5Epk_for_mod_ins.p_for_cons_activitats?p_crp=207%26p_any=2019-2020%26p_totes=s%26p_inici=21%26p_excloure_crp_rec=F&amp;p_codi=2070421207&amp;p_curs=2019-2020&amp;p_excloure_crp_rec=F\" target=\"_blank\" rel=\"noopener noreferrer\"><b>Inscripci\u00f3<\/b><\/a>\u00a0 \u00a0 \u00a0 \u00a0 \u00a0 \u00a0 \u00a0 \u00a0 \u00a0<a href=\"https:\/\/drive.google.com\/file\/d\/1RZAcTbM1doGCwM1q05JVxCGw_gagKdzA\/view\" target=\"_blank\" rel=\"noopener noreferrer\"><strong>Programa<\/strong><\/a><\/div>\n<\/div>\n<\/div>\n<\/div>\n<\/div>\n<\/div>\n<div><\/div>\n<div>\n<hr \/>\n<\/div>\n<div><\/div>\n<div><a href=\"https:\/\/serveiseducatius.xtec.cat\/santacolomag\/jornades-deducacio-infantil-0-6-curs-2018-2019\/\" target=\"_blank\" rel=\"noopener noreferrer\">Jornades anteriors<\/a><\/div>\n","protected":false},"excerpt":{"rendered":"<p>XIV Jornades d\u2019Educaci\u00f3 Infantil 0-6 anys \u00a0 &nbsp; Dimecres 26 de febrer de 2020 Confer\u00e8ncia\u00a0\u201cCr\u00e9ixer amb valentia de 0 a [&hellip;]<\/p>\n","protected":false},"author":7,"featured_media":0,"parent":0,"menu_order":0,"comment_status":"closed","ping_status":"closed","template":"","meta":{"_bbp_topic_count":0,"_bbp_reply_count":0,"_bbp_total_topic_count":0,"_bbp_total_reply_count":0,"_bbp_voice_count":0,"_bbp_anonymous_reply_count":0,"_bbp_topic_count_hidden":0,"_bbp_reply_count_hidden":0,"_bbp_forum_subforum_count":0,"site-sidebar-layout":"default","site-content-layout":"","ast-site-content-layout":"","site-content-style":"default","site-sidebar-style":"default","ast-global-header-display":"","ast-banner-title-visibility":"","ast-main-header-display":"","ast-hfb-above-header-display":"","ast-hfb-below-header-display":"","ast-hfb-mobile-header-display":"","site-post-title":"","ast-breadcrumbs-content":"","ast-featured-img":"","footer-sml-layout":"","theme-transparent-header-meta":"","adv-header-id-meta":"","stick-header-meta":"","header-above-stick-meta":"","header-main-stick-meta":"","header-below-stick-meta":"","astra-migrate-meta-layouts":"default","ast-page-background-enabled":"default","ast-page-background-meta":{"desktop":{"background-color":"var(--ast-global-color-4)","background-image":"","background-repeat":"repeat","background-position":"center center","background-size":"auto","background-attachment":"scroll","background-type":"","background-media":"","overlay-type":"","overlay-color":"","overlay-opacity":"","overlay-gradient":""},"tablet":{"background-color":"","background-image":"","background-repeat":"repeat","background-position":"center center","background-size":"auto","background-attachment":"scroll","background-type":"","background-media":"","overlay-type":"","overlay-color":"","overlay-opacity":"","overlay-gradient":""},"mobile":{"background-color":"","background-image":"","background-repeat":"repeat","background-position":"center center","background-size":"auto","background-attachment":"scroll","background-type":"","background-media":"","overlay-type":"","overlay-color":"","overlay-opacity":"","overlay-gradient":""}},"ast-content-background-meta":{"desktop":{"background-color":"var(--ast-global-color-5)","background-image":"","background-repeat":"repeat","background-position":"center center","background-size":"auto","background-attachment":"scroll","background-type":"","background-media":"","overlay-type":"","overlay-color":"","overlay-opacity":"","overlay-gradient":""},"tablet":{"background-color":"var(--ast-global-color-5)","background-image":"","background-repeat":"repeat","background-position":"center center","background-size":"auto","background-attachment":"scroll","background-type":"","background-media":"","overlay-type":"","overlay-color":"","overlay-opacity":"","overlay-gradient":""},"mobile":{"background-color":"var(--ast-global-color-5)","background-image":"","background-repeat":"repeat","background-position":"center center","background-size":"auto","background-attachment":"scroll","background-type":"","background-media":"","overlay-type":"","overlay-color":"","overlay-opacity":"","overlay-gradient":""}},"footnotes":""},"class_list":["post-13050","page","type-page","status-publish","hentry"],"post_mailing_queue_ids":[],"_links":{"self":[{"href":"https:\/\/serveiseducatius.xtec.cat\/santacolomag\/wp-json\/wp\/v2\/pages\/13050","targetHints":{"allow":["GET"]}}],"collection":[{"href":"https:\/\/serveiseducatius.xtec.cat\/santacolomag\/wp-json\/wp\/v2\/pages"}],"about":[{"href":"https:\/\/serveiseducatius.xtec.cat\/santacolomag\/wp-json\/wp\/v2\/types\/page"}],"author":[{"embeddable":true,"href":"https:\/\/serveiseducatius.xtec.cat\/santacolomag\/wp-json\/wp\/v2\/users\/7"}],"replies":[{"embeddable":true,"href":"https:\/\/serveiseducatius.xtec.cat\/santacolomag\/wp-json\/wp\/v2\/comments?post=13050"}],"version-history":[{"count":3,"href":"https:\/\/serveiseducatius.xtec.cat\/santacolomag\/wp-json\/wp\/v2\/pages\/13050\/revisions"}],"predecessor-version":[{"id":14362,"href":"https:\/\/serveiseducatius.xtec.cat\/santacolomag\/wp-json\/wp\/v2\/pages\/13050\/revisions\/14362"}],"wp:attachment":[{"href":"https:\/\/serveiseducatius.xtec.cat\/santacolomag\/wp-json\/wp\/v2\/media?parent=13050"}],"curies":[{"name":"wp","href":"https:\/\/api.w.org\/{rel}","templated":true}]}}